{"id":55478,"date":"2026-03-19T02:53:55","date_gmt":"2026-03-19T02:53:55","guid":{"rendered":"https:\/\/soydeaqui.ddns.net\/pachuca\/index.php\/producto\/sensor-bluetooth-identificacion-y-control-de-activos-deteccion-de-movimiento-identificacion-de-caja-de-tractocamiones-compatible-con-localizadores-vehiculares-super-alcance\/"},"modified":"2026-03-19T02:53:56","modified_gmt":"2026-03-19T02:53:56","slug":"sensor-bluetooth-identificacion-y-control-de-activos-deteccion-de-movimiento-identificacion-de-caja-de-tractocamiones-compatible-con-localizadores-vehiculares-super-alcance","status":"publish","type":"product","link":"https:\/\/soydeaqui.ddns.net\/pachuca\/index.php\/producto\/sensor-bluetooth-identificacion-y-control-de-activos-deteccion-de-movimiento-identificacion-de-caja-de-tractocamiones-compatible-con-localizadores-vehiculares-super-alcance\/","title":{"rendered":"Sensor Bluetooth \/ Identificaci\u00f3n y control de activos \/ Detecci\u00f3n de Movimiento \/ Identificacion de caja de tractocamiones \/  Compatible con Localizadores Vehiculares \/ Super alcance"},"content":{"rendered":"<div style='width: 100%; max-width: 1200px; margin: 0 auto; font-family: sans-serif; line-height: 1.6; color: inherit; background-color: transparent;'>\n<div style='display: flex; flex-wrap: wrap; gap: 30px; margin-bottom: 30px;'>\n<div style='flex: 1 1 300px; min-width: 280px;'> <img style='width: 100%; height: auto; border: 1px solid rgba(150&comma;150&comma;150&comma;0.3); border-radius: 8px;' src='https:\/\/elainnovation.com\/wp-content\/uploads\/2021\/01\/Blue-PUCK-MOV-Debout_Ombre.png' alt='Blue PUCK MOV Debout' \/> <\/div>\n<div style='flex: 1 1 300px; min-width: 280px;'>\n<h3 style='font-size: 22px; border-bottom: 2px solid currentColor; padding-bottom: 5px; margin-top: 0; color: inherit; opacity: 0.8;'>Sensor de contacto magnetico<\/h3>\n<p style='font-size: 14pt; color: inherit;'> Equipado con la tecnolog\u00eda Bluetooth Low Energy&comma; el sensor de movimiento BLUE PUCK MOV es resistente al agua y robusto. <\/p>\n<p style='font-size: 14pt; color: inherit;'> 100% aut\u00f3nomo y robusto&comma; este sensor se adapta a entornos industriales para resolver los problemas de los equipos antirrobo mediante la detecci\u00f3n de vibraciones. <\/p>\n<p style='font-size: 14pt; color: inherit;'> Su aceler\u00f3metro de 3 ejes tambi\u00e9n permite medir la posici\u00f3n angular de este sensor. <\/p>\n<\/p><\/div>\n<\/p><\/div>\n<div style='width: 100%; margin-bottom: 30px;'>\n<h2 style='text-align: center; font-size: 26px; color: inherit; margin-bottom: 30px;'>Caracteristicas<\/h2>\n<div style='display: flex; flex-wrap: wrap; gap: 20px;'>\n<div style='flex: 1 1 250px; border: 1px solid rgba(150&comma; 150&comma; 150&comma; 0.4); border-radius: 8px; overflow: hidden; display: flex; flex-direction: column;'>\n<div style='padding: 15px; border-bottom: 1px solid rgba(150&comma; 150&comma; 150&comma; 0.2); font-weight: bold; font-size: 18px; color: inherit;'>Sensor de movimiento<\/div>\n<div style='padding: 15px; color: inherit;'> <img style='width: 90px; height: 90px; display: block; margin: 0 auto; border: 1px solid rgba(150&comma;150&comma;150&comma;0.3); border-radius: 8px;' src='https:\/\/elainnovation.com\/wp-content\/uploads\/2021\/01\/mouvement2.png' alt='icon' \/> <\/div>\n<\/p><\/div>\n<div style='flex: 1 1 250px; border: 1px solid rgba(150&comma; 150&comma; 150&comma; 0.4); border-radius: 8px; overflow: hidden; display: flex; flex-direction: column;'>\n<div style='padding: 15px; border-bottom: 1px solid rgba(150&comma; 150&comma; 150&comma; 0.2); font-weight: bold; font-size: 18px; color: inherit;'>Medicion angular<\/div>\n<div style='padding: 15px; color: inherit;'> <img style='width: 90px; height: 90px; display: block; margin: 0 auto; border: 1px solid rgba(150&comma;150&comma;150&comma;0.3); border-radius: 8px;' src='https:\/\/elainnovation.com\/wp-content\/uploads\/2020\/09\/Mesure-angulaire@2x.png' alt='icon' \/> <\/div>\n<\/p><\/div>\n<div style='flex: 1 1 250px; border: 1px solid rgba(150&comma; 150&comma; 150&comma; 0.4); border-radius: 8px; overflow: hidden; display: flex; flex-direction: column;'>\n<div style='padding: 15px; border-bottom: 1px solid rgba(150&comma; 150&comma; 150&comma; 0.2); font-weight: bold; font-size: 18px; color: inherit;'>IP 68<\/div>\n<div style='padding: 15px; color: inherit;'> <img style='width: 90px; height: 90px; display: block; margin: 0 auto; border: 1px solid rgba(150&comma;150&comma;150&comma;0.3); border-radius: 8px;' src='https:\/\/elainnovation.com\/wp-content\/uploads\/2020\/09\/Etanche@2x.png' alt='icon' \/> <\/div>\n<\/p><\/div>\n<\/p><\/div>\n<\/p><\/div>\n<\/p><\/div>\n","protected":false},"excerpt":{"rendered":"<p>Sensor Bluetooth \/ Identificaci\u00f3n y control de activos \/ Detecci\u00f3n de Movimiento \/ Identificacion de caja de tractocamiones \/  Compatible con Localizadores Vehiculares \/ Super alcance<\/p>\n","protected":false},"featured_media":55477,"comment_status":"open","ping_status":"closed","template":"","meta":[],"product_brand":[],"product_cat":[1348,1346],"product_tag":[93,1451,1350,1349],"class_list":{"0":"post-55478","1":"product","2":"type-product","3":"status-publish","4":"has-post-thumbnail","6":"product_cat-accesorios-gps-y-telematica","7":"product_cat-iot","8":"product_tag-accesorios","9":"product_tag-ela-innovation","10":"product_tag-gps-y-telematica","11":"product_tag-iot","13":"first","14":"instock","15":"sale","16":"shipping-taxable","17":"purchasable","18":"product-type-simple"},"_links":{"self":[{"href":"https:\/\/soydeaqui.ddns.net\/pachuca\/index.php\/wp-json\/wp\/v2\/product\/55478","targetHints":{"allow":["GET"]}}],"collection":[{"href":"https:\/\/soydeaqui.ddns.net\/pachuca\/index.php\/wp-json\/wp\/v2\/product"}],"about":[{"href":"https:\/\/soydeaqui.ddns.net\/pachuca\/index.php\/wp-json\/wp\/v2\/types\/product"}],"replies":[{"embeddable":true,"href":"https:\/\/soydeaqui.ddns.net\/pachuca\/index.php\/wp-json\/wp\/v2\/comments?post=55478"}],"wp:featuredmedia":[{"embeddable":true,"href":"https:\/\/soydeaqui.ddns.net\/pachuca\/index.php\/wp-json\/wp\/v2\/media\/55477"}],"wp:attachment":[{"href":"https:\/\/soydeaqui.ddns.net\/pachuca\/index.php\/wp-json\/wp\/v2\/media?parent=55478"}],"wp:term":[{"taxonomy":"product_brand","embeddable":true,"href":"https:\/\/soydeaqui.ddns.net\/pachuca\/index.php\/wp-json\/wp\/v2\/product_brand?post=55478"},{"taxonomy":"product_cat","embeddable":true,"href":"https:\/\/soydeaqui.ddns.net\/pachuca\/index.php\/wp-json\/wp\/v2\/product_cat?post=55478"},{"taxonomy":"product_tag","embeddable":true,"href":"https:\/\/soydeaqui.ddns.net\/pachuca\/index.php\/wp-json\/wp\/v2\/product_tag?post=55478"}],"curies":[{"name":"wp","href":"https:\/\/api.w.org\/{rel}","templated":true}]}}