{"id":55473,"date":"2026-03-19T02:53:43","date_gmt":"2026-03-19T02:53:43","guid":{"rendered":"https:\/\/soydeaqui.ddns.net\/pachuca\/index.php\/producto\/holder-para-sensores-bluepuck-magnetico-temperatura-y-humedad-movimiento-id-pir\/"},"modified":"2026-03-19T02:53:48","modified_gmt":"2026-03-19T02:53:48","slug":"holder-para-sensores-bluepuck-magnetico-temperatura-y-humedad-movimiento-id-pir","status":"publish","type":"product","link":"https:\/\/soydeaqui.ddns.net\/pachuca\/index.php\/producto\/holder-para-sensores-bluepuck-magnetico-temperatura-y-humedad-movimiento-id-pir\/","title":{"rendered":"Holder para Sensores BLUEPUCK \/ Magnetico \/ Temperatura y humedad \/ Movimiento \/ Id \/ PIR"},"content":{"rendered":"<div style='width: 100%; max-width: 1200px; margin: 0 auto; font-family: sans-serif; line-height: 1.6; color: inherit; background-color: transparent;'>\n<div style='display: flex; flex-wrap: wrap; gap: 30px; margin-bottom: 30px;'>\n<div style='flex: 1 1 300px; min-width: 280px;'>\n<h3 style='font-size: 22px; border-bottom: 2px solid currentColor; padding-bottom: 5px; margin-top: 0; color: inherit; opacity: 0.8;'>Descripci\u00f3n<\/h3>\n<ul style='padding-left: 20px; font-size: 15px; color: inherit;'>\n<li style='margin-bottom: 5px;'>Holder para sensores inal\u00e1mbricos Blue PUCK<\/li>\n<li style='margin-bottom: 5px;'>Permite instalaci\u00f3n segura y estable de los sensores<\/li>\n<li style='margin-bottom: 5px;'>Dise\u00f1o compacto y discreto<\/li>\n<li style='margin-bottom: 5px;'>Fabricado en material resistente a impactos<\/li>\n<li style='margin-bottom: 5px;'>Compatible con m\u00faltiples tipos de sensores<\/li>\n<\/ul><\/div>\n<div style='flex: 1 1 300px; min-width: 280px;'>\n<h3 style='font-size: 22px; border-bottom: 2px solid currentColor; padding-bottom: 5px; margin-top: 0; color: inherit; opacity: 0.8;'>Caracter\u00edsticas Principales<\/h3>\n<ul style='padding-left: 20px; font-size: 15px; color: inherit;'>\n<li style='margin-bottom: 5px;'>Sujeci\u00f3n segura para sensores inal\u00e1mbricos<\/li>\n<li style='margin-bottom: 5px;'>Compatibilidad universal con sensores ELA<\/li>\n<li style='margin-bottom: 5px;'>Material resistente a impactos<\/li>\n<li style='margin-bottom: 5px;'>F\u00e1cil instalaci\u00f3n sin herramientas<\/li>\n<li style='margin-bottom: 5px;'>Permite optimizaci\u00f3n de se\u00f1al inal\u00e1mbrica<\/li>\n<\/ul><\/div>\n<\/p><\/div>\n<div style='display: flex; flex-wrap: wrap; gap: 20px; margin-bottom: 30px;'>\n<div style='flex: 1 1 250px; border: 1px solid rgba(150&comma; 150&comma; 150&comma; 0.4); border-radius: 8px; overflow: hidden; display: flex; flex-direction: column;'>\n<div style='padding: 15px; border-bottom: 1px solid rgba(150&comma; 150&comma; 150&comma; 0.2); font-weight: bold; font-size: 18px; color: inherit;'>Compatibilidad<\/div>\n<div style='padding: 15px; color: inherit;'>\n<ul style='padding-left: 20px; margin: 0; font-size: 14px; list-style-type: disc;'>\n<li style='margin-bottom: 5px;'>Sensores BLE: Blue PUCK ID&comma; BUZZ&comma; T&comma; T EN12830&comma; RHT&comma; T-PROBE&comma; MOV&comma; MAG&comma; DI&comma; DO&comma; AI&comma; PIR<\/li>\n<li style='margin-bottom: 5px;'>Sensores MESH: Blue PUCK ID+ Mesh&comma; BUZZ+ Mesh&comma; T MESH&comma; RHT Mesh<\/li>\n<li style='margin-bottom: 5px;'>Sensores QUUPPA: Blue PUCK ID QUUPPA&comma; BUZZ QUUPPA<\/li>\n<li style='margin-bottom: 5px;'>Sensores RFID: PUCK ID&comma; T&comma; MAG&comma; MOV&comma; RHT<\/li>\n<\/ul><\/div>\n<\/p><\/div>\n<div style='flex: 1 1 250px; border: 1px solid rgba(150&comma; 150&comma; 150&comma; 0.4); border-radius: 8px; overflow: hidden; display: flex; flex-direction: column;'>\n<div style='padding: 15px; border-bottom: 1px solid rgba(150&comma; 150&comma; 150&comma; 0.2); font-weight: bold; font-size: 18px; color: inherit;'>Especificaciones Mec\u00e1nicas<\/div>\n<div style='padding: 15px; color: inherit;'>\n<ul style='padding-left: 20px; margin: 0; font-size: 14px; list-style-type: disc;'>\n<li style='margin-bottom: 5px;'><strong>Dimensiones:<\/strong> \u00d8 63mm base \u2013 Altura: 12.7mm<\/li>\n<li style='margin-bottom: 5px;'><strong>Peso:<\/strong> 8g<\/li>\n<li style='margin-bottom: 5px;'><strong>Material:<\/strong> DELRIN (POM C) compatible con productos alimenticios (90\/128\/EEC)<\/li>\n<\/ul><\/div>\n<\/p><\/div>\n<div style='flex: 1 1 250px; border: 1px solid rgba(150&comma; 150&comma; 150&comma; 0.4); border-radius: 8px; overflow: hidden; display: flex; flex-direction: column;'>\n<div style='padding: 15px; border-bottom: 1px solid rgba(150&comma; 150&comma; 150&comma; 0.2); font-weight: bold; font-size: 18px; color: inherit;'>Opciones de Montaje<\/div>\n<div style='padding: 15px; color: inherit;'>\n<ul style='padding-left: 20px; margin: 0; font-size: 14px; list-style-type: disc;'>\n<li style='margin-bottom: 5px;'>2 tornillos \u2205 3&comma;20 mm<\/li>\n<li style='margin-bottom: 5px;'>Abrazadera para manguera<\/li>\n<li style='margin-bottom: 5px;'>Adhesivo de alta adherencia 3M PT1100 (\u00d8 53mm \u2013 Altura: 1&comma;1mm)<\/li>\n<\/ul><\/div>\n<\/p><\/div>\n<div style='flex: 1 1 250px; border: 1px solid rgba(150&comma; 150&comma; 150&comma; 0.4); border-radius: 8px; overflow: hidden; display: flex; flex-direction: column;'>\n<div style='padding: 15px; border-bottom: 1px solid rgba(150&comma; 150&comma; 150&comma; 0.2); font-weight: bold; font-size: 18px; color: inherit;'>Referencias Comerciales<\/div>\n<div style='padding: 15px; color: inherit;'>\n<ul style='padding-left: 20px; margin: 0; font-size: 14px; list-style-type: disc;'>\n<li style='margin-bottom: 5px;'>Holder + adhesivo: PUCK HOLDER STICKER (ACIOM118B)<\/li>\n<li style='margin-bottom: 5px;'>Solo holder: PUCK HOLDER (ACIOM117B)<\/li>\n<li style='margin-bottom: 5px;'>Solo adhesivo: PUCK STICKER (ACIOM188)<\/li>\n<\/ul><\/div>\n<\/p><\/div>\n<\/p><\/div>\n<hr style='border: 0; border-top: 1px solid rgba(150&comma; 150&comma; 150&comma; 0.3); margin: 30px 0;'>\n<div style='display: flex; flex-wrap: wrap; gap: 30px;'>\n<div style='flex: 1 1 300px; min-width: 280px;'>\n<h3 style='font-size: 22px; border-bottom: 2px solid currentColor; padding-bottom: 5px; margin-top: 0; color: inherit; opacity: 0.8;'>Beneficios Clave<\/h3>\n<ul style='padding-left: 20px; font-size: 15px; color: inherit;'>\n<li style='margin-bottom: 5px;'>Sujeci\u00f3n segura mediante tornillo de seguridad<\/li>\n<li style='margin-bottom: 5px;'>Tres opciones de montaje para diferentes necesidades<\/li>\n<li style='margin-bottom: 5px;'>Dise\u00f1ado para entornos exigentes<\/li>\n<\/ul><\/div>\n<\/p><\/div>\n<\/p><\/div>\n","protected":false},"excerpt":{"rendered":"<p>Holder para Sensores BLUEPUCK \/ Magnetico \/ Temperatura y humedad \/ Movimiento \/ Id \/ PIR<\/p>\n","protected":false},"featured_media":55472,"comment_status":"open","ping_status":"closed","template":"","meta":[],"product_brand":[],"product_cat":[1348,1346],"product_tag":[93,1451,1350,1349],"class_list":{"0":"post-55473","1":"product","2":"type-product","3":"status-publish","4":"has-post-thumbnail","6":"product_cat-accesorios-gps-y-telematica","7":"product_cat-iot","8":"product_tag-accesorios","9":"product_tag-ela-innovation","10":"product_tag-gps-y-telematica","11":"product_tag-iot","13":"first","14":"instock","15":"sale","16":"shipping-taxable","17":"purchasable","18":"product-type-simple"},"_links":{"self":[{"href":"https:\/\/soydeaqui.ddns.net\/pachuca\/index.php\/wp-json\/wp\/v2\/product\/55473","targetHints":{"allow":["GET"]}}],"collection":[{"href":"https:\/\/soydeaqui.ddns.net\/pachuca\/index.php\/wp-json\/wp\/v2\/product"}],"about":[{"href":"https:\/\/soydeaqui.ddns.net\/pachuca\/index.php\/wp-json\/wp\/v2\/types\/product"}],"replies":[{"embeddable":true,"href":"https:\/\/soydeaqui.ddns.net\/pachuca\/index.php\/wp-json\/wp\/v2\/comments?post=55473"}],"wp:featuredmedia":[{"embeddable":true,"href":"https:\/\/soydeaqui.ddns.net\/pachuca\/index.php\/wp-json\/wp\/v2\/media\/55472"}],"wp:attachment":[{"href":"https:\/\/soydeaqui.ddns.net\/pachuca\/index.php\/wp-json\/wp\/v2\/media?parent=55473"}],"wp:term":[{"taxonomy":"product_brand","embeddable":true,"href":"https:\/\/soydeaqui.ddns.net\/pachuca\/index.php\/wp-json\/wp\/v2\/product_brand?post=55473"},{"taxonomy":"product_cat","embeddable":true,"href":"https:\/\/soydeaqui.ddns.net\/pachuca\/index.php\/wp-json\/wp\/v2\/product_cat?post=55473"},{"taxonomy":"product_tag","embeddable":true,"href":"https:\/\/soydeaqui.ddns.net\/pachuca\/index.php\/wp-json\/wp\/v2\/product_tag?post=55473"}],"curies":[{"name":"wp","href":"https:\/\/api.w.org\/{rel}","templated":true}]}}