{"id":55420,"date":"2026-03-19T02:51:57","date_gmt":"2026-03-19T02:51:57","guid":{"rendered":"https:\/\/soydeaqui.ddns.net\/pachuca\/index.php\/producto\/localizador-vehicular-4g-boton-de-emergencia-y-relevador-incluidos-deteccion-de-apertura-de-puertas-multiples-salidas-digitales-compatible-con-sensor-ultrasonico-de-combustible\/"},"modified":"2026-03-19T02:51:59","modified_gmt":"2026-03-19T02:51:59","slug":"localizador-vehicular-4g-boton-de-emergencia-y-relevador-incluidos-deteccion-de-apertura-de-puertas-multiples-salidas-digitales-compatible-con-sensor-ultrasonico-de-combustible","status":"publish","type":"product","link":"https:\/\/soydeaqui.ddns.net\/pachuca\/index.php\/producto\/localizador-vehicular-4g-boton-de-emergencia-y-relevador-incluidos-deteccion-de-apertura-de-puertas-multiples-salidas-digitales-compatible-con-sensor-ultrasonico-de-combustible\/","title":{"rendered":"Localizador vehicular 4G Boton de Emergencia y Relevador incluidos \/ detecci\u00f3n de apertura de puertas \/ multiples salidas digitales \/ compatible con sensor ultrasonico de combustible"},"content":{"rendered":"<div style='width: 100%; max-width: 1200px; margin: 0 auto; font-family: sans-serif; line-height: 1.6; color: inherit; background-color: transparent;'> <!-- Secci\u00f3n de enlace a p\u00e1gina de ayuda --> <\/p>\n<div style='margin-bottom: 30px;'> <a href='https:\/\/www.syscom.mx\/singlepage\/concox' style='font-size: 20px; color: #0070c0; text-decoration: none;'> <strong>Pagina de ayuda Concox (Dar clic aqui)<\/strong> <\/a> <\/div>\n<p> <!-- Secci\u00f3n de incluye --> <\/p>\n<div style='margin-bottom: 30px;'>\n<h3 style='font-size: 18px; border-bottom: 2px solid currentColor; padding-bottom: 5px; margin-top: 0; color: inherit; opacity: 0.8;'>Incluye<\/h3>\n<ul style='padding-left: 20px; font-size: 15px; color: inherit;'>\n<li style='margin-bottom: 5px;'>Bot\u00f3n de p\u00e1nico<\/li>\n<li style='margin-bottom: 5px;'>Relay<\/li>\n<li style='margin-bottom: 5px;'>Cable de alimentacion<\/li>\n<\/ul><\/div>\n<p> <!-- Secci\u00f3n de enlace a certificaci\u00f3n --> <\/p>\n<div style='margin-bottom: 30px;'> <a href='https:\/\/www.syscom.mx\/producto\/EXPERTGPS-SYSCOM-75217.html' style='font-size: 20px; color: #0070c0; text-decoration: none;'> <strong>\u00bfQuieres certificarte en dispositivos Concox? (Dar clic aqui)<\/strong> <\/a> <\/div>\n<p> <!-- Descripci\u00f3n principal --> <\/p>\n<div style='margin-bottom: 30px;'>\n<p style='font-size: 14px; color: inherit;'> VL802 es un rastreador GPS 4G avanzado dise\u00f1ado para la gesti\u00f3n de flotas industriales y comerciales que van desde turismos y camiones hasta autobuses y m\u00e1s. La comunicaci\u00f3n bidireccional de este dispositivo puede ayudar a los administradores de flotas a mejorar sus estrategias de gesti\u00f3n de conductores. La comunicaci\u00f3n LTE con respaldo GSM (2G) garantiza una conexi\u00f3n s\u00f3lida en casi todos los casos&comma; y el conjunto de alertas activadas por eventos ayuda a los administradores de flotas a monitorear el estado de su flota en tiempo real. Con interfaz RS485 y varias otras E\/S para perif\u00e9ricos&comma; este poderoso dispositivo se puede personalizar para agilizar sus operaciones y aumentar la eficiencia. <\/p>\n<\/p><\/div>\n<p> <!-- Secci\u00f3n de caracter\u00edsticas --> <\/p>\n<div style='margin-bottom: 30px;'>\n<h3 style='font-size: 18px; border-bottom: 2px solid currentColor; padding-bottom: 5px; margin-top: 0; color: inherit; opacity: 0.8;'>Caracter\u00edsticas<\/h3>\n<ul style='padding-left: 20px; font-size: 15px; color: inherit;'>\n<li style='margin-bottom: 5px;'>Alarmas m\u00faltiples<\/li>\n<li style='margin-bottom: 5px;'>Paro de motor v\u00eda remota<\/li>\n<li style='margin-bottom: 5px;'>Llamada de emergencia SOS<\/li>\n<li style='margin-bottom: 5px;'>Llamada 2 vias<\/li>\n<li style='margin-bottom: 5px;'>Boton de panico<\/li>\n<li style='margin-bottom: 5px;'>Corte de energia<\/li>\n<li style='margin-bottom: 5px;'>Configuracion por Bluetooth<\/li>\n<\/ul><\/div>\n<p> <!-- Secci\u00f3n de requisitos SIM --> <\/p>\n<div style='margin-bottom: 30px;'>\n<p style='font-size: 14px; color: inherit;'> <strong>Utiliza un SIM de datos tama\u00f1o MICRO para la comunicacion<\/strong> <\/p>\n<p style='font-size: 14px; color: inherit;'> <strong>NOTA: No se recomiendan los SIM30M2M&comma; MICSIM30M2M&comma; no son compatibles.<\/strong> <\/p>\n<\/p><\/div>\n<p> <!-- Secci\u00f3n de alertas --> <\/p>\n<div style='margin-bottom: 30px;'>\n<p style='font-size: 14px; color: inherit;'> Con GPS Concox VL802 usted puede programar diferentes tipos de alertas&comma; como son: <\/p>\n<ul style='padding-left: 20px; font-size: 15px; color: inherit;'>\n<li style='margin-bottom: 5px;'>Alerta por vibraci\u00f3n<\/li>\n<li style='margin-bottom: 5px;'>Alerta por movimiento<\/li>\n<li style='margin-bottom: 5px;'>Alerta de p\u00e1nico<\/li>\n<li style='margin-bottom: 5px;'>Alerta por giro brusco<\/li>\n<li style='margin-bottom: 5px;'>Alerta por aceleraci\u00f3n brusca<\/li>\n<li style='margin-bottom: 5px;'>Alerta por apertura de puerta<\/li>\n<li style='margin-bottom: 5px;'>Alerta por exceso de velocidad<\/li>\n<li style='margin-bottom: 5px;'>Alerta por encendido de su veh\u00edculo<\/li>\n<li style='margin-bottom: 5px;'>Alerta por bater\u00eda baja<\/li>\n<li style='margin-bottom: 5px;'>Entre otras.<\/li>\n<\/ul>\n<p style='font-size: 14px; color: inherit;'> Estas alerta la recibir\u00e1 por medio de mensaje SMS&comma; notificaci\u00f3n en la aplicaci\u00f3n m\u00f3vil utilizando la plataforma de rastreo&comma; o bien por llamada&comma; seg\u00fan la programaci\u00f3n del dispositivo deseada. <\/p>\n<\/p><\/div>\n<p> <!-- Secci\u00f3n de especificaciones --> <\/p>\n<div style='margin-bottom: 30px;'>\n<h3 style='font-size: 18px; border-bottom: 2px solid currentColor; padding-bottom: 5px; margin-top: 0; color: inherit; opacity: 0.8;'>Especificaciones<\/h3>\n<ul style='padding-left: 20px; font-size: 15px; color: inherit;'>\n<li style='margin-bottom: 5px;'>1 Entrada Digital para sensar ignici\u00f3n<\/li>\n<li style='margin-bottom: 5px;'>Microfono<\/li>\n<li style='margin-bottom: 5px;'>Bocina<\/li>\n<li style='margin-bottom: 5px;'>1 Entrada An\u00e1loga<\/li>\n<li style='margin-bottom: 5px;'>1 Salida para Corte de Motor<\/li>\n<li style='margin-bottom: 5px;'>Puerto de datos<\/li>\n<li style='margin-bottom: 5px;'>2 E\/S especiales pueden configurarse como entradas o salidas digitales adicionales<\/li>\n<li style='margin-bottom: 5px;'>1 SOS<\/li>\n<li style='margin-bottom: 5px;'>Voltaje 9 a 36 Vcc<\/li>\n<li style='margin-bottom: 5px;'>450mAh<\/li>\n<li style='margin-bottom: 5px;'>Dimensiones 105 x 56 x 22mm<\/li>\n<li style='margin-bottom: 5px;'>Frecuencias LTE-FDD: B1\/B2\/B3\/B4\/B5\/B7\/B8\/B28 GSM: 850\/900\/1800\/1900MHz<\/li>\n<li style='margin-bottom: 5px;'>Peso 120g<\/li>\n<li style='margin-bottom: 5px;'>Bater\u00eda de pol\u00edmero de litio de grado industrial de 450 mAh\/3&comma;7 V<\/li>\n<\/ul><\/div>\n<p> <!-- Tabla de configuraci\u00f3n --> <\/p>\n<div style='margin-bottom: 30px;'>\n<table style='width: 100%; border-collapse: collapse; background-color: #d3d3d3; box-shadow: 0 0 10px rgba(0&comma; 0&comma; 0&comma; 0.1);'>\n<thead>\n<tr>\n<th style='padding: 15px; text-align: left; border: 1px solid rgba(150&comma;150&comma;150&comma;0.3); background-color: #007bff; color: #fff;' colspan='2'>Anuncio de Configuraci\u00f3n de Dispositivos de Rastreo<\/th>\n<\/tr>\n<\/thead>\n<tbody>\n<tr>\n<td style='padding: 15px; text-align: left; border: 1px solid rgba(150&comma;150&comma;150&comma;0.3); background-color: #f9f9f9;' colspan='2'>Para dispositivos de rastreo recomendamos la configuraci\u00f3n de 1 minuto con motor encendido o en movimiento y cada 20 minutos con motor apagado o detenido&comma; adem\u00e1s de giros de 25 o 30 grados y la distancia deshabilitada. Esto ayudar\u00e1 a que los paquetes de datos de 20 o 25 MB sean suficientes para un mes&comma; todo depende del tiempo que el veh\u00edculo est\u00e9 en movimiento. Esta tabla es solo informativa y como recomendaci\u00f3n&comma; m\u00e1s no una regla.<\/td>\n<\/tr>\n<\/tbody>\n<\/table><\/div>\n<\/p><\/div>\n","protected":false},"excerpt":{"rendered":"<p>Localizador vehicular 4G Boton de Emergencia y Relevador incluidos \/ detecci\u00f3n de apertura de puertas \/ multiples salidas digitales \/ compatible con sensor ultrasonico de combustible<\/p>\n","protected":false},"featured_media":55419,"comment_status":"open","ping_status":"closed","template":"","meta":[],"product_brand":[],"product_cat":[1346,1388],"product_tag":[1350,1349,1420,1389],"class_list":{"0":"post-55420","1":"product","2":"type-product","3":"status-publish","4":"has-post-thumbnail","6":"product_cat-iot","7":"product_cat-trackers-gps","8":"product_tag-gps-y-telematica","9":"product_tag-iot","10":"product_tag-jimiiot","11":"product_tag-trackers-gps","13":"first","14":"instock","15":"sale","16":"shipping-taxable","17":"purchasable","18":"product-type-simple"},"_links":{"self":[{"href":"https:\/\/soydeaqui.ddns.net\/pachuca\/index.php\/wp-json\/wp\/v2\/product\/55420","targetHints":{"allow":["GET"]}}],"collection":[{"href":"https:\/\/soydeaqui.ddns.net\/pachuca\/index.php\/wp-json\/wp\/v2\/product"}],"about":[{"href":"https:\/\/soydeaqui.ddns.net\/pachuca\/index.php\/wp-json\/wp\/v2\/types\/product"}],"replies":[{"embeddable":true,"href":"https:\/\/soydeaqui.ddns.net\/pachuca\/index.php\/wp-json\/wp\/v2\/comments?post=55420"}],"wp:featuredmedia":[{"embeddable":true,"href":"https:\/\/soydeaqui.ddns.net\/pachuca\/index.php\/wp-json\/wp\/v2\/media\/55419"}],"wp:attachment":[{"href":"https:\/\/soydeaqui.ddns.net\/pachuca\/index.php\/wp-json\/wp\/v2\/media?parent=55420"}],"wp:term":[{"taxonomy":"product_brand","embeddable":true,"href":"https:\/\/soydeaqui.ddns.net\/pachuca\/index.php\/wp-json\/wp\/v2\/product_brand?post=55420"},{"taxonomy":"product_cat","embeddable":true,"href":"https:\/\/soydeaqui.ddns.net\/pachuca\/index.php\/wp-json\/wp\/v2\/product_cat?post=55420"},{"taxonomy":"product_tag","embeddable":true,"href":"https:\/\/soydeaqui.ddns.net\/pachuca\/index.php\/wp-json\/wp\/v2\/product_tag?post=55420"}],"curies":[{"name":"wp","href":"https:\/\/api.w.org\/{rel}","templated":true}]}}