{"id":55418,"date":"2026-03-19T02:51:53","date_gmt":"2026-03-19T02:51:53","guid":{"rendered":"https:\/\/soydeaqui.ddns.net\/pachuca\/index.php\/producto\/baliza-o-identificador-electronico-de-conductores-pasajeros-y-remolques-via-bluetooth-para-equipos-gps\/"},"modified":"2026-03-19T02:51:55","modified_gmt":"2026-03-19T02:51:55","slug":"baliza-o-identificador-electronico-de-conductores-pasajeros-y-remolques-via-bluetooth-para-equipos-gps","status":"publish","type":"product","link":"https:\/\/soydeaqui.ddns.net\/pachuca\/index.php\/producto\/baliza-o-identificador-electronico-de-conductores-pasajeros-y-remolques-via-bluetooth-para-equipos-gps\/","title":{"rendered":"Baliza o Identificador Electr\u00f3nico de Conductores, Pasajeros y Remolques  V\u00eda Bluetooth Para Equipos GPS"},"content":{"rendered":"<div style='width: 100%; max-width: 1200px; margin: 0 auto; font-family: sans-serif; line-height: 1.6; color: inherit; background-color: transparent;'>\n<div style='display: flex; flex-direction: column; gap: 20px;'>\n<div style='font-size: 15px; color: inherit;'> El EYE Beacon de Teltonika es la soluci\u00f3n inal\u00e1mbrica definitiva para el rastreo y monitoreo de activos en una amplia variedad de industrias. Este avanzado beacon Bluetooth Low Energy (BLE) cuenta con una carcasa robusta y resistente al agua&comma; as\u00ed como una bater\u00eda de larga duraci\u00f3n&comma; asegurando un rendimiento confiable en cualquier entorno. Dise\u00f1ado para ofrecer una configuraci\u00f3n r\u00e1pida&comma; f\u00e1cil y econ\u00f3mica&comma; el EYE Beacon es ideal para aplicaciones de trazabilidad&comma; seguimiento de entregas&comma; y monitoreo de objetos m\u00f3viles en log\u00edstica&comma; agricultura y construcci\u00f3n. Adem\u00e1s&comma; es perfecto para soluciones de rastreo en interiores&comma; como en almacenes&comma; hospitales y centros de transporte. <\/div>\n<div style='font-size: 15px; color: inherit;'> Totalmente compatible con la plataforma de firmware de Teltonika&comma; el EYE Beacon soporta los protocolos iBeacon y Eddystone&comma; y puede configurarse&comma; escanearse y actualizarse en cualquier momento y lugar mediante la app m\u00f3vil dedicada de Teltonika. <\/div>\n<\/p><\/div>\n<hr style='border: 0; border-top: 1px solid rgba(150&comma; 150&comma; 150&comma; 0.3); margin: 30px 0;'>\n<div style='display: flex; flex-wrap: wrap; gap: 20px; margin-bottom: 30px;'>\n<div style='flex: 1 1 250px; border: 1px solid rgba(150&comma; 150&comma; 150&comma; 0.4); border-radius: 8px; overflow: hidden; display: flex; flex-direction: column;'>\n<div style='padding: 15px; border-bottom: 1px solid rgba(150&comma; 150&comma; 150&comma; 0.2); font-weight: bold; font-size: 18px; color: inherit;'>Especificaciones<\/div>\n<div style='padding: 15px; color: inherit;'>\n<div style='margin-bottom: 20px;'>\n<div style='font-weight: bold; font-size: 16px; margin-bottom: 10px; color: inherit;'>Electr\u00f3nica<\/div>\n<ul style='padding-left: 20px; margin: 0; font-size: 14px; list-style-type: disc;'>\n<li style='margin-bottom: 5px;'><strong>Microcontrolador:<\/strong> ST Microelectronics BlueNRG-2<\/li>\n<li style='margin-bottom: 5px;'><strong>Cristales de Cuarzo:<\/strong> 32.768 kHz&comma; 16 MHz<\/li>\n<li style='margin-bottom: 5px;'><strong>Frecuencia de Operaci\u00f3n Bluetooth:<\/strong> 2.402 &#8211; 2.480 GHz<\/li>\n<li style='margin-bottom: 5px;'><strong>Ganancia de Antena Bluetooth (pico):<\/strong> 1.58 dBi<\/li>\n<\/ul><\/div>\n<div style='margin-bottom: 20px;'>\n<div style='font-weight: bold; font-size: 16px; margin-bottom: 10px; color: inherit;'>Dimensiones y Peso<\/div>\n<ul style='padding-left: 20px; margin: 0; font-size: 14px; list-style-type: disc;'>\n<li style='margin-bottom: 5px;'><strong>Dimensiones:<\/strong> 56.6 mm x 38 mm x 13 mm<\/li>\n<li style='margin-bottom: 5px;'><strong>Peso:<\/strong> 18 g<\/li>\n<\/ul><\/div>\n<div style='margin-bottom: 20px;'>\n<div style='font-weight: bold; font-size: 16px; margin-bottom: 10px; color: inherit;'>Conectividad<\/div>\n<ul style='padding-left: 20px; margin: 0; font-size: 14px; list-style-type: disc;'>\n<li style='margin-bottom: 5px;'><strong>Bluetooth:<\/strong> Compatible con Bluetooth 4.2&comma; Certificado Bluetooth 5.2<\/li>\n<li style='margin-bottom: 5px;'><strong>Rango:<\/strong> Hasta 80 metros<\/li>\n<li style='margin-bottom: 5px;'><strong>Potencia de Transmisi\u00f3n Disponible:<\/strong> Hasta 8 dBm<\/li>\n<li style='margin-bottom: 5px;'><strong>Sensibilidad:<\/strong> -88 dBm<\/li>\n<\/ul><\/div>\n<div style='margin-bottom: 20px;'>\n<div style='font-weight: bold; font-size: 16px; margin-bottom: 10px; color: inherit;'>Bater\u00eda y Energ\u00eda<\/div>\n<ul style='padding-left: 20px; margin: 0; font-size: 14px; list-style-type: disc;'>\n<li style='margin-bottom: 5px;'><strong>Modelo:<\/strong> CR2450<\/li>\n<li style='margin-bottom: 5px;'><strong>Tipo:<\/strong> Litio&comma; Di\u00f3xido de Manganeso (Li\/MnO2)<\/li>\n<li style='margin-bottom: 5px;'><strong>Capacidad Total:<\/strong> 600 mAh<\/li>\n<li style='margin-bottom: 5px;'><strong>Reemplazable:<\/strong> No<\/li>\n<li style='margin-bottom: 5px;'>5+ a\u00f1os (Tx = 2 dBm; intervalo: 3 s)<\/li>\n<li style='margin-bottom: 5px;'>10+ a\u00f1os (Tx = 2 dBm; intervalo: 10 s)<\/li>\n<\/ul><\/div>\n<div style='margin-bottom: 20px;'>\n<div style='font-weight: bold; font-size: 16px; margin-bottom: 10px; color: inherit;'>Funcionalidades<\/div>\n<ul style='padding-left: 20px; margin: 0; font-size: 14px; list-style-type: disc;'>\n<li style='margin-bottom: 5px;'><strong>Modos de Operaci\u00f3n:<\/strong> Beacon ID&comma; LED<\/li>\n<li style='margin-bottom: 5px;'><strong>Protecci\u00f3n de la Carcasa:<\/strong> IP67<\/li>\n<li style='margin-bottom: 5px;'><strong>Montaje:<\/strong> Dos agujeros para tornillo\/correa\/cinta<\/li>\n<\/ul><\/div>\n<div style='margin-bottom: 20px;'>\n<div style='font-weight: bold; font-size: 16px; margin-bottom: 10px; color: inherit;'>Requisitos Ambientales<\/div>\n<ul style='padding-left: 20px; margin: 0; font-size: 14px; list-style-type: disc;'>\n<li style='margin-bottom: 5px;'><strong>Humedad (sin condensaci\u00f3n):<\/strong> 0% a 100%<\/li>\n<li style='margin-bottom: 5px;'><strong>Temperatura de Operaci\u00f3n:<\/strong> -20\u00b0C a +60\u00b0C (-4\u00b0F a +140\u00b0F)<\/li>\n<\/ul><\/div>\n<div style='margin-bottom: 20px;'>\n<div style='font-weight: bold; font-size: 16px; margin-bottom: 10px; color: inherit;'>Certificaciones<\/div>\n<ul style='padding-left: 20px; margin: 0; font-size: 14px; list-style-type: disc;'>\n<li style='margin-bottom: 5px;'><strong>CE RED [UE]:<\/strong> S\u00ed<\/li>\n<li style='margin-bottom: 5px;'><strong>FCC [EEUU]:<\/strong> S\u00ed<\/li>\n<li style='margin-bottom: 5px;'><strong>UKCA [UK]:<\/strong> S\u00ed<\/li>\n<li style='margin-bottom: 5px;'><strong>RoHS:<\/strong> S\u00ed<\/li>\n<li style='margin-bottom: 5px;'><strong>E-mark:<\/strong> S\u00ed<\/li>\n<li style='margin-bottom: 5px;'><strong>EAC:<\/strong> TBD<\/li>\n<li style='margin-bottom: 5px;'><strong>ANATEL:<\/strong> S\u00ed<\/li>\n<\/ul><\/div>\n<div style='margin-bottom: 20px;'>\n<div style='font-weight: bold; font-size: 16px; margin-bottom: 10px; color: inherit;'>Aplicaci\u00f3n<\/div>\n<ul style='padding-left: 20px; margin: 0; font-size: 14px; list-style-type: disc;'>\n<li style='margin-bottom: 5px;'>EYE APP (ajuste del sensor)<\/li>\n<\/ul><\/div>\n<div style='margin-bottom: 20px;'>\n<div style='font-weight: bold; font-size: 16px; margin-bottom: 10px; color: inherit;'>Soluci\u00f3n inal\u00e1mbrica para una f\u00e1cil integraci\u00f3n<\/div>\n<div style='font-size: 14px; margin-bottom: 10px; color: inherit;'>Gracias a la tecnolog\u00eda Bluetooth no se requieren instalaciones invasivas aparte de permite una operatividad mucho m\u00e1s sencilla y eficaz.<\/div>\n<\/p><\/div>\n<div style='margin-bottom: 20px;'>\n<div style='font-weight: bold; font-size: 16px; margin-bottom: 10px; color: inherit;'>Identificaci\u00f3n de remolques<\/div>\n<div style='font-size: 14px; margin-bottom: 10px; color: inherit;'>Identifique sus remolques de manera m\u00e1s sencilla y sin instalaciones invasivas.<\/div>\n<\/p><\/div>\n<div style='margin-bottom: 20px;'>\n<div style='font-weight: bold; font-size: 16px; margin-bottom: 10px; color: inherit;'>Soluciones de seguimiento en interiores<\/div>\n<div style='font-size: 14px; margin-bottom: 10px; color: inherit;'>Las balizas de identificaci\u00f3n siguen transmitiendo se\u00f1ales \u00fanicas&comma; que los rastreadores GPS leen e identifican. Los dispositivos FM env\u00edan estos datos&comma; junto con su ubicaci\u00f3n GNSS&comma; a un servidor para su an\u00e1lisis. Un software espec\u00edfico determina la ubicaci\u00f3n de todas las balizas (es decir&comma; activos o personas etiquetadas) en funci\u00f3n de su proximidad al rastreador m\u00e1s cercano.<\/div>\n<\/p><\/div>\n<\/p><\/div>\n<\/p><\/div>\n<\/p><\/div>\n<div style='display: flex; flex-wrap: wrap; gap: 20px; margin-bottom: 30px; justify-content: center;'> <img style='width: 100%; height: auto; border: 1px solid rgba(150&comma;150&comma;150&comma;0.3); border-radius: 8px;' src='https:\/\/ftp3.syscom.mx\/usuarios\/fotos\/EYEBEACON\/209798-ghfgngh.png' alt=''> <img style='width: 100%; height: auto; border: 1px solid rgba(150&comma;150&comma;150&comma;0.3); border-radius: 8px;' src='https:\/\/ftp3.syscom.mx\/usuarios\/fotos\/EYEBEACON\/209798-cscscsscs.png' alt=''> <img style='width: 100%; height: auto; border: 1px solid rgba(150&comma;150&comma;150&comma;0.3); border-radius: 8px;' src='https:\/\/ftp3.syscom.mx\/usuarios\/fotos\/EYEBEACON\/209798-dvdvdvd.png' alt=''> <img style='width: 100%; height: auto; border: 1px solid rgba(150&comma;150&comma;150&comma;0.3); border-radius: 8px;' src='https:\/\/ftp3.syscom.mx\/usuarios\/fotos\/EYEBEACON\/209798-trhthr.png' alt=''> <img style='width: 100%; height: auto; border: 1px solid rgba(150&comma;150&comma;150&comma;0.3); border-radius: 8px;' src='https:\/\/ftp3.syscom.mx\/usuarios\/fotos\/EYEBEACON\/209798-yhjtyht.png' alt=''> <img style='width: 100%; height: auto; border: 1px solid rgba(150&comma;150&comma;150&comma;0.3); border-radius: 8px;' src='https:\/\/ftp3.syscom.mx\/usuarios\/fotos\/EYEBEACON\/209798-wewew.png' alt=''> <img style='width: 100%; height: auto; border: 1px solid rgba(150&comma;150&comma;150&comma;0.3); border-radius: 8px;' src='https:\/\/ftp3.syscom.mx\/usuarios\/fotos\/EYEBEACON\/209798-scscsscsc.png' alt=''> <img style='width: 100%; height: auto; border: 1px solid rgba(150&comma;150&comma;150&comma;0.3); border-radius: 8px;' src='https:\/\/ftp3.syscom.mx\/usuarios\/fotos\/EYEBEACON\/209798-gfhfgfdgfdffd.png' alt=''> <\/div>\n<div style='display: flex; justify-content: center; margin: 30px 0;'>\n<div style='position: relative; padding-bottom: 56.25%; height: 0; overflow: hidden; max-width: 816px; width: 100%;'>   <\/div>\n<\/p><\/div>\n<\/p><\/div>\n","protected":false},"excerpt":{"rendered":"<p>Baliza o Identificador Electr\u00f3nico de Conductores, Pasajeros y Remolques  V\u00eda Bluetooth Para Equipos GPS<\/p>\n","protected":false},"featured_media":55417,"comment_status":"open","ping_status":"closed","template":"","meta":[],"product_brand":[],"product_cat":[1348,1346],"product_tag":[93,1350,1349,1430],"class_list":{"0":"post-55418","1":"product","2":"type-product","3":"status-publish","4":"has-post-thumbnail","6":"product_cat-accesorios-gps-y-telematica","7":"product_cat-iot","8":"product_tag-accesorios","9":"product_tag-gps-y-telematica","10":"product_tag-iot","11":"product_tag-teltonika","13":"first","14":"outofstock","15":"sale","16":"shipping-taxable","17":"purchasable","18":"product-type-simple"},"_links":{"self":[{"href":"https:\/\/soydeaqui.ddns.net\/pachuca\/index.php\/wp-json\/wp\/v2\/product\/55418","targetHints":{"allow":["GET"]}}],"collection":[{"href":"https:\/\/soydeaqui.ddns.net\/pachuca\/index.php\/wp-json\/wp\/v2\/product"}],"about":[{"href":"https:\/\/soydeaqui.ddns.net\/pachuca\/index.php\/wp-json\/wp\/v2\/types\/product"}],"replies":[{"embeddable":true,"href":"https:\/\/soydeaqui.ddns.net\/pachuca\/index.php\/wp-json\/wp\/v2\/comments?post=55418"}],"wp:featuredmedia":[{"embeddable":true,"href":"https:\/\/soydeaqui.ddns.net\/pachuca\/index.php\/wp-json\/wp\/v2\/media\/55417"}],"wp:attachment":[{"href":"https:\/\/soydeaqui.ddns.net\/pachuca\/index.php\/wp-json\/wp\/v2\/media?parent=55418"}],"wp:term":[{"taxonomy":"product_brand","embeddable":true,"href":"https:\/\/soydeaqui.ddns.net\/pachuca\/index.php\/wp-json\/wp\/v2\/product_brand?post=55418"},{"taxonomy":"product_cat","embeddable":true,"href":"https:\/\/soydeaqui.ddns.net\/pachuca\/index.php\/wp-json\/wp\/v2\/product_cat?post=55418"},{"taxonomy":"product_tag","embeddable":true,"href":"https:\/\/soydeaqui.ddns.net\/pachuca\/index.php\/wp-json\/wp\/v2\/product_tag?post=55418"}],"curies":[{"name":"wp","href":"https:\/\/api.w.org\/{rel}","templated":true}]}}