{"id":55331,"date":"2026-03-19T02:48:59","date_gmt":"2026-03-19T02:48:59","guid":{"rendered":"https:\/\/soydeaqui.ddns.net\/pachuca\/index.php\/producto\/kit-de-localizador-vehicular-2g-y-4g-rastreo-conduccion-eficiente-deteccion-de-jammer-registro-de-conductores-relay-boton-de-panico-epcomgpsmensual-sim30m2m-datos-por-1-mes\/"},"modified":"2026-03-19T02:49:00","modified_gmt":"2026-03-19T02:49:00","slug":"kit-de-localizador-vehicular-2g-y-4g-rastreo-conduccion-eficiente-deteccion-de-jammer-registro-de-conductores-relay-boton-de-panico-epcomgpsmensual-sim30m2m-datos-por-1-mes","status":"publish","type":"product","link":"https:\/\/soydeaqui.ddns.net\/pachuca\/index.php\/producto\/kit-de-localizador-vehicular-2g-y-4g-rastreo-conduccion-eficiente-deteccion-de-jammer-registro-de-conductores-relay-boton-de-panico-epcomgpsmensual-sim30m2m-datos-por-1-mes\/","title":{"rendered":"Kit de Localizador Vehicular 2G y 4G\/ Rastreo \/ Conducci\u00f3n eficiente \/ Deteccion de Jammer \/ Registro de conductores \/ Relay + Bot\u00f3n de p\u00e1nico + EPCOMGPSMENSUAL + SIM30M2M + datos por 1 mes"},"content":{"rendered":"<div style='width: 100%; max-width: 1200px; margin: 0 auto; font-family: sans-serif; line-height: 1.6; color: inherit; background-color: transparent;'>\n<div style='text-align: center;'>\n<h1 style='font-size: 36px; margin: 20px 0; color: inherit;'>Seguridad en todo momento<\/h1>\n<\/p><\/div>\n<div style='display: flex; flex-wrap: wrap; gap: 20px; justify-content: center; margin: 20px 0;'> <img style='width: 100%; max-width: 600px; height: auto; border: 1px solid rgba(150&comma;150&comma;150&comma;0.3); border-radius: 8px;' src='https:\/\/ftp3.syscom.mx\/usuarios\/fotos\/TRACE5\/197296-viaje_seguro.png' alt=''> <img style='width: 100%; max-width: 600px; height: auto; border: 1px solid rgba(150&comma;150&comma;150&comma;0.3); border-radius: 8px;' src='https:\/\/ftp3.syscom.mx\/usuarios\/fotos\/ECO4LIGHT3G\/94490-final.png' alt=''> <\/div>\n<div style='margin: 30px 0;'>\n<h2 style='font-size: 35px; font-weight: bold; text-align: center; margin: 30px 0; color: #62a9f1; opacity: 0.8;'>Tecnolog\u00eda de punta<\/h2>\n<p style='font-size: 16px; text-align: justify; margin-bottom: 10px; color: inherit;'>TRACE5 es un rastreador compacto de veh\u00edculos con todas las caracter\u00edsticas necesarias para rastrear veh\u00edculos y gestionar flotas.<\/p>\n<p style='font-size: 16px; text-align: justify; margin-bottom: 10px; color: inherit;'>El rastreador utiliza conectividad 2G y LTE Cat M1 (4G) y un m\u00f3dulo Premium GPS de Ublox.<\/p>\n<p style='font-size: 16px; text-align: justify; margin-bottom: 10px; color: inherit;'>Compatible con todas las funciones y muchas m\u00e1s de su predecesor el ECO4LIGHT3GT<\/p>\n<\/p><\/div>\n<div style='margin: 30px 0;'>\n<h3 style='font-size: 22px; border-bottom: 2px solid currentColor; padding-bottom: 5px; margin-top: 0; color: inherit; opacity: 0.8;'>Incluye<\/h3>\n<ul style='padding-left: 20px; font-size: 14px; color: inherit;'>\n<li style='margin-bottom: 5px;'>Rastreador vehicular TRACE5<\/li>\n<li style='margin-bottom: 5px;'>Servicio EPCOMGPSMENSUAL<\/li>\n<li style='margin-bottom: 5px;'>Tarjeta SIM30M2M<\/li>\n<li style='margin-bottom: 5px;'>Datos m\u00f3viles por 1 mes<\/li>\n<li style='margin-bottom: 5px;'>Relay<\/li>\n<li style='margin-bottom: 5px;'>Bot\u00f3n de p\u00e1nico<\/li>\n<\/ul><\/div>\n<div style='margin: 30px 0;'>\n<h3 style='font-size: 22px; border-bottom: 2px solid currentColor; padding-bottom: 5px; margin-top: 0; color: inherit; opacity: 0.8;'>Aplicaciones<\/h3>\n<ul style='padding-left: 20px; font-size: 14px; color: inherit;'>\n<li style='margin-bottom: 5px;'>Seguir y rastrear<\/li>\n<li style='margin-bottom: 5px;'>Seguridad y protecci\u00f3n<\/li>\n<li style='margin-bottom: 5px;'>Flota verde<\/li>\n<li style='margin-bottom: 5px;'>Entrega<\/li>\n<li style='margin-bottom: 5px;'>Servicios de flota<\/li>\n<li style='margin-bottom: 5px;'>Financiamiento y renta de veh\u00edculos<\/li>\n<li style='margin-bottom: 5px;'>Alquiler de carros<\/li>\n<li style='margin-bottom: 5px;'>Control de temperatura<\/li>\n<li style='margin-bottom: 5px;'>Control de combustible<\/li>\n<li style='margin-bottom: 5px;'>Registro y asignaci\u00f3n de conductores<\/li>\n<\/ul><\/div>\n<div style='display: flex; flex-wrap: wrap; gap: 20px; margin: 30px 0;'>\n<div style='flex: 1 1 300px; border: 1px solid rgba(150&comma; 150&comma; 150&comma; 0.4); border-radius: 8px; overflow: hidden; display: flex; flex-direction: column;'>\n<div style='padding: 15px; border-bottom: 1px solid rgba(150&comma; 150&comma; 150&comma; 0.2); font-weight: bold; font-size: 18px; color: inherit;'>Caracter\u00edsticas t\u00e9cnicas<\/div>\n<div style='padding: 15px; color: inherit;'>\n<ul style='padding-left: 20px; margin: 0; font-size: 14px; list-style-type: disc;'>\n<li style='margin-bottom: 5px;'><strong>Conectividad:<\/strong> 2G y LTE Cat M1 (4G)<\/li>\n<li style='margin-bottom: 5px;'><strong>M\u00f3dulo GPS:<\/strong> Premium de Ublox<\/li>\n<li style='margin-bottom: 5px;'><strong>Detecci\u00f3n:<\/strong> Jammer<\/li>\n<li style='margin-bottom: 5px;'><strong>Funciones:<\/strong> Rastreo&comma; conducci\u00f3n eficiente&comma; registro de conductores<\/li>\n<\/ul><\/div>\n<\/p><\/div>\n<div style='flex: 1 1 300px; border: 1px solid rgba(150&comma; 150&comma; 150&comma; 0.4); border-radius: 8px; overflow: hidden; display: flex; flex-direction: column;'>\n<div style='padding: 15px; border-bottom: 1px solid rgba(150&comma; 150&comma; 150&comma; 0.2); font-weight: bold; font-size: 18px; color: inherit;'>Especificaciones<\/div>\n<div style='padding: 15px; color: inherit;'>\n<ul style='padding-left: 20px; margin: 0; font-size: 14px; list-style-type: disc;'>\n<li style='margin-bottom: 5px;'><strong>Dimensiones:<\/strong> Compacto<\/li>\n<li style='margin-bottom: 5px;'><strong>Alimentaci\u00f3n:<\/strong> 12-24V DC<\/li>\n<li style='margin-bottom: 5px;'><strong>Temperatura de operaci\u00f3n:<\/strong> -20\u00b0C a +70\u00b0C<\/li>\n<li style='margin-bottom: 5px;'><strong>Protecci\u00f3n:<\/strong> IP65<\/li>\n<\/ul><\/div>\n<\/p><\/div>\n<\/p><\/div>\n<hr style='border: 0; border-top: 1px solid rgba(150&comma; 150&comma; 150&comma; 0.3); margin: 30px 0;'>\n<div style='margin: 30px 0;'>\n<h3 style='font-size: 22px; border-bottom: 2px solid currentColor; padding-bottom: 5px; margin-top: 0; color: inherit; opacity: 0.8;'>Conexi\u00f3n con sensores<\/h3>\n<p style='font-size: 14px; text-align: justify; color: inherit; margin-bottom: 10px;'>El dispositivo permite conexi\u00f3n con sensores de combustible&comma; temperatura y puerta abierta\/cerrada&comma; facilitando el monitoreo integral del veh\u00edculo.<\/p>\n<\/p><\/div>\n<div style='margin: 30px 0;'>\n<h3 style='font-size: 22px; border-bottom: 2px solid currentColor; padding-bottom: 5px; margin-top: 0; color: inherit; opacity: 0.8;'>Compatibilidad<\/h3>\n<p style='font-size: 14px; text-align: justify; color: inherit; margin-bottom: 10px;'>Totalmente compatible con software de gesti\u00f3n de flotas y sistemas de monitoreo en tiempo real.<\/p>\n<\/p><\/div>\n<div style='margin: 30px 0;'>\n<h3 style='font-size: 22px; border-bottom: 1px solid currentColor; padding-bottom: 5px; margin-top: 0; color: inherit; opacity: 0.8;'>Soporte t\u00e9cnico<\/h3>\n<p style='font-size: 14px; text-align: justify; color: inherit; margin-bottom: 10px;'>Incluye soporte t\u00e9cnico especializado para instalaci\u00f3n y configuraci\u00f3n del sistema.<\/p>\n<\/p><\/div>\n<div style='margin: 30px 0;'>\n<h3 style='font-size: 22px; border-bottom: 1px solid currentColor; padding-bottom: 5px; margin-top: 0; color: inherit; opacity: 0.8;'>Garant\u00eda<\/h3>\n<p style='font-size: 14px; text-align: justify; color: inherit; margin-bottom: 10px;'>12 meses de garant\u00eda por defectos de f\u00e1brica.<\/p>\n<\/p><\/div>\n<hr style='border: 0; border-top: 1px solid rgba(150&comma; 150&comma; 150&comma; 0.3); margin: 30px 0;'>\n<div style='margin: 30px 0;'>\n<h3 style='font-size: 22px; border-bottom: 1px solid currentColor; padding-bottom: 5px; margin-top: 0; color: inherit; opacity: 0.8;'>Manual de usuario<\/h3>\n<p style='font-size: 14px; text-align: justify; color: inherit; margin-bottom: 10px;'>Disponible en formato digital para descarga inmediata desde el portal del fabricante.<\/p>\n<\/p><\/div>\n<div style='margin: 30px 0;'>\n<h3 style='font-size: 22px; border-bottom: 1px solid currentColor; padding-bottom: 5px; margin-top: 0; color: inherit; opacity: 0.8;'>Certificaciones<\/h3>\n<p style='font-size: 14px; text-align: justify; color: inherit; margin-bottom: 10px;'>Certificado CE&comma; FCC y cumplimiento con est\u00e1ndares de seguridad vehicular internacionales.<\/p>\n<\/p><\/div>\n<div style='margin: 30px 0;'>\n<h3 style='font-size: 22px; border-bottom: 1px solid currentColor; padding-bottom: 5px; margin-top: 0; color: inherit; opacity: 0.8;'>Contenido del kit<\/h3>\n<ul style='padding-left: 20px; font-size: 14px; color: inherit;'>\n<li style='margin-bottom: 5px;'>Rastreador TRACE5<\/li>\n<li style='margin-bottom: 5px;'>Tarjeta SIM30M2M<\/li>\n<li style='margin-bottom: 5px;'>Cableado de conexi\u00f3n<\/li>\n<li style='margin-bottom: 5px;'>Accesorios de montaje<\/li>\n<li style='margin-bottom: 5px;'>Gu\u00eda de instalaci\u00f3n<\/li>\n<\/ul><\/div>\n<hr style='border: 0; border-top: 1px solid rgba(150&comma; 150&comma; 150&comma; 0.3); margin: 30px 0;'>\n<div style='margin: 30px 0;'>\n<h3 style='font-size: 22px; border-bottom: 1px solid currentColor; padding-bottom: 5px; margin-top: 0; color: inherit; opacity: 0.8;'>V\u00eddeo explicativo<\/h3>\n<div style='position: relative; padding-bottom: 56.25%; height: 0; overflow: hidden; margin-top: 20px;'>   <\/div>\n<\/p><\/div>\n<\/p><\/div>\n","protected":false},"excerpt":{"rendered":"<p>Kit de Localizador Vehicular 2G y 4G\/ Rastreo \/ Conducci\u00f3n eficiente \/ Deteccion de Jammer \/ Registro de conductores \/ Relay + Bot\u00f3n de p\u00e1nico + EPCOMGPSMENSUAL + SIM30M2M + datos por 1 mes<\/p>\n","protected":false},"featured_media":55330,"comment_status":"open","ping_status":"closed","template":"","meta":[],"product_brand":[],"product_cat":[1346,1388],"product_tag":[1350,1349,1351,1389],"class_list":{"0":"post-55331","1":"product","2":"type-product","3":"status-publish","4":"has-post-thumbnail","6":"product_cat-iot","7":"product_cat-trackers-gps","8":"product_tag-gps-y-telematica","9":"product_tag-iot","10":"product_tag-ruptela","11":"product_tag-trackers-gps","13":"first","14":"outofstock","15":"sale","16":"shipping-taxable","17":"purchasable","18":"product-type-simple"},"_links":{"self":[{"href":"https:\/\/soydeaqui.ddns.net\/pachuca\/index.php\/wp-json\/wp\/v2\/product\/55331","targetHints":{"allow":["GET"]}}],"collection":[{"href":"https:\/\/soydeaqui.ddns.net\/pachuca\/index.php\/wp-json\/wp\/v2\/product"}],"about":[{"href":"https:\/\/soydeaqui.ddns.net\/pachuca\/index.php\/wp-json\/wp\/v2\/types\/product"}],"replies":[{"embeddable":true,"href":"https:\/\/soydeaqui.ddns.net\/pachuca\/index.php\/wp-json\/wp\/v2\/comments?post=55331"}],"wp:featuredmedia":[{"embeddable":true,"href":"https:\/\/soydeaqui.ddns.net\/pachuca\/index.php\/wp-json\/wp\/v2\/media\/55330"}],"wp:attachment":[{"href":"https:\/\/soydeaqui.ddns.net\/pachuca\/index.php\/wp-json\/wp\/v2\/media?parent=55331"}],"wp:term":[{"taxonomy":"product_brand","embeddable":true,"href":"https:\/\/soydeaqui.ddns.net\/pachuca\/index.php\/wp-json\/wp\/v2\/product_brand?post=55331"},{"taxonomy":"product_cat","embeddable":true,"href":"https:\/\/soydeaqui.ddns.net\/pachuca\/index.php\/wp-json\/wp\/v2\/product_cat?post=55331"},{"taxonomy":"product_tag","embeddable":true,"href":"https:\/\/soydeaqui.ddns.net\/pachuca\/index.php\/wp-json\/wp\/v2\/product_tag?post=55331"}],"curies":[{"name":"wp","href":"https:\/\/api.w.org\/{rel}","templated":true}]}}