{"id":54988,"date":"2026-03-19T02:37:51","date_gmt":"2026-03-19T02:37:51","guid":{"rendered":"https:\/\/soydeaqui.ddns.net\/pachuca\/index.php\/producto\/excelente-solucion-contra-jammers-rastreador-vehicular-y-de-activos-2g-con-bluetooth-bateria-de-larga-duracion-y-proteccion-ip68\/"},"modified":"2026-03-19T02:37:52","modified_gmt":"2026-03-19T02:37:52","slug":"excelente-solucion-contra-jammers-rastreador-vehicular-y-de-activos-2g-con-bluetooth-bateria-de-larga-duracion-y-proteccion-ip68","status":"publish","type":"product","link":"https:\/\/soydeaqui.ddns.net\/pachuca\/index.php\/producto\/excelente-solucion-contra-jammers-rastreador-vehicular-y-de-activos-2g-con-bluetooth-bateria-de-larga-duracion-y-proteccion-ip68\/","title":{"rendered":"Excelente Soluci\u00f3n Contra Jammers. Rastreador Vehicular y de Activos 2G con Bluetooth,  Bateria de Larga Duraci\u00f3n y Protecci\u00f3n IP68"},"content":{"rendered":"<div style='width: 100%; max-width: 1200px; margin: 0 auto; font-family: sans-serif; line-height: 1.6; color: inherit; background-color: transparent;'> <!-- Imagen principal centrada --> <\/p>\n<div style='text-align: center; margin: 30px 0;'> <img style='width: 100%; max-width: 600px; height: auto; border: 1px solid rgba(150&comma;150&comma;150&comma;0.3); border-radius: 8px;' src='https:\/\/ftp3.syscom.mx\/usuarios\/fotos\/TAT100\/208488-131938.png' alt='TAT100 Rastreador Vehicular'> <\/div>\n<p> <!-- Descripci\u00f3n general --> <\/p>\n<div style='margin-bottom: 30px;'>\n<p style='font-size: 16px; color: inherit; text-align: justify;'> TAT100.- Nuevo rastreador de activos&comma; robusto&comma; pr\u00e1ctico y con resistente carcasa contra agua y polvo (IP68)&comma; sus tres tipos de montaje proveen una instalaci\u00f3n extremadamente f\u00e1cil con capacidad de conectividad Bluetooth de bajo consumo y bater\u00eda de larga duraci\u00f3n. Perfectamente adaptable para el rastreo de bienes&comma; bobinas de cable&comma; herramientas&comma; equipo de construcci\u00f3n&comma; elevadores&comma; contenedores y una gran variedad de activos sin alimentaci\u00f3n de voltaje. <\/p>\n<\/p><\/div>\n<p> <!-- Funcionamiento --> <\/p>\n<div style='margin-bottom: 30px;'>\n<h3 style='font-size: 20px; border-bottom: 2px solid currentColor; padding-bottom: 5px; margin-top: 0; color: inherit; opacity: 0.8;'>C\u00f3mo funciona<\/h3>\n<p style='font-size: 16px; color: inherit; text-align: justify;'> Ambos dispositivos GPS deben instalarse en el mismo auto o en lugares ocultos. En este caso&comma; el FMC130 con cable funciona continuamente como dispositivo principal de seguimiento de veh\u00edculos (o dispositivo maestro)&comma; controlando los par\u00e1metros y eventos de inter\u00e9s para maximizar los beneficios para la gesti\u00f3n de flotas y las empresas de alquiler&comma; mientras que el TAT100 aut\u00f3nomo se utiliza \u00fanicamente como dispositivo de rastreo de reserva. Si el FMC130 es interferido o pierde comunicaci\u00f3n con el TAT100 este toma las funciones de rastreo de manera autom\u00e1tica. <\/p>\n<\/p><\/div>\n<p> <!-- Caracter\u00edsticas principales --> <\/p>\n<div style='margin-bottom: 30px;'>\n<h3 style='font-size: 20px; border-bottom: 2px solid currentColor; padding-bottom: 5px; margin-top: 0; color: inherit; opacity: 0.8;'>Caracter\u00edsticas principales<\/h3>\n<ul style='padding-left: 20px; font-size: 16px; color: inherit; list-style-type: disc;'>\n<li style='margin-bottom: 5px;'>Bater\u00eda con capacidad de hasta 1000 transmisiones<\/li>\n<li style='margin-bottom: 5px;'>Conectividad Bluetooth 4.0 LE<\/li>\n<li style='margin-bottom: 5px;'>Compatible con doble seguridad de Teltonika (funciona como respaldo si el equipo principal deja de trasmitir)<\/li>\n<li style='margin-bottom: 5px;'>Diferentes formas de montaje<\/li>\n<li style='margin-bottom: 5px;'>Configuraci\u00f3n y actualizaci\u00f3n remota v\u00eda FOTAWEB<\/li>\n<\/ul><\/div>\n<p> <!-- Especificaciones t\u00e9cnicas --> <\/p>\n<div style='margin-bottom: 30px;'>\n<h3 style='font-size: 20px; border-bottom: 2px solid currentColor; padding-bottom: 5px; margin-top: 0; color: inherit; opacity: 0.8;'>Especificaciones T\u00e9cnicas<\/h3>\n<div style='display: flex; flex-wrap: wrap; gap: 20px; margin-top: 20px;'> <!-- GNSS --> <\/p>\n<div style='flex: 1 1 250px; min-width: 250px;'>\n<div style='border: 1px solid rgba(150&comma; 150&comma; 150&comma; 0.4); border-radius: 8px; overflow: hidden;'>\n<div style='padding: 15px; border-bottom: 1px solid rgba(150&comma; 150&comma; 150&comma; 0.2); font-weight: bold; font-size: 18px; color: inherit;'>GNSS<\/div>\n<div style='padding: 15px; color: inherit;'>\n<ul style='padding-left: 20px; margin: 0; font-size: 14px; list-style-type: disc;'>\n<li style='margin-bottom: 5px;'>Antenas GNSS y GSM internas<\/li>\n<li style='margin-bottom: 5px;'>Aceler\u00f3metro<\/li>\n<li style='margin-bottom: 5px;'>Compatible con GPS&comma; GLONASS&comma; GALILEO&comma; BEIDOU&comma; SBAS&comma; QZSS&comma; DGPS&comma; AGPS<\/li>\n<li style='margin-bottom: 5px;'>Posicionamiento GNSS&comma; LBS<\/li>\n<\/ul><\/div>\n<\/p><\/div>\n<\/p><\/div>\n<p> <!-- Bluetooth --> <\/p>\n<div style='flex: 1 1 250px; min-width: 250px;'>\n<div style='border: 1px solid rgba(150&comma; 150&comma; 150&comma; 0.4); border-radius: 8px; overflow: hidden;'>\n<div style='padding: 15px; border-bottom: 1px solid rgba(150&comma; 150&comma; 150&comma; 0.2); font-weight: bold; font-size: 18px; color: inherit;'>Bluetooth<\/div>\n<div style='padding: 15px; color: inherit;'>\n<ul style='padding-left: 20px; margin: 0; font-size: 14px; list-style-type: disc;'>\n<li style='margin-bottom: 5px;'>Bluetooth 5.0<\/li>\n<\/ul><\/div>\n<\/p><\/div>\n<\/p><\/div>\n<p> <!-- Especificaciones F\u00edsicas --> <\/p>\n<div style='flex: 1 1 250px; min-width: 250px;'>\n<div style='border: 1px solid rgba(150&comma; 150&comma; 150&comma; 0.4); border-radius: 8px; overflow: hidden;'>\n<div style='padding: 15px; border-bottom: 1px solid rgba(150&comma; 150&comma; 150&comma; 0.2); font-weight: bold; font-size: 18px; color: inherit;'>Especificaciones F\u00edsicas<\/div>\n<div style='padding: 15px; color: inherit;'>\n<ul style='padding-left: 20px; margin: 0; font-size: 14px; list-style-type: disc;'>\n<li style='margin-bottom: 5px;'>Dimensiones 78 X 63 X 28 mm<\/li>\n<li style='margin-bottom: 5px;'>IP68<\/li>\n<\/ul><\/div>\n<\/p><\/div>\n<\/p><\/div>\n<p> <!-- Especificaciones El\u00e9ctricas --> <\/p>\n<div style='flex: 1 1 250px; min-width: 250px;'>\n<div style='border: 1px solid rgba(150&comma; 150&comma; 150&comma; 0.4); border-radius: 8px; overflow: hidden;'>\n<div style='padding: 15px; border-bottom: 1px solid rgba(150&comma; 150&comma; 150&comma; 0.2); font-weight: bold; font-size: 18px; color: inherit;'>Especificaciones El\u00e9ctricas<\/div>\n<div style='padding: 15px; color: inherit;'>\n<ul style='padding-left: 20px; margin: 0; font-size: 14px; list-style-type: disc;'>\n<li style='margin-bottom: 5px;'>Voltaje de Carga 5V CD<\/li>\n<li style='margin-bottom: 5px;'>Bater\u00eda intercambiable de Li-SOCI2 7.2 V 2200 mAh (15.84Wh)<\/li>\n<li style='margin-bottom: 5px;'>Duraci\u00f3n de hasta 1000 eventos<\/li>\n<\/ul><\/div>\n<\/p><\/div>\n<\/p><\/div>\n<p> <!-- Escenarios --> <\/p>\n<div style='flex: 1 1 250px; min-width: 250px;'>\n<div style='border: 1px solid rgba(150&comma; 150&comma; 150&comma; 0.4); border-radius: 8px; overflow: hidden;'>\n<div style='padding: 15px; border-bottom: 1px solid rgba(150&comma; 150&comma; 150&comma; 0.2); font-weight: bold; font-size: 18px; color: inherit;'>Escenarios<\/div>\n<div style='padding: 15px; color: inherit;'>\n<ul style='padding-left: 20px; margin: 0; font-size: 14px; list-style-type: disc;'>\n<li style='margin-bottom: 5px;'>Detecci\u00f3n de activaci\u00f3n de tamper<\/li>\n<li style='margin-bottom: 5px;'>Activaci\u00f3n por aceler\u00f3metro<\/li>\n<li style='margin-bottom: 5px;'>Rastreo en interiores<\/li>\n<li style='margin-bottom: 5px;'>Sensores Bluetooth (luz&comma; temperatura&comma; humedad&comma; etc.)<\/li>\n<li style='margin-bottom: 5px;'>Calendarizaci\u00f3n por zonas horarias<\/li>\n<\/ul><\/div>\n<\/p><\/div>\n<\/p><\/div>\n<p> <!-- SIM --> <\/p>\n<div style='flex: 1 1 250px; min-width: 250px;'>\n<div style='border: 1px solid rgba(150&comma; 150&comma; 150&comma; 0.4); border-radius: 8px; overflow: hidden;'>\n<div style='padding: 15px; border-bottom: 1px solid rgba(150&comma; 150&comma; 150&comma; 0.2); font-weight: bold; font-size: 18px; color: inherit;'>SIM<\/div>\n<div style='padding: 15px; color: inherit;'>\n<ul style='padding-left: 20px; margin: 0; font-size: 14px; list-style-type: disc;'>\n<li style='margin-bottom: 5px;'>Micro<\/li>\n<\/ul><\/div>\n<\/p><\/div>\n<\/p><\/div>\n<p> <!-- Requisitos de funcionamiento --> <\/p>\n<div style='flex: 1 1 250px; min-width: 250px;'>\n<div style='border: 1px solid rgba(150&comma; 150&comma; 150&comma; 0.4); border-radius: 8px; overflow: hidden;'>\n<div style='padding: 15px; border-bottom: 1px solid rgba(150&comma; 150&comma; 150&comma; 0.2); font-weight: bold; font-size: 18px; color: inherit;'>\u00bfQu\u00e9 necesita para el funcionamiento?<\/div>\n<div style='padding: 15px; color: inherit;'>\n<ul style='padding-left: 20px; margin: 0; font-size: 14px; list-style-type: disc;'>\n<li style='margin-bottom: 5px;'>Plataforma EPCOMGPSCODE o EPCOMGPS<\/li>\n<li style='margin-bottom: 5px;'>SIM500MB2Y&comma; SIM600MB1Y&comma; MICROSIM30M2M y MICSIM25GPS<\/li>\n<\/ul><\/div>\n<\/p><\/div>\n<\/p><\/div>\n<\/p><\/div>\n<\/p><\/div>\n<p> <!-- Nota importante --> <\/p>\n<div style='margin-bottom: 30px;'>\n<p style='font-size: 16px; color: inherit;'> <strong>**El tiempo de respaldo de la bater\u00eda var\u00eda dependiendo de la programaci\u00f3n.<\/strong> <\/p>\n<\/p><\/div>\n<p> <!-- Im\u00e1genes adicionales --> <\/p>\n<div style='display: flex; flex-wrap: wrap; gap: 20px; justify-content: center; margin: 30px 0;'>\n<div style='flex: 1 1 300px; min-width: 280px;'> <img style='width: 100%; height: auto; border: 1px solid rgba(150&comma;150&comma;150&comma;0.3); border-radius: 8px;' src='https:\/\/ftp3.syscom.mx\/usuarios\/fotos\/TAT100\/208488-dcscsdcsd.png' alt=''> <\/div>\n<div style='flex: 1 1 300px; min-width: 280px;'> <img style='width: 100%; height: auto; border: 1px solid rgba(150&comma;150&comma;150&comma;0.3); border-radius: 8px;' src='https:\/\/ftp3.syscom.mx\/usuarios\/fotos\/TAT100\/208488-bgbfgbf.png' alt=''> <\/div>\n<div style='flex: 1 1 300px; min-width: 280px;'> <img style='width: 100%; height: auto; border: 1px solid rgba(150&comma;150&comma;150&comma;0.3); border-radius: 8px;' src='https:\/\/ftp3.syscom.mx\/usuarios\/fotos\/TAT100\/208488-bgbfgb.png' alt=''> <\/div>\n<div style='flex: 1 1 300px; min-width: 280px;'> <img style='width: 100%; height: auto; border: 1px solid rgba(150&comma;150&comma;150&comma;0.3); border-radius: 8px;' src='https:\/\/ftp3.syscom.mx\/usuarios\/fotos\/TAT100\/208488-asaxxas.png' alt=''> <\/div>\n<div style='flex: 1 1 300px; min-width: 280px;'> <img style='width: 100%; height: auto; border: 1px solid rgba(150&comma;150&comma;150&comma;0.3); border-radius: 8px;' src='https:\/\/ftp3.syscom.mx\/usuarios\/fotos\/TAT100\/208488-bgfbgsds.png' alt=''> <\/div>\n<div style='flex: 1 1 300px; min-width: 280px;'> <img style='width: 100%; height: auto; border: 1px solid rgba(150&comma;150&comma;150&comma;0.3); border-radius: 8px;' src='https:\/\/ftp3.syscom.mx\/usuarios\/fotos\/TAT100\/208488-defdsds.png' alt=''> <\/div>\n<\/p><\/div>\n<p> <!-- Video de YouTube --> <\/p>\n<div style='margin: 30px 0;'>\n<div style='position: relative; padding-bottom: 56.25%; height: 0; overflow: hidden;'>   <\/div>\n<\/p><\/div>\n<\/p><\/div>\n","protected":false},"excerpt":{"rendered":"<p>Excelente Soluci\u00f3n Contra Jammers. Rastreador Vehicular y de Activos 2G con Bluetooth,  Bateria de Larga Duraci\u00f3n y Protecci\u00f3n IP68<\/p>\n","protected":false},"featured_media":54987,"comment_status":"open","ping_status":"closed","template":"","meta":[],"product_brand":[],"product_cat":[1346,1388],"product_tag":[1350,1349,1430,1389],"class_list":{"0":"post-54988","1":"product","2":"type-product","3":"status-publish","4":"has-post-thumbnail","6":"product_cat-iot","7":"product_cat-trackers-gps","8":"product_tag-gps-y-telematica","9":"product_tag-iot","10":"product_tag-teltonika","11":"product_tag-trackers-gps","13":"first","14":"outofstock","15":"sale","16":"shipping-taxable","17":"purchasable","18":"product-type-simple"},"_links":{"self":[{"href":"https:\/\/soydeaqui.ddns.net\/pachuca\/index.php\/wp-json\/wp\/v2\/product\/54988","targetHints":{"allow":["GET"]}}],"collection":[{"href":"https:\/\/soydeaqui.ddns.net\/pachuca\/index.php\/wp-json\/wp\/v2\/product"}],"about":[{"href":"https:\/\/soydeaqui.ddns.net\/pachuca\/index.php\/wp-json\/wp\/v2\/types\/product"}],"replies":[{"embeddable":true,"href":"https:\/\/soydeaqui.ddns.net\/pachuca\/index.php\/wp-json\/wp\/v2\/comments?post=54988"}],"wp:featuredmedia":[{"embeddable":true,"href":"https:\/\/soydeaqui.ddns.net\/pachuca\/index.php\/wp-json\/wp\/v2\/media\/54987"}],"wp:attachment":[{"href":"https:\/\/soydeaqui.ddns.net\/pachuca\/index.php\/wp-json\/wp\/v2\/media?parent=54988"}],"wp:term":[{"taxonomy":"product_brand","embeddable":true,"href":"https:\/\/soydeaqui.ddns.net\/pachuca\/index.php\/wp-json\/wp\/v2\/product_brand?post=54988"},{"taxonomy":"product_cat","embeddable":true,"href":"https:\/\/soydeaqui.ddns.net\/pachuca\/index.php\/wp-json\/wp\/v2\/product_cat?post=54988"},{"taxonomy":"product_tag","embeddable":true,"href":"https:\/\/soydeaqui.ddns.net\/pachuca\/index.php\/wp-json\/wp\/v2\/product_tag?post=54988"}],"curies":[{"name":"wp","href":"https:\/\/api.w.org\/{rel}","templated":true}]}}