{"id":54856,"date":"2026-03-19T02:33:39","date_gmt":"2026-03-19T02:33:39","guid":{"rendered":"https:\/\/soydeaqui.ddns.net\/pachuca\/index.php\/producto\/sim-telcel-6-gb-mensual-para-dispositivos-moviles-3g-4g-telcel-1-ano-de-servicio-solo-datos\/"},"modified":"2026-03-19T02:33:40","modified_gmt":"2026-03-19T02:33:40","slug":"sim-telcel-6-gb-mensual-para-dispositivos-moviles-3g-4g-telcel-1-ano-de-servicio-solo-datos","status":"publish","type":"product","link":"https:\/\/soydeaqui.ddns.net\/pachuca\/index.php\/producto\/sim-telcel-6-gb-mensual-para-dispositivos-moviles-3g-4g-telcel-1-ano-de-servicio-solo-datos\/","title":{"rendered":"SIM TELCEL 6 GB mensual para dispositivos m\u00f3viles 3G\/4G (Telcel) 1 a\u00f1o de servicio (solo datos)"},"content":{"rendered":"<div style='width: 100%; max-width: 1200px; margin: 0 auto; font-family: sans-serif; line-height: 1.6; color: inherit; background-color: transparent;'>\n<div style='display: flex; flex-wrap: wrap; gap: 30px; margin-bottom: 30px;'>\n<div style='flex: 1 1 300px; min-width: 280px;'>\n<h3 style='font-size: 22px; border-bottom: 2px solid currentColor; padding-bottom: 5px; margin-top: 0; color: inherit; opacity: 0.8;'>Caracter\u00edsticas<\/h3>\n<ul style='padding-left: 20px; font-size: 15px; color: inherit;'>\n<li style='margin-bottom: 5px;'>\n<p>Este SIM es compatible con la red de TELCEL&comma; ofrece 6GB mensual por un 1 a\u00f1o.<\/p>\n<\/li>\n<li style='margin-bottom: 5px;'><span style='text-decoration: underline; font-size: 18pt; color: #f29d12;'><strong>REQUIERE ACTIVACI\u00d3N<\/strong><\/span><\/li>\n<li style='margin-bottom: 5px;'><span style='text-decoration: underline; font-size: 18pt; color: #2880b9;'><strong>El procedimiento lo encuentra en: <a href='https:\/\/soporte.syscom.mx\/es\/articles\/7235212-sim1telcel-5gb-10gb-activacion' style='color: #2880b9; text-decoration: underline;'>https:\/\/soporte.syscom.mx\/es\/articles\/7235212-sim1telcel-5gb-10gb-activacion<\/a><\/strong><\/span><\/li>\n<li style='margin-bottom: 5px;'><strong>Ingrese a syscom.mx\/panel\/servicios para la activacion<\/strong><\/li>\n<li style='margin-bottom: 5px;'><strong>El SIM6GBTELCEL tiene servicio a nivel nacional (Cobertura en M\u00e9xico) y servicio de roaming en Estados Unidos y Canad\u00e1 (Pol\u00edtica de Permanencia).<\/strong><\/li>\n<\/ul><\/div>\n<\/p><\/div>\n<div style='display: flex; flex-wrap: wrap; gap: 20px; margin-bottom: 30px;'>\n<div style='flex: 1 1 250px; border: 1px solid rgba(150&comma; 150&comma; 150&comma; 0.4); border-radius: 8px; overflow: hidden; display: flex; flex-direction: column;'>\n<div style='padding: 15px; border-bottom: 1px solid rgba(150&comma; 150&comma; 150&comma; 0.2); font-weight: bold; font-size: 18px; color: inherit;'>No incluye<\/div>\n<div style='padding: 15px; color: inherit;'>\n<ul style='padding-left: 20px; margin: 0; font-size: 14px; list-style-type: disc;'>\n<li style='margin-bottom: 5px;'>Navegaci\u00f3n en <strong>Redes Sociales<\/strong> de manera Gratuita<\/li>\n<li style='margin-bottom: 5px;'>Env\u00edo de Mensajes <strong>SMS<\/strong><\/li>\n<li style='margin-bottom: 5px;'>Llamadas<\/li>\n<li style='margin-bottom: 5px;'>Una vez solicitada la activaci\u00f3n no es posible cancelar el servicio<\/li>\n<\/ul><\/div>\n<\/p><\/div>\n<div style='flex: 1 1 250px; border: 1px solid rgba(150&comma; 150&comma; 150&comma; 0.4); border-radius: 8px; overflow: hidden; display: flex; flex-direction: column;'>\n<div style='padding: 15px; border-bottom: 1px solid rgba(150&comma; 150&comma; 150&comma; 0.2); font-weight: bold; font-size: 18px; color: inherit;'>Equipos compatibles<\/div>\n<div style='padding: 15px; color: inherit;'>\n<ul style='padding-left: 20px; margin: 0; font-size: 14px; list-style-type: disc;'>\n<li style='margin-bottom: 5px;'>JC400<\/li>\n<li style='margin-bottom: 5px;'>JC400D<\/li>\n<li style='margin-bottom: 5px;'><a href='https:\/\/www.syscom.mx\/principal\/searchcont?route=AE-DI5042-G4-HIKVISION-196402&#038;autodetect=G4' style='color: inherit; text-decoration: underline;'>AE-DI5042-G4<\/a><\/li>\n<\/ul><\/div>\n<\/p><\/div>\n<div style='flex: 1 1 250px; border: 1px solid rgba(150&comma; 150&comma; 150&comma; 0.4); border-radius: 8px; overflow: hidden; display: flex; flex-direction: column;'>\n<div style='padding: 15px; border-bottom: 1px solid rgba(150&comma; 150&comma; 150&comma; 0.2); font-weight: bold; font-size: 18px; color: inherit;'>Configuraci\u00f3n<\/div>\n<div style='padding: 15px; color: inherit;'>\n<p style='margin-top: 0; margin-bottom: 10px;'>Requiere configuraci\u00f3n de nueva APN en el dispositivo.<\/p>\n<div style='margin-top: 15px; border: 1px solid rgba(150&comma; 150&comma; 150&comma; 0.3); border-radius: 6px; padding: 10px; background-color: rgba(200&comma; 200&comma; 200&comma; 0.05); font-family: monospace; font-size: 14px; overflow-wrap: break-word; white-space: pre-wrap;'> Nombre: TELCEL APN wwwcorps.itelcel.com Usuario: (en blanco) Contrase\u00f1a: (en blanco) <\/div>\n<\/p><\/div>\n<\/p><\/div>\n<\/p><\/div>\n<div style='display: flex; flex-wrap: wrap; gap: 30px; margin-bottom: 30px;'>\n<div style='flex: 1 1 300px; min-width: 280px;'>\n<h3 style='font-size: 22px; border-bottom: 2px solid currentColor; padding-bottom: 5px; margin-top: 0; color: inherit; opacity: 0.8;'>Informaci\u00f3n adicional<\/h3>\n<ul style='padding-left: 20px; font-size: 15px; color: inherit;'>\n<li style='margin-bottom: 5px;'><strong>Importante:<\/strong> La cobertura telef\u00f3nica es proporcionada por Telcel. Se deben hacer pruebas previas en la zona donde se planea utilizar el SIM para descartar cualquier problema de cobertura.<\/li>\n<li style='margin-bottom: 5px;'><strong>Renovaci\u00f3n:<\/strong> Debe solicitar a su agente de ventas el producto RSIM6GBTELCEL&comma; es importante iniciar con el proceso de renovaci\u00f3n 2 semanas antes ya que este es el tiempo aproximado que demora la renovaci\u00f3n.<\/li>\n<\/ul><\/div>\n<\/p><\/div>\n<\/p><\/div>\n","protected":false},"excerpt":{"rendered":"<p>SIM TELCEL 6 GB mensual para dispositivos m\u00f3viles 3G\/4G (Telcel) 1 a\u00f1o de servicio (solo datos)<\/p>\n","protected":false},"featured_media":54855,"comment_status":"open","ping_status":"closed","template":"","meta":[],"product_brand":[],"product_cat":[1348,1346],"product_tag":[93,1350,1349,63],"class_list":{"0":"post-54856","1":"product","2":"type-product","3":"status-publish","4":"has-post-thumbnail","6":"product_cat-accesorios-gps-y-telematica","7":"product_cat-iot","8":"product_tag-accesorios","9":"product_tag-gps-y-telematica","10":"product_tag-iot","11":"product_tag-syscom","13":"first","14":"outofstock","15":"sale","16":"shipping-taxable","17":"purchasable","18":"product-type-simple"},"_links":{"self":[{"href":"https:\/\/soydeaqui.ddns.net\/pachuca\/index.php\/wp-json\/wp\/v2\/product\/54856","targetHints":{"allow":["GET"]}}],"collection":[{"href":"https:\/\/soydeaqui.ddns.net\/pachuca\/index.php\/wp-json\/wp\/v2\/product"}],"about":[{"href":"https:\/\/soydeaqui.ddns.net\/pachuca\/index.php\/wp-json\/wp\/v2\/types\/product"}],"replies":[{"embeddable":true,"href":"https:\/\/soydeaqui.ddns.net\/pachuca\/index.php\/wp-json\/wp\/v2\/comments?post=54856"}],"wp:featuredmedia":[{"embeddable":true,"href":"https:\/\/soydeaqui.ddns.net\/pachuca\/index.php\/wp-json\/wp\/v2\/media\/54855"}],"wp:attachment":[{"href":"https:\/\/soydeaqui.ddns.net\/pachuca\/index.php\/wp-json\/wp\/v2\/media?parent=54856"}],"wp:term":[{"taxonomy":"product_brand","embeddable":true,"href":"https:\/\/soydeaqui.ddns.net\/pachuca\/index.php\/wp-json\/wp\/v2\/product_brand?post=54856"},{"taxonomy":"product_cat","embeddable":true,"href":"https:\/\/soydeaqui.ddns.net\/pachuca\/index.php\/wp-json\/wp\/v2\/product_cat?post=54856"},{"taxonomy":"product_tag","embeddable":true,"href":"https:\/\/soydeaqui.ddns.net\/pachuca\/index.php\/wp-json\/wp\/v2\/product_tag?post=54856"}],"curies":[{"name":"wp","href":"https:\/\/api.w.org\/{rel}","templated":true}]}}