{"id":54720,"date":"2026-03-19T02:29:46","date_gmt":"2026-03-19T02:29:46","guid":{"rendered":"https:\/\/soydeaqui.ddns.net\/pachuca\/index.php\/producto\/torreta-48-serie-12-con-130-led-dual-color-rojo-azul-claro-ambar-ideal-para-equipar-unidades-de-policia\/"},"modified":"2026-03-19T02:29:55","modified_gmt":"2026-03-19T02:29:55","slug":"torreta-48-serie-12-con-130-led-dual-color-rojo-azul-claro-ambar-ideal-para-equipar-unidades-de-policia","status":"publish","type":"product","link":"https:\/\/soydeaqui.ddns.net\/pachuca\/index.php\/producto\/torreta-48-serie-12-con-130-led-dual-color-rojo-azul-claro-ambar-ideal-para-equipar-unidades-de-policia\/","title":{"rendered":"Torreta 48&#8243; Serie 12 con 130 LED, dual color rojo\/azul\/claro\/ambar, ideal para equipar unidades de policia"},"content":{"rendered":"<div style='width: 100%; max-width: 1200px; margin: 0 auto; font-family: sans-serif; line-height: 1.6; color: inherit; background-color: transparent;'>\n<div style='display: flex; flex-wrap: wrap; gap: 30px; margin-bottom: 30px;'>\n<div style='flex: 1 1 300px; min-width: 280px;'>\n<h3 style='font-size: 22px; border-bottom: 2px solid currentColor; padding-bottom: 5px; margin-top: 0; color: inherit; opacity: 0.8;'>Descripci\u00f3n<\/h3>\n<p style='font-size: 15px; color: inherit; margin-bottom: 15px;'>La barra de luces de la serie 12 proporciona una advertencia excepcional y un rendimiento amplio de \u00e1ngulo \u00f3ptico de luz LED de uno o dual color.<\/p>\n<p style='font-size: 15px; color: inherit; margin-bottom: 15px;'>Esta discreta barra de luces complementa la l\u00ednea del techo del veh\u00edculo al mismo tiempo que brinda una salida intensa con docenas de patrones de destellos. Dise\u00f1ada para una f\u00e1cil instalaci\u00f3n y personalizaci\u00f3n&comma; elija entre m\u00faltiples longitudes y configuraciones para cumplir con los requisitos de la flota.<\/p>\n<\/p><\/div>\n<\/p><\/div>\n<div style='display: flex; flex-wrap: wrap; gap: 30px; margin-bottom: 30px;'>\n<div style='flex: 1 1 300px; min-width: 280px;'>\n<h3 style='font-size: 22px; border-bottom: 2px solid currentColor; padding-bottom: 5px; margin-top: 0; color: inherit; opacity: 0.8;'>Caracter\u00edsticas<\/h3>\n<ul style='padding-left: 20px; font-size: 15px; color: inherit;'>\n<li style='margin-bottom: 5px;'>48 patrones de destello<\/li>\n<li style='margin-bottom: 5px;'>M\u00f3dulos con tecnolog\u00eda ICE para mayor visibilidad de luz<\/li>\n<li style='margin-bottom: 5px;'>Completamente configurable<\/li>\n<li style='margin-bottom: 5px;'>Luces de Penetraci\u00f3n<\/li>\n<li style='margin-bottom: 5px;'>Luces Callejoneras<\/li>\n<li style='margin-bottom: 5px;'>Chasis de aluminio<\/li>\n<li style='margin-bottom: 5px;'>Domos y base de policarbonato<\/li>\n<li style='margin-bottom: 5px;'>130 LEDs \u00faltima generaci\u00f3n<\/li>\n<li style='margin-bottom: 5px;'>Dual Color<\/li>\n<li style='margin-bottom: 5px;'>Longitud 48&#8217;&comma; Altura 4.2\u201d y Ancho 11\u201d<\/li>\n<li style='margin-bottom: 5px;'>Rango de temperatura: -30 a 50 \u00b0C<\/li>\n<li style='margin-bottom: 5px;'>Montaje de gancho<\/li>\n<\/ul><\/div>\n<div style='flex: 1 1 300px; min-width: 280px;'>\n<h3 style='font-size: 22px; border-bottom: 2px solid currentColor; padding-bottom: 5px; margin-top: 0; color: inherit; opacity: 0.8;'>Opciones<\/h3>\n<ul style='padding-left: 20px; font-size: 15px; color: inherit;'>\n<li style='margin-bottom: 5px;'>Opciones de longitud: 18&#8217;&comma; 22&#8217;&comma; 36&#8217;&comma; 44&#8217;&comma; 47&#8217;&comma; 52&#8217;&comma; 58&#8217;&comma; 69&#8217;&comma; 80&#8242; y 91&#8242;<\/li>\n<li style='margin-bottom: 5px;'>Emisor 795H Opticom \u2122 o N-3<\/li>\n<li style='margin-bottom: 5px;'>Lentes superiores disponibles en lentes superiores rojas&comma; azules&comma; \u00e1mbar&comma; tintadas o negras.<\/li>\n<li style='margin-bottom: 5px;'>Desconexi\u00f3n r\u00e1pida<\/li>\n<li style='margin-bottom: 5px;'>Lente inferior disponible en \u00e1mbar&comma; transparente o tintada para configuraciones espec\u00edficas<\/li>\n<\/ul><\/div>\n<div style='flex: 1 1 300px; min-width: 280px;'>\n<h3 style='font-size: 22px; border-bottom: 2px solid currentColor; padding-bottom: 5px; margin-top: 0; color: inherit; opacity: 0.8;'>Especificaciones T\u00e9cnicas<\/h3>\n<ul style='padding-left: 20px; font-size: 15px; color: inherit;'>\n<li style='margin-bottom: 5px;'><strong>Voltaje:<\/strong> 12-24 Vcc<\/li>\n<li style='margin-bottom: 5px;'><strong>Consumo:<\/strong> 11 Amp<\/li>\n<li style='margin-bottom: 5px;'><strong>Dimensiones:<\/strong> 48&#8242; x 4.2&#8242; x 11&#8242; (Ancho x Altura x Profundidad)<\/li>\n<\/ul><\/div>\n<\/p><\/div>\n<div style='display: flex; flex-wrap: wrap; gap: 30px; margin-bottom: 30px;'>\n<div style='flex: 1 1 300px; min-width: 280px;'>\n<h3 style='font-size: 22px; border-bottom: 2px solid currentColor; padding-bottom: 5px; margin-top: 0; color: inherit; opacity: 0.8;'>Configuraci\u00f3n<\/h3>\n<p style='font-size: 15px; color: inherit; margin-bottom: 15px;'>Configuracion de Torreta dual color rojo\/azul Dual Color para policia<\/p>\n<p> <img style='width: 100%; height: auto; border: 1px solid rgba(150&comma;150&comma;150&comma;0.3); border-radius: 8px;' src='https:\/\/ftp3.syscom.mx\/usuarios\/abelg\/ECCO\/Serie%2012%20Dual%20Color%20F.JPG' alt=''> <\/div>\n<\/p><\/div>\n<\/p><\/div>\n","protected":false},"excerpt":{"rendered":"<p>Torreta 48&#8243; Serie 12 con 130 LED, dual color rojo\/azul\/claro\/ambar, ideal para equipar unidades de policia<\/p>\n","protected":false},"featured_media":54719,"comment_status":"open","ping_status":"closed","template":"","meta":[],"product_brand":[],"product_cat":[1358],"product_tag":[1356,502,1359],"class_list":{"0":"post-54720","1":"product","2":"type-product","3":"status-publish","4":"has-post-thumbnail","6":"product_cat-rojo-azul","7":"product_tag-barras-de-luz-torretas-vehiculares","8":"product_tag-ecco","9":"product_tag-rojo-azul","11":"first","12":"instock","13":"sale","14":"shipping-taxable","15":"purchasable","16":"product-type-simple"},"_links":{"self":[{"href":"https:\/\/soydeaqui.ddns.net\/pachuca\/index.php\/wp-json\/wp\/v2\/product\/54720","targetHints":{"allow":["GET"]}}],"collection":[{"href":"https:\/\/soydeaqui.ddns.net\/pachuca\/index.php\/wp-json\/wp\/v2\/product"}],"about":[{"href":"https:\/\/soydeaqui.ddns.net\/pachuca\/index.php\/wp-json\/wp\/v2\/types\/product"}],"replies":[{"embeddable":true,"href":"https:\/\/soydeaqui.ddns.net\/pachuca\/index.php\/wp-json\/wp\/v2\/comments?post=54720"}],"wp:featuredmedia":[{"embeddable":true,"href":"https:\/\/soydeaqui.ddns.net\/pachuca\/index.php\/wp-json\/wp\/v2\/media\/54719"}],"wp:attachment":[{"href":"https:\/\/soydeaqui.ddns.net\/pachuca\/index.php\/wp-json\/wp\/v2\/media?parent=54720"}],"wp:term":[{"taxonomy":"product_brand","embeddable":true,"href":"https:\/\/soydeaqui.ddns.net\/pachuca\/index.php\/wp-json\/wp\/v2\/product_brand?post=54720"},{"taxonomy":"product_cat","embeddable":true,"href":"https:\/\/soydeaqui.ddns.net\/pachuca\/index.php\/wp-json\/wp\/v2\/product_cat?post=54720"},{"taxonomy":"product_tag","embeddable":true,"href":"https:\/\/soydeaqui.ddns.net\/pachuca\/index.php\/wp-json\/wp\/v2\/product_tag?post=54720"}],"curies":[{"name":"wp","href":"https:\/\/api.w.org\/{rel}","templated":true}]}}