{"id":54669,"date":"2026-03-19T02:28:03","date_gmt":"2026-03-19T02:28:03","guid":{"rendered":"https:\/\/soydeaqui.ddns.net\/pachuca\/index.php\/producto\/kit-smart-computing-hub-para-exterior-tri-band-wi-fi-5-iot-gateway-64-bit-quad-core-cpu-almacenamiento-local-hasta-2tb-ip65-multitud-de-conexiones-servicios-en-la-nube-de-veea-por-1-ano\/"},"modified":"2026-03-19T02:28:04","modified_gmt":"2026-03-19T02:28:04","slug":"kit-smart-computing-hub-para-exterior-tri-band-wi-fi-5-iot-gateway-64-bit-quad-core-cpu-almacenamiento-local-hasta-2tb-ip65-multitud-de-conexiones-servicios-en-la-nube-de-veea-por-1-ano","status":"publish","type":"product","link":"https:\/\/soydeaqui.ddns.net\/pachuca\/index.php\/producto\/kit-smart-computing-hub-para-exterior-tri-band-wi-fi-5-iot-gateway-64-bit-quad-core-cpu-almacenamiento-local-hasta-2tb-ip65-multitud-de-conexiones-servicios-en-la-nube-de-veea-por-1-ano\/","title":{"rendered":"Kit Smart Computing Hub para Exterior \/ Tri-band Wi-Fi 5 \/ IoT Gateway \/ 64-bit Quad-core CPU \/ Almacenamiento Local hasta 2TB \/ IP65 \/ Multitud de Conexiones\/ Servicios en la Nube de Veea por 1 a\u00f1o\/ Gesti\u00f3n Inal\u00e1mbrica de Veea 50 Dis"},"content":{"rendered":"<div style='width: 100%; max-width: 1200px; margin: 0 auto; font-family: sans-serif; line-height: 1.6; color: inherit; background-color: transparent;'> <!-- Secci\u00f3n de descripci\u00f3n general --> <\/p>\n<div style='margin-bottom: 30px;'>\n<p style='font-size: 18px; line-height: 1.6; margin: 0 0 20px; color: inherit;'>El VeeaHub Pro VHH09 es un hub de computaci\u00f3n inteligente para exteriores que proporciona procesamiento de nivel empresarial y una amplia gama de opciones de conectividad simult\u00e1nea. Dise\u00f1ado para aplicaciones de borde inteligentes en entornos al aire libre e industriales&comma; integra conectividad inal\u00e1mbrica&comma; recursos de computaci\u00f3n y suficiente almacenamiento para soportar aplicaciones de borde intensivas en datos y IoT con inteligencia artificial sin c\u00f3digo&comma; todo asegurado por una cadena de confianza desde el hardware.<\/p>\n<\/p><\/div>\n<p> <!-- Secci\u00f3n de caracter\u00edsticas principales --> <\/p>\n<div style='margin-bottom: 30px;'>\n<h3 style='font-size: 22px; border-bottom: 2px solid currentColor; padding-bottom: 5px; margin-top: 0; margin-bottom: 20px; color: inherit; opacity: 0.8;'>Caracter\u00edsticas Principales<\/h3>\n<div style='display: flex; flex-wrap: wrap; gap: 20px;'>\n<div style='flex: 1 1 300px; min-width: 280px;'>\n<ul style='padding-left: 20px; font-size: 15px; color: inherit; list-style-type: disc;'>\n<li style='margin-bottom: 5px;'>Punto de acceso Wi-Fi 5 de triple banda con capacidades de malla avanzadas.<\/li>\n<li style='margin-bottom: 5px;'>Gateway IoT compatible con m\u00faltiples protocolos como Bluetooth&comma; Zigbee&comma; y m\u00e1s.<\/li>\n<li style='margin-bottom: 5px;'>Servidor Linux con CPU de cu\u00e1druple n\u00facleo de 64 bits.<\/li>\n<li style='margin-bottom: 5px;'>Entorno virtualizado para contenedores Docker seguros.<\/li>\n<li style='margin-bottom: 5px;'>Hasta 2TB de almacenamiento local expansible v\u00eda microSDXC.<\/li>\n<li style='margin-bottom: 5px;'>Administraci\u00f3n completa en la nube multitenant.<\/li>\n<li style='margin-bottom: 5px;'>Soporte para flujos de trabajo de IA sin c\u00f3digo.<\/li>\n<li style='margin-bottom: 5px;'>Dise\u00f1o sin ventilador adecuado para exteriores con clasificaci\u00f3n IP65.<\/li>\n<\/ul><\/div>\n<\/p><\/div>\n<\/p><\/div>\n<p> <!-- Secci\u00f3n de especificaciones t\u00e9cnicas --> <\/p>\n<div style='margin-bottom: 30px;'>\n<h3 style='font-size: 22px; border-bottom: 2px solid currentColor; padding-bottom: 5px; margin-top: 0; margin-bottom: 20px; color: inherit; opacity: 0.8;'>Detalles T\u00e9cnicos<\/h3>\n<div style='display: flex; flex-wrap: wrap; gap: 20px;'>\n<div style='flex: 1 1 250px; border: 1px solid rgba(150&comma; 150&comma; 150&comma; 0.4); border-radius: 8px; overflow: hidden; display: flex; flex-direction: column;'>\n<div style='padding: 15px; border-bottom: 1px solid rgba(150&comma; 150&comma; 150&comma; 0.2); font-weight: bold; font-size: 18px; color: inherit;'>Especificaciones<\/div>\n<div style='padding: 15px; color: inherit;'>\n<ul style='padding-left: 20px; margin: 0; font-size: 14px; list-style-type: disc;'>\n<li style='margin-bottom: 5px;'>Procesador Arm ARMv8 de cuatro n\u00facleos a 1.5GHz.<\/li>\n<li style='margin-bottom: 5px;'>Memoria 8 GB PCDDR4.<\/li>\n<li style='margin-bottom: 5px;'>Almacenamiento interno de 32 GB eMMC.<\/li>\n<li style='margin-bottom: 5px;'>Almacenamiento externo hasta 2TB mediante microSDXC.<\/li>\n<li style='margin-bottom: 5px;'>Motor de criptograf\u00eda para acelerar hardware.<\/li>\n<li style='margin-bottom: 5px;'>Temperatura de operaci\u00f3n de -40\u00b0C a 65\u00b0C.<\/li>\n<li style='margin-bottom: 5px;'>Dimensiones: 360mm x 295mm x 90mm.<\/li>\n<li style='margin-bottom: 5px;'>Peso: 2.8 kg.<\/li>\n<\/ul><\/div>\n<\/p><\/div>\n<div style='flex: 1 1 250px; border: 1px solid rgba(150&comma; 150&comma; 150&comma; 0.4); border-radius: 8px; overflow: hidden; display: flex; flex-direction: column;'>\n<div style='padding: 15px; border-bottom: 1px solid rgba(150&comma; 150&comma; 150&comma; 0.2); font-weight: bold; font-size: 18px; color: inherit;'>Interfaces y Conectividad<\/div>\n<div style='padding: 15px; color: inherit;'>\n<ul style='padding-left: 20px; margin: 0; font-size: 14px; list-style-type: disc;'>\n<li style='margin-bottom: 5px;'>Wi-Fi de doble banda IEEE 802.11 a\/b\/n\/ac.<\/li>\n<li style='margin-bottom: 5px;'>Soporta Bluetooth 5.x y Zigbee 3.0.<\/li>\n<li style='margin-bottom: 5px;'>1 puerto WAN\/LAN 10\/100\/1000 con PoE.<\/li>\n<li style='margin-bottom: 5px;'>RS232\/422\/485 a trav\u00e9s de conector M12 de 5 pines.<\/li>\n<li style='margin-bottom: 5px;'>Conexi\u00f3n mesh v\u00eda vMesh\u00ae.<\/li>\n<li style='margin-bottom: 5px;'>Compatibilidad con IPv4 e IPv6.<\/li>\n<li style='margin-bottom: 5px;'>Soporte para m\u00f3dulos 4G LTE opcionales.<\/li>\n<li style='margin-bottom: 5px;'>Compatibilidad con LoRaWAN en frecuencias de 900 MHz&comma; 868 MHz&comma; y 470 MHz.<\/li>\n<\/ul><\/div>\n<\/p><\/div>\n<\/p><\/div>\n<\/p><\/div>\n<p> <!-- Secci\u00f3n de aplicaciones y casos de uso --> <\/p>\n<div style='margin-bottom: 30px;'>\n<h3 style='font-size: 22px; border-bottom: 2px solid currentColor; padding-bottom: 5px; margin-top: 0; margin-bottom: 20px; color: inherit; opacity: 0.8;'>Aplicaciones y Casos de Uso<\/h3>\n<div style='display: flex; flex-wrap: wrap; gap: 20px;'>\n<div style='flex: 1 1 300px; min-width: 280px;'>\n<p style='margin: 0; color: inherit;'>Dise\u00f1ado para un amplio rango de aplicaciones de borde smart en exteriores e industrias.<\/p>\n<\/p><\/div>\n<div style='flex: 1 1 300px; min-width: 280px;'>\n<p style='margin: 0; color: inherit;'>Soporte para m\u00faltiples industrias incluyendo Industria 4.0&comma; energ\u00eda&comma; transporte y comunidades.<\/p>\n<\/p><\/div>\n<div style='flex: 1 1 300px; min-width: 280px;'>\n<p style='margin: 0; color: inherit;'>Implementaci\u00f3n flexible en ambientes de edificios&comma; locales comerciales&comma; venues&comma; y m\u00e1s.<\/p>\n<\/p><\/div>\n<\/p><\/div>\n<\/p><\/div>\n<p> <!-- Separador final --> <\/p>\n<hr style='border: 0; border-top: 1px solid rgba(150&comma; 150&comma; 150&comma; 0.3); margin: 30px 0;'> <\/div>\n","protected":false},"excerpt":{"rendered":"<p>Kit Smart Computing Hub para Exterior \/ Tri-band Wi-Fi 5 \/ IoT Gateway \/ 64-bit Quad-core CPU \/ Almacenamiento Local hasta 2TB \/ IP65 \/ Multitud de Conexiones\/ Servicios en la Nube de Veea por 1 a\u00f1o\/ Gesti\u00f3n Inal\u00e1mbrica de Veea 50 Dis<\/p>\n","protected":false},"featured_media":54668,"comment_status":"open","ping_status":"closed","template":"","meta":[],"product_brand":[],"product_cat":[1458],"product_tag":[1459,1437,1473],"class_list":{"0":"post-54669","1":"product","2":"type-product","3":"status-publish","4":"has-post-thumbnail","6":"product_cat-gateways-y-routers","7":"product_tag-gateways-y-routers","8":"product_tag-lorawan","9":"product_tag-veea","11":"first","12":"outofstock","13":"sale","14":"shipping-taxable","15":"purchasable","16":"product-type-simple"},"_links":{"self":[{"href":"https:\/\/soydeaqui.ddns.net\/pachuca\/index.php\/wp-json\/wp\/v2\/product\/54669","targetHints":{"allow":["GET"]}}],"collection":[{"href":"https:\/\/soydeaqui.ddns.net\/pachuca\/index.php\/wp-json\/wp\/v2\/product"}],"about":[{"href":"https:\/\/soydeaqui.ddns.net\/pachuca\/index.php\/wp-json\/wp\/v2\/types\/product"}],"replies":[{"embeddable":true,"href":"https:\/\/soydeaqui.ddns.net\/pachuca\/index.php\/wp-json\/wp\/v2\/comments?post=54669"}],"wp:featuredmedia":[{"embeddable":true,"href":"https:\/\/soydeaqui.ddns.net\/pachuca\/index.php\/wp-json\/wp\/v2\/media\/54668"}],"wp:attachment":[{"href":"https:\/\/soydeaqui.ddns.net\/pachuca\/index.php\/wp-json\/wp\/v2\/media?parent=54669"}],"wp:term":[{"taxonomy":"product_brand","embeddable":true,"href":"https:\/\/soydeaqui.ddns.net\/pachuca\/index.php\/wp-json\/wp\/v2\/product_brand?post=54669"},{"taxonomy":"product_cat","embeddable":true,"href":"https:\/\/soydeaqui.ddns.net\/pachuca\/index.php\/wp-json\/wp\/v2\/product_cat?post=54669"},{"taxonomy":"product_tag","embeddable":true,"href":"https:\/\/soydeaqui.ddns.net\/pachuca\/index.php\/wp-json\/wp\/v2\/product_tag?post=54669"}],"curies":[{"name":"wp","href":"https:\/\/api.w.org\/{rel}","templated":true}]}}