{"id":5457,"date":"2026-03-18T06:31:37","date_gmt":"2026-03-18T06:31:37","guid":{"rendered":"https:\/\/soydeaqui.ddns.net\/pachuca\/index.php\/producto\/tapa-de-cristal-para-apagador-o-atenuador-3-espacio\/"},"modified":"2026-03-18T06:31:38","modified_gmt":"2026-03-18T06:31:38","slug":"tapa-de-cristal-para-apagador-o-atenuador-3-espacio","status":"publish","type":"product","link":"https:\/\/soydeaqui.ddns.net\/pachuca\/index.php\/producto\/tapa-de-cristal-para-apagador-o-atenuador-3-espacio\/","title":{"rendered":"Tapa de cristal para apagador o atenuador, 3 espacio."},"content":{"rendered":"<div style='width: 100%; max-width: 1200px; margin: 0 auto; font-family: sans-serif; line-height: 1.6; color: inherit; background-color: transparent;'> <!-- Secci\u00f3n de caracter\u00edsticas principales --> <\/p>\n<div style='display: flex; flex-wrap: wrap; gap: 30px; margin-bottom: 30px;'>\n<div style='flex: 1 1 300px; min-width: 280px;'>\n<h3 style='font-size: 22px; border-bottom: 2px solid currentColor; padding-bottom: 5px; margin-top: 0; color: inherit; opacity: 0.8;'>Caracter\u00edsticas principales<\/h3>\n<ul style='padding-left: 20px; font-size: 15px; color: inherit;'>\n<li style='margin-bottom: 5px;'>Material: Cristal<\/li>\n<li style='margin-bottom: 5px;'>Compatible con apagadores y atenuadores Lutron<\/li>\n<li style='margin-bottom: 5px;'>3 espacios (3-gang)<\/li>\n<li style='margin-bottom: 5px;'>Dimensiones: 16.7 x 11.9 cm (6.56&#8242; x 4.69&#8242;)<\/li>\n<li style='margin-bottom: 5px;'>Perfil delgado de 7.6 mm (0.30&#8242;)<\/li>\n<\/ul><\/div>\n<\/p><\/div>\n<p> <!-- Secci\u00f3n de compatibilidad --> <\/p>\n<div style='display: flex; flex-wrap: wrap; gap: 30px; margin-bottom: 30px;'>\n<div style='flex: 1 1 300px; min-width: 280px;'>\n<h3 style='font-size: 22px; border-bottom: 2px solid currentColor; padding-bottom: 5px; margin-top: 0; color: inherit; opacity: 0.8;'>Compatibilidad<\/h3>\n<ul style='padding-left: 20px; font-size: 15px; color: inherit;'>\n<li style='margin-bottom: 5px;'>Maestro<sup>\u00ae<\/sup>&comma; Maestro IR<sup>\u00ae<\/sup>&comma; Maestro Wireless<sup>\u00ae<\/sup><\/li>\n<li style='margin-bottom: 5px;'>Pico<sup>\u2122<\/sup> wireless control<\/li>\n<li style='margin-bottom: 5px;'>Spacer System<sup>\u2122<\/sup><\/li>\n<li style='margin-bottom: 5px;'>Diva<sup>\u00ae<\/sup>&comma; Lyneo Lx&comma; Skylark<sup>\u00ae<\/sup>&comma; Skylark Contour<sup>\u2122<\/sup><\/li>\n<\/ul><\/div>\n<\/p><\/div>\n<p> <!-- Secci\u00f3n de especificaciones t\u00e9cnicas --> <\/p>\n<div style='display: flex; flex-wrap: wrap; gap: 20px; margin-bottom: 30px;'>\n<div style='flex: 1 1 250px; border: 1px solid rgba(150&comma; 150&comma; 150&comma; 0.4); border-radius: 8px; overflow: hidden; display: flex; flex-direction: column;'>\n<div style='padding: 15px; border-bottom: 1px solid rgba(150&comma; 150&comma; 150&comma; 0.2); font-weight: bold; font-size: 18px; color: inherit;'>Especificaciones<\/div>\n<div style='padding: 15px; color: inherit;'>\n<ul style='padding-left: 20px; margin: 0; font-size: 14px; list-style-type: disc;'>\n<li style='margin-bottom: 5px;'>Ancho: 16.7 cm (6.56&#8242;)<\/li>\n<li style='margin-bottom: 5px;'>Alto: 11.9 cm (4.69&#8242;)<\/li>\n<li style='margin-bottom: 5px;'>Profundidad: 7.6 mm (0.30&#8242;)<\/li>\n<li style='margin-bottom: 5px;'>Tipo: Tapa de cristal<\/li>\n<li style='margin-bottom: 5px;'>Estilo: 3-gang<\/li>\n<\/ul><\/div>\n<\/p><\/div>\n<p> <!-- Secci\u00f3n de opciones de color --> <\/p>\n<div style='flex: 1 1 250px; border: 1px solid rgba(150&comma; 150&comma; 150&comma; 0.4); border-radius: 8px; overflow: hidden; display: flex; flex-direction: column;'>\n<div style='padding: 15px; border-bottom: 1px solid rgba(150&comma; 150&comma; 150&comma; 0.2); font-weight: bold; font-size: 18px; color: inherit;'>Opciones de color<\/div>\n<div style='padding: 15px; color: inherit;'>\n<p style='margin-bottom: 10px; font-size: 14px;'>Disponible en m\u00faltiples acabados:<\/p>\n<ul style='padding-left: 20px; margin: 0; font-size: 14px; list-style-type: disc;'>\n<li style='margin-bottom: 5px;'><strong>Gloss:<\/strong> WH&comma; LA&comma; AL&comma; IV&comma; GR&comma; BR&comma; BL<\/li>\n<li style='margin-bottom: 5px;'><strong>Satin:<\/strong> SW&comma; LS&comma; BI&comma; ES&comma; PD&comma; TP&comma; ST&comma; BG&comma; PL&comma; SG&comma; TQ&comma; GS&comma; DS&comma; GB<\/li>\n<\/ul>\n<p style='margin-top: 10px; font-size: 12px; opacity: 0.8;'>*Para acero inoxidable (Stainless Steel) se requiere placa negra (BL) o Midnight (MN) por separado<\/p>\n<\/p><\/div>\n<\/p><\/div>\n<p> <!-- Secci\u00f3n de caracter\u00edsticas t\u00e9cnicas adicionales --> <\/p>\n<div style='flex: 1 1 250px; border: 1px solid rgba(150&comma; 150&comma; 150&comma; 0.4); border-radius: 8px; overflow: hidden; display: flex; flex-direction: column;'>\n<div style='padding: 15px; border-bottom: 1px solid rgba(150&comma; 150&comma; 150&comma; 0.2); font-weight: bold; font-size: 18px; color: inherit;'>Caracter\u00edsticas t\u00e9cnicas<\/div>\n<div style='padding: 15px; color: inherit;'>\n<ul style='padding-left: 20px; margin: 0; font-size: 14px; list-style-type: disc;'>\n<li style='margin-bottom: 5px;'>Dise\u00f1o sin tornillos ni hardware visible<\/li>\n<li style='margin-bottom: 5px;'>Frente que se fija a la placa de alineaci\u00f3n<\/li>\n<li style='margin-bottom: 5px;'>Puede requerir derating al remover aletas<\/li>\n<li style='margin-bottom: 5px;'>Permite combinaci\u00f3n de dispositivos de l\u00ednea y baja tensi\u00f3n<\/li>\n<li style='margin-bottom: 5px;'>Disponible con insertos en blanco para personalizaci\u00f3n<\/li>\n<\/ul><\/div>\n<\/p><\/div>\n<\/p><\/div>\n<p> <!-- Separador --> <\/p>\n<hr style='border: 0; border-top: 1px solid rgba(150&comma; 150&comma; 150&comma; 0.3); margin: 30px 0;'> <!-- Secci\u00f3n de aplicaciones --> <\/p>\n<div style='display: flex; flex-wrap: wrap; gap: 30px; margin-bottom: 30px;'>\n<div style='flex: 1 1 300px; min-width: 280px;'>\n<h3 style='font-size: 22px; border-bottom: 2px solid currentColor; padding-bottom: 5px; margin-top: 0; color: inherit; opacity: 0.8;'>Aplicaciones<\/h3>\n<ul style='padding-left: 20px; font-size: 15px; color: inherit;'>\n<li style='margin-bottom: 5px;'>Instalaciones m\u00faltiples de atenuadores<\/li>\n<li style='margin-bottom: 5px;'>Combinaci\u00f3n de dispositivos de baja tensi\u00f3n y tensi\u00f3n de l\u00ednea<\/li>\n<li style='margin-bottom: 5px;'>Personalizaci\u00f3n con grabado (requiere servicio al cliente)<\/li>\n<li style='margin-bottom: 5px;'>Sistemas de atenuaci\u00f3n de l\u00e1mparas port\u00e1tiles<\/li>\n<\/ul><\/div>\n<\/p><\/div>\n<p> <!-- Secci\u00f3n de compatibilidad con est\u00e1ndares --> <\/p>\n<div style='display: flex; flex-wrap: wrap; gap: 30px; margin-bottom: 30px;'>\n<div style='flex: 1 1 300px; min-width: 280px;'>\n<h3 style='font-size: 22px; border-bottom: 2px solid currentColor; padding-bottom: 5px; margin-top: 0; color: inherit; opacity: 0.8;'>Compatibilidad con est\u00e1ndares<\/h3>\n<ul style='padding-left: 20px; font-size: 15px; color: inherit;'>\n<li style='margin-bottom: 5px;'>UL\/CSA\/NOM<\/li>\n<li style='margin-bottom: 5px;'>Cumple con NEC 210.7(C) 2002 Edition<\/li>\n<li style='margin-bottom: 5px;'>Recept\u00e1culos con certificaci\u00f3n UL para uso con todos los atenuadores Lutron<sup>\u00ae<\/sup><\/li>\n<\/ul><\/div>\n<\/p><\/div>\n<\/p><\/div>\n","protected":false},"excerpt":{"rendered":"<p>Tapa de cristal para apagador o atenuador, 3 espacio.<\/p>\n","protected":false},"featured_media":5456,"comment_status":"open","ping_status":"closed","template":"","meta":[],"product_brand":[],"product_cat":[34],"product_tag":[30,35,36],"class_list":{"0":"post-5457","1":"product","2":"type-product","3":"status-publish","4":"has-post-thumbnail","6":"product_cat-lutron","7":"product_tag-automatizacion-casa-inteligente","8":"product_tag-lutron","9":"product_tag-lutron-electronics","11":"first","12":"outofstock","13":"sale","14":"shipping-taxable","15":"purchasable","16":"product-type-simple"},"_links":{"self":[{"href":"https:\/\/soydeaqui.ddns.net\/pachuca\/index.php\/wp-json\/wp\/v2\/product\/5457","targetHints":{"allow":["GET"]}}],"collection":[{"href":"https:\/\/soydeaqui.ddns.net\/pachuca\/index.php\/wp-json\/wp\/v2\/product"}],"about":[{"href":"https:\/\/soydeaqui.ddns.net\/pachuca\/index.php\/wp-json\/wp\/v2\/types\/product"}],"replies":[{"embeddable":true,"href":"https:\/\/soydeaqui.ddns.net\/pachuca\/index.php\/wp-json\/wp\/v2\/comments?post=5457"}],"wp:featuredmedia":[{"embeddable":true,"href":"https:\/\/soydeaqui.ddns.net\/pachuca\/index.php\/wp-json\/wp\/v2\/media\/5456"}],"wp:attachment":[{"href":"https:\/\/soydeaqui.ddns.net\/pachuca\/index.php\/wp-json\/wp\/v2\/media?parent=5457"}],"wp:term":[{"taxonomy":"product_brand","embeddable":true,"href":"https:\/\/soydeaqui.ddns.net\/pachuca\/index.php\/wp-json\/wp\/v2\/product_brand?post=5457"},{"taxonomy":"product_cat","embeddable":true,"href":"https:\/\/soydeaqui.ddns.net\/pachuca\/index.php\/wp-json\/wp\/v2\/product_cat?post=5457"},{"taxonomy":"product_tag","embeddable":true,"href":"https:\/\/soydeaqui.ddns.net\/pachuca\/index.php\/wp-json\/wp\/v2\/product_tag?post=5457"}],"curies":[{"name":"wp","href":"https:\/\/api.w.org\/{rel}","templated":true}]}}