{"id":54540,"date":"2026-03-19T02:24:09","date_gmt":"2026-03-19T02:24:09","guid":{"rendered":"https:\/\/soydeaqui.ddns.net\/pachuca\/index.php\/producto\/bocina-vibrante-a-prueba-de-explosion-modelo-41x-con-carcasa-de-aluminio-resistente-a-la-corrosion-120vac-240vac-24vdc-volumen-ajustable-ciclo-de-trabajo-5-minutos-montaje-en-tuberia-o-super\/"},"modified":"2026-03-19T02:24:10","modified_gmt":"2026-03-19T02:24:10","slug":"bocina-vibrante-a-prueba-de-explosion-modelo-41x-con-carcasa-de-aluminio-resistente-a-la-corrosion-120vac-240vac-24vdc-volumen-ajustable-ciclo-de-trabajo-5-minutos-montaje-en-tuberia-o-super","status":"publish","type":"product","link":"https:\/\/soydeaqui.ddns.net\/pachuca\/index.php\/producto\/bocina-vibrante-a-prueba-de-explosion-modelo-41x-con-carcasa-de-aluminio-resistente-a-la-corrosion-120vac-240vac-24vdc-volumen-ajustable-ciclo-de-trabajo-5-minutos-montaje-en-tuberia-o-super\/","title":{"rendered":"Bocina Vibrante a Prueba de Explosi\u00f3n Modelo 41X con Carcasa de Aluminio Resistente a la Corrosi\u00f3n \/ 120VAC, 240VAC, 24VDC \/ Volumen Ajustable \/ Ciclo de Trabajo 5 Minutos \/ Montaje en Tuber\u00eda o Superficie"},"content":{"rendered":"<div style='width: 100%; max-width: 1200px; margin: 0 auto; font-family: sans-serif; line-height: 1.6; color: inherit; background-color: transparent;'>\n<div style='display: flex; flex-wrap: wrap; gap: 30px; margin-bottom: 30px;'>\n<div style='flex: 1 1 300px; min-width: 280px;'>\n<h3 style='font-size: 22px; border-bottom: 2px solid currentColor; padding-bottom: 5px; margin-top: 0; color: inherit; opacity: 0.8;'>Descripci\u00f3n General<\/h3>\n<p style='font-size: 15px; color: inherit; text-align: left;'>Las bocinas Vibratone a prueba de explosi\u00f3n Modelos 41X est\u00e1n dise\u00f1adas para uso seguro en entornos peligrosos. Est\u00e1n alojadas en carcasas de aluminio fundido sin cobre de alta resistencia&comma; lo que les confiere resistencia a la corrosi\u00f3n y est\u00e1n disponibles en diferentes voltajes con control de volumen interno y posibilidad de montaje en tuber\u00eda o superficie.<\/p>\n<\/p><\/div>\n<\/p><\/div>\n<div style='display: flex; flex-wrap: wrap; gap: 20px; margin-bottom: 30px;'>\n<div style='flex: 1 1 250px; border: 1px solid rgba(150&comma; 150&comma; 150&comma; 0.4); border-radius: 8px; overflow: hidden; display: flex; flex-direction: column;'>\n<div style='padding: 15px; border-bottom: 1px solid rgba(150&comma; 150&comma; 150&comma; 0.2); font-weight: bold; font-size: 18px; color: inherit;'>Caracter\u00edsticas Principales<\/div>\n<div style='padding: 15px; color: inherit;'>\n<ul style='padding-left: 20px; margin: 0; font-size: 14px; list-style-type: disc;'>\n<li style='margin-bottom: 5px;'>Modelos disponibles: 31X (120VAC y 240VAC)&comma; 41X (24VDC)<\/li>\n<li style='margin-bottom: 5px;'>Carcasa de aluminio fundido resistente a la corrosi\u00f3n<\/li>\n<li style='margin-bottom: 5px;'>Produce 100 dBa a 10&#8242; y 110 dBa a 1m<\/li>\n<li style='margin-bottom: 5px;'>Ciclo de trabajo de 5 minutos ON \/ 5 minutos OFF<\/li>\n<li style='margin-bottom: 5px;'>Aprobaciones CSA y listado UL y cUL para ubicaciones de Clase I&comma; Divisi\u00f3n 1&comma; Grupos C y D; Clase II&comma; Divisi\u00f3n 1&comma; Grupos E&comma; F y G; Clase III<\/li>\n<\/ul><\/div>\n<\/p><\/div>\n<\/p><\/div>\n<div style='display: flex; flex-wrap: wrap; gap: 20px; margin-bottom: 30px;'>\n<div style='flex: 1 1 250px; border: 1px solid rgba(150&comma; 150&comma; 150&comma; 0.4); border-radius: 8px; overflow: hidden; display: flex; flex-direction: column;'>\n<div style='padding: 15px; border-bottom: 1px solid rgba(150&comma; 150&comma; 150&comma; 0.2); font-weight: bold; font-size: 18px; color: inherit;'>Especificaciones T\u00e9cnicas<\/div>\n<div style='padding: 15px; color: inherit;'>\n<ul style='padding-left: 20px; margin: 0; font-size: 14px; list-style-type: disc;'>\n<li style='margin-bottom: 5px;'>Rango de temperatura de operaci\u00f3n: -25\u00b0C a 40\u00b0C (-13\u00b0F a 104\u00b0F)<\/li>\n<li style='margin-bottom: 5px;'>Peso neto: 31X &#8211; 3.4 kg&comma; 41X &#8211; 4.1 kg<\/li>\n<li style='margin-bottom: 5px;'>Peso de env\u00edo: 31X &#8211; 3.7 kg&comma; 41X &#8211; 4.7 kg<\/li>\n<li style='margin-bottom: 5px;'>Dimensiones: Altura &#8211; 193.7 mm&comma; Profundidad &#8211; 165.1 mm&comma; Di\u00e1metro &#8211; 165.1 mm<\/li>\n<\/ul><\/div>\n<\/p><\/div>\n<div style='flex: 1 1 250px; border: 1px solid rgba(150&comma; 150&comma; 150&comma; 0.4); border-radius: 8px; overflow: hidden; display: flex; flex-direction: column;'>\n<div style='padding: 15px; border-bottom: 1px solid rgba(150&comma; 150&comma; 150&comma; 0.2); font-weight: bold; font-size: 18px; color: inherit;'>Interfaces y Conectividad<\/div>\n<div style='padding: 15px; color: inherit;'>\n<ul style='padding-left: 20px; margin: 0; font-size: 14px; list-style-type: disc;'>\n<li style='margin-bottom: 5px;'>Circuito el\u00e9ctrico para: 24VDC (1.20 amps)<\/li>\n<li style='margin-bottom: 5px;'>Montaje en tuber\u00eda de 3\/4&#8242; o superficie<\/li>\n<\/ul><\/div>\n<\/p><\/div>\n<\/p><\/div>\n<div style='display: flex; flex-wrap: wrap; gap: 20px; margin-bottom: 30px;'>\n<div style='flex: 1 1 250px; border: 1px solid rgba(150&comma; 150&comma; 150&comma; 0.4); border-radius: 8px; overflow: hidden; display: flex; flex-direction: column;'>\n<div style='padding: 15px; border-bottom: 1px solid rgba(150&comma; 150&comma; 150&comma; 0.2); font-weight: bold; font-size: 18px; color: inherit;'>Aplicaciones y Casos de Uso<\/div>\n<div style='padding: 15px; color: inherit;'>\n<ul style='padding-left: 20px; margin: 0; font-size: 14px; list-style-type: disc;'>\n<li style='margin-bottom: 5px;'>Indicada para ser utilizada en entornos industriales con riesgo de explosi\u00f3n&comma; proporcionando se\u00f1ales ac\u00fasticas de advertencia en plantas qu\u00edmicas&comma; refiner\u00edas o entornos similares.<\/li>\n<\/ul><\/div>\n<\/p><\/div>\n<\/p><\/div>\n<hr style='border: 0; border-top: 1px solid rgba(150&comma; 150&comma; 150&comma; 0.3); margin: 30px 0;'> <\/div>\n","protected":false},"excerpt":{"rendered":"<p>Bocina Vibrante a Prueba de Explosi\u00f3n Modelo 41X con Carcasa de Aluminio Resistente a la Corrosi\u00f3n \/ 120VAC, 240VAC, 24VDC \/ Volumen Ajustable \/ Ciclo de Trabajo 5 Minutos \/ Montaje en Tuber\u00eda o Superficie<\/p>\n","protected":false},"featured_media":54539,"comment_status":"open","ping_status":"closed","template":"","meta":[],"product_brand":[],"product_cat":[731],"product_tag":[26,1360,25],"class_list":{"0":"post-54540","1":"product","2":"type-product","3":"status-publish","4":"has-post-thumbnail","6":"product_cat-accesorios-de-instalacion-herramientas-deteccion-de-fuego","7":"product_tag-accesorios-de-instalacion","8":"product_tag-federal-signal","9":"product_tag-herramientas","11":"first","12":"outofstock","13":"sale","14":"shipping-taxable","15":"purchasable","16":"product-type-simple"},"_links":{"self":[{"href":"https:\/\/soydeaqui.ddns.net\/pachuca\/index.php\/wp-json\/wp\/v2\/product\/54540","targetHints":{"allow":["GET"]}}],"collection":[{"href":"https:\/\/soydeaqui.ddns.net\/pachuca\/index.php\/wp-json\/wp\/v2\/product"}],"about":[{"href":"https:\/\/soydeaqui.ddns.net\/pachuca\/index.php\/wp-json\/wp\/v2\/types\/product"}],"replies":[{"embeddable":true,"href":"https:\/\/soydeaqui.ddns.net\/pachuca\/index.php\/wp-json\/wp\/v2\/comments?post=54540"}],"wp:featuredmedia":[{"embeddable":true,"href":"https:\/\/soydeaqui.ddns.net\/pachuca\/index.php\/wp-json\/wp\/v2\/media\/54539"}],"wp:attachment":[{"href":"https:\/\/soydeaqui.ddns.net\/pachuca\/index.php\/wp-json\/wp\/v2\/media?parent=54540"}],"wp:term":[{"taxonomy":"product_brand","embeddable":true,"href":"https:\/\/soydeaqui.ddns.net\/pachuca\/index.php\/wp-json\/wp\/v2\/product_brand?post=54540"},{"taxonomy":"product_cat","embeddable":true,"href":"https:\/\/soydeaqui.ddns.net\/pachuca\/index.php\/wp-json\/wp\/v2\/product_cat?post=54540"},{"taxonomy":"product_tag","embeddable":true,"href":"https:\/\/soydeaqui.ddns.net\/pachuca\/index.php\/wp-json\/wp\/v2\/product_tag?post=54540"}],"curies":[{"name":"wp","href":"https:\/\/api.w.org\/{rel}","templated":true}]}}