{"id":54284,"date":"2026-03-19T02:16:04","date_gmt":"2026-03-19T02:16:04","guid":{"rendered":"https:\/\/soydeaqui.ddns.net\/pachuca\/index.php\/producto\/etiqueta-de-tinta-electronica-esl-7-5-pulgadas-uso-en-estantes-bluetooth\/"},"modified":"2026-03-19T02:16:14","modified_gmt":"2026-03-19T02:16:14","slug":"etiqueta-de-tinta-electronica-esl-7-5-pulgadas-uso-en-estantes-bluetooth","status":"publish","type":"product","link":"https:\/\/soydeaqui.ddns.net\/pachuca\/index.php\/producto\/etiqueta-de-tinta-electronica-esl-7-5-pulgadas-uso-en-estantes-bluetooth\/","title":{"rendered":"Etiqueta de Tinta Electr\u00f3nica \/ ESL \/ 7.5 Pulgadas \/ Uso en Estantes \/ Bluetooth"},"content":{"rendered":"<div style='width: 100%; max-width: 1200px; margin: 0 auto; font-family: sans-serif; line-height: 1.6; color: inherit; background-color: transparent;'> <!-- Imagen principal y especificaciones --> <\/p>\n<div style='display: flex; flex-direction: column; align-items: center; margin-top: 30px;'>\n<div style='width: 100%; max-width: 600px; margin: 0 auto; border: 1px solid rgba(150&comma;150&comma;150&comma;0.3);'> <img style='width: 100%; height: auto; border: 1px solid rgba(150&comma;150&comma;150&comma;0.3); border-radius: 8px;' src='https:\/\/ftp3.syscom.mx\/usuarios\/xguereque\/accesspro\/esl\/productos\/APTAG75BR-2.png' alt='...' \/> <\/div>\n<div style='width: 100%; max-width: 600px; margin: 0 auto; border-top: 5px solid #0091ff; padding: 0 15px; background-color: rgba(150&comma;150&comma;150&comma;0.05);'>\n<h2 style='font-size: 24px; text-align: center; color: inherit; margin-top: 0; margin-bottom: 10px;'>AP-TAG-75B\/R<\/h2>\n<h4 style='font-size: 18px; color: rgba(128&comma;128&comma;128&comma;0.8); margin-bottom: 15px;'>Especificaciones<\/h4>\n<ul style='padding-left: 20px; font-size: 14px; color: inherit;'>\n<li style='margin-bottom: 8px;'>Dimensiones Externas: 183\u00d7129\u00d716mm<\/li>\n<li style='margin-bottom: 8px;'>\u00c1rea de Pantalla Activa: 163\u00d798mm<\/li>\n<li style='margin-bottom: 8px;'>Tama\u00f1o de Pantalla: 7.5in<\/li>\n<li style='margin-bottom: 8px;'>Resoluci\u00f3n: 800\u00d7480<\/li>\n<li style='margin-bottom: 8px;'>Densidad de Pixeles: 124dpi<\/li>\n<li style='margin-bottom: 8px;'>Peso: 293g<\/li>\n<li style='margin-bottom: 8px;'>Color de Pantalla: BWR\/BWY\/BW<\/li>\n<li style='margin-bottom: 8px;'>Tipo de Bater\u00eda: CR2477\u00d76<\/li>\n<li style='margin-bottom: 8px;'>Duraci\u00f3n de la Bater\u00eda: 5 a\u00f1os (5 actualizaciones\/d\u00eda)<\/li>\n<li style='margin-bottom: 8px;'>Tecnolog\u00eda de Visualizaci\u00f3n: EPD<\/li>\n<li style='margin-bottom: 8px;'>Protocolo de Comunicaci\u00f3n: Bluetooth \u00ae de Bajo Consumo 5.0<\/li>\n<li style='margin-bottom: 8px;'>\u00c1ngulo de Visi\u00f3n: \u00c1ngulo de Visi\u00f3n cercano a 180\u00b0<\/li>\n<li style='margin-bottom: 8px;'>Temperatura de Funcionamiento: 0\u00b0C &#8211; 50\u00b0C<\/li>\n<li style='margin-bottom: 8px;'>Temperatura de Almacenamiento: -20\u00b0C \u2013 60\u00b0C<\/li>\n<li style='margin-bottom: 8px;'>Maneras de Arreglar: Soporte\/Gancho etc.<\/li>\n<li style='margin-bottom: 8px;'>Cumplimiento: BQB\/FCC\/CE\/RoHS<\/li>\n<\/ul>\n<p style='text-align: center; margin-top: 20px;'> <span style='color: #ff0000;'>Require un gateway modelo <strong><a style='color: #ff0000; text-decoration: underline;' href='https:\/\/www.syscom.mx\/producto\/APGW-1E-ACCESSPRO-212811.html'>APGW1E<\/a><\/strong> para su funcionamiento.<\/span> <\/p>\n<\/p><\/div>\n<\/p><\/div>\n<p> <!-- Caracter\u00edsticas principales --> <\/p>\n<div style='margin: 30px 0;'>\n<h1 style='font-size: 24px; color: #0091ff; text-align: center; margin-bottom: 25px;'>Caracter\u00edsticas principales<\/h1>\n<div style='display: flex; flex-wrap: wrap; gap: 20px; justify-content: center;'>\n<div style='flex: 1 1 280px; min-width: 280px; border: 1px solid rgba(150&comma;150&comma;150&comma;0.3); border-radius: 8px; overflow: hidden; display: flex; flex-direction: column;'>\n<div style='padding: 15px; border-bottom: 1px solid rgba(150&comma;150&comma;150&comma;0.2);'> <img style='width: 60px; height: auto; display: block; margin: 0 auto;' src='https:\/\/ftp3.syscom.mx\/usuarios\/xguereque\/accesspro\/esl\/iconos\/energia.png' alt='Consumo de Energ\u00eda Ultrabajo' \/> <\/div>\n<div style='padding: 15px; flex-grow: 1; display: flex; flex-direction: column;'>\n<h3 style='font-size: 18px; text-align: center; margin-top: 0; margin-bottom: 10px;'>Consumo de Energ\u00eda Ultrabajo<\/h3>\n<p style='text-align: center; margin-bottom: 0; flex-grow: 1; display: flex; align-items: center; justify-content: center;'>Equipado con chip de bajo consumo de energ\u00eda- Nordic&comma; la duraci\u00f3n de la bater\u00eda es de 5 a\u00f1os.<\/p>\n<\/p><\/div>\n<\/p><\/div>\n<div style='flex: 1 1 280px; min-width: 280px; border: 1px solid rgba(150&comma;150&comma;150&comma;0.3); border-radius: 8px; overflow: hidden; display: flex; flex-direction: column;'>\n<div style='padding: 15px; border-bottom: 1px solid rgba(150&comma;150&comma;150&comma;0.2);'> <img style='width: 60px; height: auto; display: block; margin: 0 auto;' src='https:\/\/ftp3.syscom.mx\/usuarios\/xguereque\/accesspro\/esl\/iconos\/estable.png' alt='Operaci\u00f3n Estable' \/> <\/div>\n<div style='padding: 15px; flex-grow: 1; display: flex; flex-direction: column;'>\n<h3 style='font-size: 18px; text-align: center; margin-top: 0; margin-bottom: 10px;'>Operaci\u00f3n Estable<\/h3>\n<p style='text-align: center; margin-bottom: 0; flex-grow: 1; display: flex; align-items: center; justify-content: center;'>El algoritmo efectivo y optimizado de la etiqueta realiza una operaci\u00f3n simple y pr\u00e1ctica para los usuarios.<\/p>\n<\/p><\/div>\n<\/p><\/div>\n<div style='flex: 1 1 280px; min-width: 280px; border: 1px solid rgba(150&comma;150&comma;150&comma;0.3); border-radius: 8px; overflow: hidden; display: flex; flex-direction: column;'>\n<div style='padding: 15px; border-bottom: 1px solid rgba(150&comma;150&comma;150&comma;0.2);'> <img style='width: 60px; height: auto; display: block; margin: 0 auto;' src='https:\/\/ftp3.syscom.mx\/usuarios\/xguereque\/accesspro\/esl\/iconos\/flexibilidad.png' alt='Flexibilidad' \/> <\/div>\n<div style='padding: 15px; flex-grow: 1; display: flex; flex-direction: column;'>\n<h3 style='font-size: 18px; text-align: center; margin-top: 0; margin-bottom: 10px;'>Flexibilidad<\/h3>\n<p style='text-align: center; margin-bottom: 0; flex-grow: 1; display: flex; align-items: center; justify-content: center;'>Las API est\u00e1n disponibles para integrarse con la plataforma del cliente.<\/p>\n<\/p><\/div>\n<\/p><\/div>\n<div style='flex: 1 1 280px; min-width: 280px; border: 1px solid rgba(150&comma;150&comma;150&comma;0.3); border-radius: 8px; overflow: hidden; display: flex; flex-direction: column;'>\n<div style='padding: 15px; border-bottom: 1px solid rgba(150&comma;150&comma;150&comma;0.2);'> <img style='width: 60px; height: auto; display: block; margin: 0 auto;' src='https:\/\/ftp3.syscom.mx\/usuarios\/xguereque\/accesspro\/esl\/iconos\/dinamico.png' alt='Visualizaci\u00f3n de Contenido Din\u00e1mico' \/> <\/div>\n<div style='padding: 15px; flex-grow: 1; display: flex; flex-direction: column;'>\n<h3 style='font-size: 18px; text-align: center; margin-top: 0; margin-bottom: 10px;'>Visualizaci\u00f3n de Contenido Din\u00e1mico<\/h3>\n<p style='text-align: center; margin-bottom: 0; flex-grow: 1; display: flex; align-items: center; justify-content: center;'>La actualizaci\u00f3n en tiempo real permite la visualizaci\u00f3n de contenido din\u00e1mico.<\/p>\n<\/p><\/div>\n<\/p><\/div>\n<div style='flex: 1 1 280px; min-width: 280px; border: 1px solid rgba(150&comma;150&comma;150&comma;0.3); border-radius: 8px; overflow: hidden; display: flex; flex-direction: column;'>\n<div style='padding: 15px; border-bottom: 1px solid rgba(150&comma;150&comma;150&comma;0.2);'> <img style='width: 60px; height: auto; display: block; margin: 0 auto;' src='https:\/\/ftp3.syscom.mx\/usuarios\/xguereque\/accesspro\/esl\/iconos\/nfc.png' alt='Funciones NFC' \/> <\/div>\n<div style='padding: 15px; flex-grow: 1; display: flex; flex-direction: column;'>\n<h3 style='font-size: 18px; text-align: center; margin-top: 0; margin-bottom: 10px;'>Funciones NFC<\/h3>\n<p style='text-align: center; margin-bottom: 0; flex-grow: 1; display: flex; align-items: center; justify-content: center;'>Se puede obtener informaci\u00f3n m\u00e1s detallada del producto de una manera f\u00e1cil y pr\u00e1ctica.<\/p>\n<\/p><\/div>\n<\/p><\/div>\n<div style='flex: 1 1 280px; min-width: 280px; border: 1px solid rgba(150&comma;150&comma;150&comma;0.3); border-radius: 8px; overflow: hidden; display: flex; flex-direction: column;'>\n<div style='padding: 15px; border-bottom: 1px solid rgba(150&comma;150&comma;150&comma;0.2);'> <img style='width: 60px; height: auto; display: block; margin: 0 auto;' src='https:\/\/ftp3.syscom.mx\/usuarios\/xguereque\/accesspro\/esl\/iconos\/versatilidad.png' alt='Versatilidad' \/> <\/div>\n<div style='padding: 15px; flex-grow: 1; display: flex; flex-direction: column;'>\n<h3 style='font-size: 18px; text-align: center; margin-top: 0; margin-bottom: 10px;'>Versatilidad<\/h3>\n<p style='text-align: center; margin-bottom: 0; flex-grow: 1; display: flex; align-items: center; justify-content: center;'>Con tama\u00f1o opcional&comma; resistente al agua y a bajas temperaturas&comma; est\u00e1 disponible para una gran cantidad de aplicaciones.<\/p>\n<\/p><\/div>\n<\/p><\/div>\n<\/p><\/div>\n<\/p><\/div>\n<p> <!-- Informaci\u00f3n adicional --> <\/p>\n<div style='display: flex; flex-wrap: wrap; gap: 30px; margin: 30px 0;'>\n<div style='flex: 1 1 400px; min-width: 300px;'>\n<h3 style='font-size: 22px; border-bottom: 2px solid currentColor; padding-bottom: 5px; margin-top: 0; color: inherit; opacity: 0.8;'>AccessPRO Master Series<\/h3>\n<p style='font-size: 14px; color: inherit;'>Master Series es una serie de etiquetas electr\u00f3nicas vers\u00e1tiles basadas en la tecnolog\u00eda Bluetooth\u00ae5.0&comma; que presentan de manera efectiva y actualizan la informaci\u00f3n en tiempo real. Con la opci\u00f3n disponible en el color de la pantalla de papel electr\u00f3nico (EPD)&comma; la Master Series se puede aplicar a diferentes soluciones relacionadas con las presentaci\u00f3n de informaci\u00f3n. Nuestras etiquetas certificadas son dignas de su confianza y ayudan a que su negocio sea m\u00e1s inteligente&comma; m\u00e1s f\u00e1cil y mejor.<\/p>\n<\/p><\/div>\n<div style='flex: 1 1 400px; min-width: 300px;'>\n<div style='border-left: 5px solid #0091ff; border-radius: 5px; padding: 15px; box-shadow: 2px 2px 10px rgba(216&comma;216&comma;216&comma;0.5);'> <strong style='font-size: 16px; display: block; margin-bottom: 10px;'>Caracter\u00edsticas:<\/strong> <\/p>\n<ul style='padding-left: 20px; font-size: 14px; color: inherit; margin: 0;'>\n<li style='margin-bottom: 8px;'>A prueba de polvo y agua<\/li>\n<li style='margin-bottom: 8px;'>Soporta funciones NFC<\/li>\n<li style='margin-bottom: 8px;'>Vida \u00fatil de la bater\u00eda de 5 a\u00f1os<\/li>\n<li style='margin-bottom: 8px;'>Soporta configuraciones personalizadas<\/li>\n<li style='margin-bottom: 8px;'>Amplio funcionamiento y almacenamiento de temperatura<\/li>\n<li style='margin-bottom: 8px;'>Sincronizados con POS y ERP<\/li>\n<li style='margin-bottom: 0;'>Compatible con API<\/li>\n<\/ul><\/div>\n<\/p><\/div>\n<\/p><\/div>\n<p> <!-- Im\u00e1genes adicionales --> <\/p>\n<div style='display: flex; flex-wrap: wrap; gap: 20px; justify-content: center; margin: 30px 0;'>\n<div style='flex: 1 1 400px; min-width: 300px;'> <img style='width: 100%; height: auto; border: 1px solid rgba(150&comma;150&comma;150&comma;0.3); border-radius: 8px;' src='https:\/\/ftp3.syscom.mx\/usuarios\/xguereque\/accesspro\/esl\/esl-plano1.png' alt='' \/> <\/div>\n<div style='flex: 1 1 400px; min-width: 300px;'> <img style='width: 100%; height: auto; border: 1px solid rgba(150&comma;150&comma;150&comma;0.3); border-radius: 8px;' src='https:\/\/ftp3.syscom.mx\/usuarios\/xguereque\/accesspro\/esl\/banner-esl.png' alt='' \/> <\/div>\n<\/p><\/div>\n<p> <!-- Diagrama de ejemplo --> <\/p>\n<div style='margin: 30px 0;'> <img style='width: 80%; height: auto; max-width: 800px; display: block; margin: 0 auto; border: 1px solid rgba(150&comma;150&comma;150&comma;0.3); border-radius: 8px;' src='https:\/\/ftp3.syscom.mx\/usuarios\/xguereque\/accesspro\/esl\/diagrama2-ejemplo.png' alt='' \/> <\/div>\n<\/p><\/div>\n","protected":false},"excerpt":{"rendered":"<p>Etiqueta de Tinta Electr\u00f3nica \/ ESL \/ 7.5 Pulgadas \/ Uso en Estantes \/ Bluetooth<\/p>\n","protected":false},"featured_media":54283,"comment_status":"open","ping_status":"closed","template":"","meta":[],"product_brand":[],"product_cat":[1348,1346],"product_tag":[93,234,1350,1349],"class_list":{"0":"post-54284","1":"product","2":"type-product","3":"status-publish","4":"has-post-thumbnail","6":"product_cat-accesorios-gps-y-telematica","7":"product_cat-iot","8":"product_tag-accesorios","9":"product_tag-accesspro","10":"product_tag-gps-y-telematica","11":"product_tag-iot","13":"first","14":"outofstock","15":"sale","16":"shipping-taxable","17":"purchasable","18":"product-type-simple"},"_links":{"self":[{"href":"https:\/\/soydeaqui.ddns.net\/pachuca\/index.php\/wp-json\/wp\/v2\/product\/54284","targetHints":{"allow":["GET"]}}],"collection":[{"href":"https:\/\/soydeaqui.ddns.net\/pachuca\/index.php\/wp-json\/wp\/v2\/product"}],"about":[{"href":"https:\/\/soydeaqui.ddns.net\/pachuca\/index.php\/wp-json\/wp\/v2\/types\/product"}],"replies":[{"embeddable":true,"href":"https:\/\/soydeaqui.ddns.net\/pachuca\/index.php\/wp-json\/wp\/v2\/comments?post=54284"}],"wp:featuredmedia":[{"embeddable":true,"href":"https:\/\/soydeaqui.ddns.net\/pachuca\/index.php\/wp-json\/wp\/v2\/media\/54283"}],"wp:attachment":[{"href":"https:\/\/soydeaqui.ddns.net\/pachuca\/index.php\/wp-json\/wp\/v2\/media?parent=54284"}],"wp:term":[{"taxonomy":"product_brand","embeddable":true,"href":"https:\/\/soydeaqui.ddns.net\/pachuca\/index.php\/wp-json\/wp\/v2\/product_brand?post=54284"},{"taxonomy":"product_cat","embeddable":true,"href":"https:\/\/soydeaqui.ddns.net\/pachuca\/index.php\/wp-json\/wp\/v2\/product_cat?post=54284"},{"taxonomy":"product_tag","embeddable":true,"href":"https:\/\/soydeaqui.ddns.net\/pachuca\/index.php\/wp-json\/wp\/v2\/product_tag?post=54284"}],"curies":[{"name":"wp","href":"https:\/\/api.w.org\/{rel}","templated":true}]}}