{"id":54196,"date":"2026-03-19T02:12:56","date_gmt":"2026-03-19T02:12:56","guid":{"rendered":"https:\/\/soydeaqui.ddns.net\/pachuca\/index.php\/producto\/sirena-bocina-compacta-para-motocicleta-de-30-watts-incluye-controlador-y-microfono\/"},"modified":"2026-03-19T02:12:56","modified_gmt":"2026-03-19T02:12:56","slug":"sirena-bocina-compacta-para-motocicleta-de-30-watts-incluye-controlador-y-microfono","status":"publish","type":"product","link":"https:\/\/soydeaqui.ddns.net\/pachuca\/index.php\/producto\/sirena-bocina-compacta-para-motocicleta-de-30-watts-incluye-controlador-y-microfono\/","title":{"rendered":"Sirena\/Bocina Compacta Para Motocicleta de 30 Watts, Incluye Controlador y Microfono"},"content":{"rendered":"<div style='width: 100%; max-width: 1200px; margin: 0 auto; font-family: sans-serif; line-height: 1.6; color: inherit;'> <!-- Secci\u00f3n de caracter\u00edsticas --> <\/p>\n<div style='display: flex; flex-wrap: wrap; gap: 30px; margin-bottom: 30px;'>\n<div style='flex: 1 1 300px; min-width: 280px;'>\n<h3 style='font-size: 22px; border-bottom: 2px solid currentColor; padding-bottom: 5px; margin-top: 0; color: inherit; opacity: 0.8;'>Caracter\u00edsticas<\/h3>\n<ul style='padding-left: 20px; font-size: 15px; color: inherit;'>\n<li style='margin-bottom: 5px;'>Sirena \/ Bocina compacta de 30W<\/li>\n<li style='margin-bottom: 5px;'>Excelente rendimiento de volumen &#8211; 109dB a 2M<\/li>\n<li style='margin-bottom: 5px;'>Dos salidas auxiliares de 5A&comma; controladas individualmente para<\/li>\n<li style='margin-bottom: 5px;'>Control de luces de advertencia<\/li>\n<li style='margin-bottom: 5px;'>Tonos de sirena incorporados: Wail&comma; Yelp&comma; Phaser&comma; HI-LO<\/li>\n<li style='margin-bottom: 5px;'>(Disponible con tono personalizado en pedido especial)<\/li>\n<li style='margin-bottom: 5px;'>Detecci\u00f3n y notificaci\u00f3n inteligente de bajo voltaje<\/li>\n<li style='margin-bottom: 5px;'>Controlador de 3 botones (SP300) con soporte de manillar<\/li>\n<li style='margin-bottom: 5px;'>Controlador t\u00e1ctil con luz LED<\/li>\n<li style='margin-bottom: 5px;'>Sistema de megafon\u00eda integrado con micr\u00f3fono din\u00e1mico externo<\/li>\n<li style='margin-bottom: 5px;'>Micr\u00f3fono disponible en Portatil o con Clip<\/li>\n<\/ul><\/div>\n<\/p><\/div>\n<p> <!-- Secci\u00f3n de especificaciones t\u00e9cnicas --> <\/p>\n<div style='display: flex; flex-wrap: wrap; gap: 30px; margin-bottom: 30px;'>\n<div style='flex: 1 1 300px; min-width: 280px;'>\n<h3 style='font-size: 22px; border-bottom: 2px solid currentColor; padding-bottom: 5px; margin-top: 0; color: inherit; opacity: 0.8;'>Especificaciones T\u00e9cnicas<\/h3>\n<ul style='padding-left: 20px; font-size: 15px; color: inherit;'>\n<li style='margin-bottom: 5px;'><strong>Certificaciones:<\/strong> ECE R10&comma; SAE J1113-13<\/li>\n<li style='margin-bottom: 5px;'><strong>Clasificaci\u00f3n IP:<\/strong> Sirena IPX6; Altavoz IPX4K<\/li>\n<li style='margin-bottom: 5px;'><strong>Voltaje de funcionamiento:<\/strong> 12~16VCD<\/li>\n<li style='margin-bottom: 5px;'><strong>Detecci\u00f3n de bajo voltaje:<\/strong> <11.6VCD<\/li>\n<li style='margin-bottom: 5px;'><strong>Potencia m\u00e1xima (sirena y altavoz):<\/strong> 30W<\/li>\n<li style='margin-bottom: 5px;'><strong>M\u00e1x. Corriente (sirena):<\/strong> 2.5A @ 13.6VCD<\/li>\n<li style='margin-bottom: 5px;'><strong>Corriente constante:<\/strong> <0.08A<\/li>\n<li style='margin-bottom: 5px;'><strong>Tonos de sirena:<\/strong> Wail&comma; Yelp&comma; Phaser&comma; HiLo&comma; Wail manual<\/li>\n<li style='margin-bottom: 5px;'><strong>Salida auxiliar:<\/strong> 12VCD&comma; 5A x 2<\/li>\n<li style='margin-bottom: 5px;'><strong>Rango de audio:<\/strong> 725Hz~1465Hz<\/li>\n<li style='margin-bottom: 5px;'><strong>Cables:<\/strong> Cable de alimentaci\u00f3n y salida: 6 cables @ 2220mm~2400mm<\/li>\n<li style='margin-bottom: 5px;'><strong>Control y cable de micr\u00f3fono:<\/strong> 8 cables @ 1250mm~1380mm<\/li>\n<li style='margin-bottom: 5px;'><strong>Clasificaci\u00f3n del fusible (Potencia de sirena):<\/strong> 15A +VCD<\/li>\n<li style='margin-bottom: 5px;'><strong>Temperatura de almacenamiento:<\/strong> -30\u00b0C ~ +70\u00b0C<\/li>\n<li style='margin-bottom: 5px;'><strong>Temperatura de funcionamiento:<\/strong> -20\u00b0C ~ +60\u00b0C<\/li>\n<li style='margin-bottom: 5px;'><strong>Garant\u00eda:<\/strong> 5 a\u00f1os<\/li>\n<\/ul><\/div>\n<\/p><\/div>\n<p> <!-- Secci\u00f3n de dimensiones --> <\/p>\n<div style='display: flex; flex-wrap: wrap; gap: 30px; margin-bottom: 30px;'>\n<div style='flex: 1 1 300px; min-width: 280px;'>\n<h3 style='font-size: 22px; border-bottom: 2px solid currentColor; padding-bottom: 5px; margin-top: 0; color: inherit; opacity: 0.8;'>Dimensiones<\/h3>\n<ul style='padding-left: 20px; font-size: 15px; color: inherit;'>\n<li style='margin-bottom: 5px;'>123.9 mm (Largo) x 106.2 mm (Ancho) x 120.8 mm (Alto)<\/li>\n<\/ul><\/div>\n<\/p><\/div>\n<p> <!-- Secci\u00f3n de contenido incluido --> <\/p>\n<div style='display: flex; flex-wrap: wrap; gap: 30px; margin-bottom: 30px;'>\n<div style='flex: 1 1 300px; min-width: 280px;'>\n<h3 style='font-size: 22px; border-bottom: 2px solid currentColor; padding-bottom: 5px; margin-top: 0; color: inherit; opacity: 0.8;'>Contenido del Paquete<\/h3>\n<ul style='padding-left: 20px; font-size: 15px; color: inherit;'>\n<li style='margin-bottom: 5px;'><strong>Sirena\/Bocina<\/strong><\/li>\n<li style='margin-bottom: 5px;'><strong>Controlador<\/strong><\/li>\n<li style='margin-bottom: 5px;'><strong>Micr\u00f3fono<\/strong><\/li>\n<\/ul><\/div>\n<\/p><\/div>\n<p> <!-- Separador final --> <\/p>\n<hr style='border: 0; border-top: 1px solid rgba(150&comma; 150&comma; 150&comma; 0.3); margin: 30px 0;'> <\/div>\n","protected":false},"excerpt":{"rendered":"<p>Sirena\/Bocina Compacta Para Motocicleta de 30 Watts, Incluye Controlador y Microfono<\/p>\n","protected":false},"featured_media":54195,"comment_status":"open","ping_status":"closed","template":"","meta":[],"product_brand":[],"product_cat":[1423],"product_tag":[1382,1461,1424],"class_list":{"0":"post-54196","1":"product","2":"type-product","3":"status-publish","4":"has-post-thumbnail","6":"product_cat-sirenas-bocinas-y-controladores-para-motocicletas","7":"product_tag-luces-auxiliares-para-motocicletas","8":"product_tag-signalpro","9":"product_tag-sirenas-bocinas-y-controladores-para-motocicletas","11":"first","12":"instock","13":"sale","14":"shipping-taxable","15":"purchasable","16":"product-type-simple"},"_links":{"self":[{"href":"https:\/\/soydeaqui.ddns.net\/pachuca\/index.php\/wp-json\/wp\/v2\/product\/54196","targetHints":{"allow":["GET"]}}],"collection":[{"href":"https:\/\/soydeaqui.ddns.net\/pachuca\/index.php\/wp-json\/wp\/v2\/product"}],"about":[{"href":"https:\/\/soydeaqui.ddns.net\/pachuca\/index.php\/wp-json\/wp\/v2\/types\/product"}],"replies":[{"embeddable":true,"href":"https:\/\/soydeaqui.ddns.net\/pachuca\/index.php\/wp-json\/wp\/v2\/comments?post=54196"}],"wp:featuredmedia":[{"embeddable":true,"href":"https:\/\/soydeaqui.ddns.net\/pachuca\/index.php\/wp-json\/wp\/v2\/media\/54195"}],"wp:attachment":[{"href":"https:\/\/soydeaqui.ddns.net\/pachuca\/index.php\/wp-json\/wp\/v2\/media?parent=54196"}],"wp:term":[{"taxonomy":"product_brand","embeddable":true,"href":"https:\/\/soydeaqui.ddns.net\/pachuca\/index.php\/wp-json\/wp\/v2\/product_brand?post=54196"},{"taxonomy":"product_cat","embeddable":true,"href":"https:\/\/soydeaqui.ddns.net\/pachuca\/index.php\/wp-json\/wp\/v2\/product_cat?post=54196"},{"taxonomy":"product_tag","embeddable":true,"href":"https:\/\/soydeaqui.ddns.net\/pachuca\/index.php\/wp-json\/wp\/v2\/product_tag?post=54196"}],"curies":[{"name":"wp","href":"https:\/\/api.w.org\/{rel}","templated":true}]}}