{"id":5408,"date":"2026-03-18T06:30:57","date_gmt":"2026-03-18T06:30:57","guid":{"rendered":"https:\/\/soydeaqui.ddns.net\/pachuca\/index.php\/producto\/teclado-alfanumerico-inalambrico-para-paneles-wip630-y-xtoip630-de-videofied\/"},"modified":"2026-03-18T06:30:57","modified_gmt":"2026-03-18T06:30:57","slug":"teclado-alfanumerico-inalambrico-para-paneles-wip630-y-xtoip630-de-videofied","status":"publish","type":"product","link":"https:\/\/soydeaqui.ddns.net\/pachuca\/index.php\/producto\/teclado-alfanumerico-inalambrico-para-paneles-wip630-y-xtoip630-de-videofied\/","title":{"rendered":"Teclado alfanum\u00e9rico inal\u00e1mbrico para paneles WIP630 y XTOIP630 de VideoFied"},"content":{"rendered":"<div style='width: 100%; max-width: 1200px; margin: 0 auto; font-family: sans-serif; line-height: 1.6; color: inherit; background-color: transparent;'> <!-- Secci\u00f3n de im\u00e1genes --> <\/p>\n<div style='display: flex; flex-wrap: wrap; gap: 30px; margin-bottom: 30px;'>\n<div style='flex: 1 1 300px; min-width: 280px;'> <a href='https:\/\/www.syscomblog.com\/2017\/03\/videoverificacion-videofied-lo-mejor-en.html'> <img style='width: 100%; height: auto; border: 1px solid rgba(150&comma;150&comma;150&comma;0.3); border-radius: 8px;' src='http:\/\/ftp3.syscom.mx\/usuarios\/ftp\/recursos\/viedofied.png' alt=''> <\/a> <\/div>\n<div style='flex: 1 1 300px; min-width: 280px;'> <a href='\/principal\/consultarproductosazul?global_search=sim25&#038;ordenar=Relevancia&#038;pag=1'> <img style='width: 100%; height: auto; border: 1px solid rgba(150&comma;150&comma;150&comma;0.3); border-radius: 8px;' src='http:\/\/ftp3.syscom.mx\/usuarios\/ftp\/recursos\/sim-multicarrier.png' alt=''> <\/a> <\/div>\n<\/p><\/div>\n<p> <!-- Secci\u00f3n de descripci\u00f3n --> <\/p>\n<div style='margin-bottom: 30px;'>\n<p style='font-size: 15px; color: inherit; margin: 0 0 15px;'>El teclado Modelo WMB 210\/611\/711 funciona con una bater\u00eda&comma; inal\u00e1mbrico alfanum\u00e9rica dispositivo lector de teclado \/ insignia dise\u00f1ada para la programaci\u00f3n y el funcionamiento de los sistemas de seguridad Videofied.<\/p>\n<p style='font-size: 15px; color: inherit; margin: 0 0 15px;'>El teclado cuenta con una pantalla LCD de 32 caracteres (dos l\u00edneas x 16 caracteres)&comma; pulsadores multifunci\u00f3n&comma; la asistencia de p\u00e1nico&comma; orden interna m\u00e1s s\u00f3lida&comma; lector de tarjetas de proximidad y la propagaci\u00f3n de espectro S2View\u00ae circuito inal\u00e1mbrico encriptado para la comunicaci\u00f3n de dos v\u00edas con mayor seguridad.<\/p>\n<p style='font-size: 15px; color: inherit; margin: 0 0 15px;'>La luz de fondo LCD se apaga autom\u00e1ticamente despu\u00e9s de 30 segundos de teclado inactividad para ahorrar energ\u00eda de la bater\u00eda. Al pulsar un bot\u00f3n se encender\u00e1 la luz de fondo para comenzar la operaci\u00f3n del teclado.<\/p>\n<\/p><\/div>\n<\/p><\/div>\n","protected":false},"excerpt":{"rendered":"<p>Teclado alfanum\u00e9rico inal\u00e1mbrico para paneles WIP630 y XTOIP630 de VideoFied<\/p>\n","protected":false},"featured_media":5407,"comment_status":"open","ping_status":"closed","template":"","meta":[],"product_brand":[],"product_cat":[134],"product_tag":[45,135,62],"class_list":{"0":"post-5408","1":"product","2":"type-product","3":"status-publish","4":"has-post-thumbnail","6":"product_cat-todos-teclados","7":"product_tag-honeywell-home-resideo","8":"product_tag-teclados","9":"product_tag-todos","11":"first","12":"outofstock","13":"sale","14":"shipping-taxable","15":"purchasable","16":"product-type-simple"},"_links":{"self":[{"href":"https:\/\/soydeaqui.ddns.net\/pachuca\/index.php\/wp-json\/wp\/v2\/product\/5408","targetHints":{"allow":["GET"]}}],"collection":[{"href":"https:\/\/soydeaqui.ddns.net\/pachuca\/index.php\/wp-json\/wp\/v2\/product"}],"about":[{"href":"https:\/\/soydeaqui.ddns.net\/pachuca\/index.php\/wp-json\/wp\/v2\/types\/product"}],"replies":[{"embeddable":true,"href":"https:\/\/soydeaqui.ddns.net\/pachuca\/index.php\/wp-json\/wp\/v2\/comments?post=5408"}],"wp:featuredmedia":[{"embeddable":true,"href":"https:\/\/soydeaqui.ddns.net\/pachuca\/index.php\/wp-json\/wp\/v2\/media\/5407"}],"wp:attachment":[{"href":"https:\/\/soydeaqui.ddns.net\/pachuca\/index.php\/wp-json\/wp\/v2\/media?parent=5408"}],"wp:term":[{"taxonomy":"product_brand","embeddable":true,"href":"https:\/\/soydeaqui.ddns.net\/pachuca\/index.php\/wp-json\/wp\/v2\/product_brand?post=5408"},{"taxonomy":"product_cat","embeddable":true,"href":"https:\/\/soydeaqui.ddns.net\/pachuca\/index.php\/wp-json\/wp\/v2\/product_cat?post=5408"},{"taxonomy":"product_tag","embeddable":true,"href":"https:\/\/soydeaqui.ddns.net\/pachuca\/index.php\/wp-json\/wp\/v2\/product_tag?post=5408"}],"curies":[{"name":"wp","href":"https:\/\/api.w.org\/{rel}","templated":true}]}}