{"id":54066,"date":"2026-03-19T02:08:38","date_gmt":"2026-03-19T02:08:38","guid":{"rendered":"https:\/\/soydeaqui.ddns.net\/pachuca\/index.php\/producto\/luz-auxiliar-de-6-led-ambar-bisel-negro-lente-transparente\/"},"modified":"2026-03-19T02:08:39","modified_gmt":"2026-03-19T02:08:39","slug":"luz-auxiliar-de-6-led-ambar-bisel-negro-lente-transparente","status":"publish","type":"product","link":"https:\/\/soydeaqui.ddns.net\/pachuca\/index.php\/producto\/luz-auxiliar-de-6-led-ambar-bisel-negro-lente-transparente\/","title":{"rendered":"Luz Auxiliar de 6 LED, Ambar, Bisel Negro, Lente Transparente"},"content":{"rendered":"<div style='width: 100%; max-width: 1200px; margin: 0 auto; font-family: sans-serif; line-height: 1.6; color: inherit; background-color: transparent;'>\n<div style='display: flex; flex-wrap: wrap; gap: 30px; margin-bottom: 30px;'>\n<div style='flex: 1 1 300px; min-width: 280px;'>\n<h3 style='font-size: 22px; border-bottom: 2px solid currentColor; padding-bottom: 5px; margin-top: 0; color: inherit; opacity: 0.8;'>FUNCIONES<\/h3>\n<ul style='padding-left: 20px; font-size: 15px; color: inherit;'>\n<li style='margin-bottom: 5px;'>Dise\u00f1o de perfil s\u00faper bajo de 0&comma;35\u201d(9.00 mm)<\/li>\n<li style='margin-bottom: 5px;'>Versi\u00f3n de montaje r\u00e1pido con dise\u00f1o de bisel y Adhesivo 3M preaplicado para una instalaci\u00f3n limpia y r\u00e1pida<\/li>\n<li style='margin-bottom: 5px;'>Cumple con certificaci\u00f3n SAE Clase 1 y ECE R65 Clase 1<\/li>\n<li style='margin-bottom: 5px;'>Aut\u00f3nomo; no requiere flasher externo<\/li>\n<li style='margin-bottom: 5px;'>Instalaci\u00f3n vertical cumpliendo con la normativa<\/li>\n<li style='margin-bottom: 5px;'>Sincronizaci\u00f3n de m\u00faltiples unidades en patrones de destello simult\u00e1neos o alternos<\/li>\n<li style='margin-bottom: 5px;'>Dise\u00f1o totalmente resistente a la intemperie y a las vibraciones uso para exteriores o interiores<\/li>\n<li style='margin-bottom: 5px;'>Carcasa de aluminio s\u00f3lido para una disipaci\u00f3n eficiente del calor y m\u00e1xima durabilidad<\/li>\n<li style='margin-bottom: 5px;'>LED de larga duraci\u00f3n con capacidad de 100.000 horas de funcionamiento<\/li>\n<li style='margin-bottom: 5px;'>La memoria no vol\u00e1til recuerda el \u00faltimo patr\u00f3n de destello utilizado durante el encendido<\/li>\n<li style='margin-bottom: 5px;'>Cuenta con protecci\u00f3n contra inversi\u00f3n de polaridad<\/li>\n<\/ul><\/div>\n<\/p><\/div>\n<div style='display: flex; flex-wrap: wrap; gap: 20px; margin-bottom: 30px;'>\n<div style='flex: 1 1 250px; border: 1px solid rgba(150&comma; 150&comma; 150&comma; 0.4); border-radius: 8px; overflow: hidden; display: flex; flex-direction: column;'>\n<div style='padding: 15px; border-bottom: 1px solid rgba(150&comma; 150&comma; 150&comma; 0.2); font-weight: bold; font-size: 18px; color: inherit;'>CARACTER\u00cdSTICAS T\u00c9CNICAS<\/div>\n<div style='padding: 15px; color: inherit;'>\n<ul style='padding-left: 20px; margin: 0; font-size: 14px; list-style-type: disc;'>\n<li style='margin-bottom: 5px;'><strong>Cumplimiento:<\/strong> ECE R65 (XA1&comma; XB1); ECE R10; SAE J595 Clase 1; IPX7<\/li>\n<li style='margin-bottom: 5px;'><strong>Elementos LED:<\/strong> 6 LED de alta potencia<\/li>\n<li style='margin-bottom: 5px;'><strong>N\u00famero de patrones de destello:<\/strong> 23<\/li>\n<li style='margin-bottom: 5px;'><strong>Voltaje de funcionamiento:<\/strong> 12 ~ 24VCD<\/li>\n<li style='margin-bottom: 5px;'><strong>Promedio Corriente:<\/strong> 0.5A @12VCD \/ 0.25A @24VCD (var\u00eda seg\u00fan el patr\u00f3n de destello)<\/li>\n<li style='margin-bottom: 5px;'><strong>Corriente M\u00e1x.:<\/strong> 1A @12VCD \/ 0.5A @24VCD<\/li>\n<li style='margin-bottom: 5px;'><strong>Potencia Promedio:<\/strong> 6 Watts (var\u00eda seg\u00fan el patr\u00f3n de destello)<\/li>\n<li style='margin-bottom: 5px;'><strong>Potencia M\u00e1x.:<\/strong> 10 Watts<\/li>\n<li style='margin-bottom: 5px;'><strong>Cables:<\/strong><\/li>\n<li style='margin-bottom: 5px;'><strong>Rojo:<\/strong> VCD: 20AWG<\/li>\n<li style='margin-bottom: 5px;'><strong>Negro:<\/strong> GND: 20AWG<\/li>\n<li style='margin-bottom: 5px;'><strong>Amarillo:<\/strong> Patrones de destello y sincronizaci\u00f3n: 20AWG<\/li>\n<li style='margin-bottom: 5px;'><strong>Longitud del cable:<\/strong> 25cm para la versi\u00f3n de montaje con tornillo&comma; Cable plano de 46 cm para la versi\u00f3n Montaje R\u00e1pido<\/li>\n<li style='margin-bottom: 5px;'><strong>Clasificaci\u00f3n del fusible:<\/strong> 2A<\/li>\n<li style='margin-bottom: 5px;'><strong>Sincronizaci\u00f3n:<\/strong> Hasta 15 Unidades<\/li>\n<li style='margin-bottom: 5px;'><strong>Opciones del Color del LED:<\/strong> rojo&comma; azul&comma; \u00e1mbar&comma; blanco&comma; verde<\/li>\n<li style='margin-bottom: 5px;'><strong>Opciones del Color de la lente:<\/strong> Claro<\/li>\n<li style='margin-bottom: 5px;'><strong>Temperatura de almacenamiento:<\/strong> -40\u00b0C a +75\u00b0C<\/li>\n<li style='margin-bottom: 5px;'><strong>Temperatura de trabajo:<\/strong> -30\u00b0C a +65\u00b0C<\/li>\n<li style='margin-bottom: 5px;'><strong>5 A\u00f1os de Garantia<\/strong><\/li>\n<\/ul><\/div>\n<\/p><\/div>\n<\/p><\/div>\n<hr style='border: 0; border-top: 1px solid rgba(150&comma; 150&comma; 150&comma; 0.3); margin: 30px 0;'> <\/div>\n","protected":false},"excerpt":{"rendered":"<p>Luz Auxiliar de 6 LED, Ambar, Bisel Negro, Lente Transparente<\/p>\n","protected":false},"featured_media":32,"comment_status":"open","ping_status":"closed","template":"","meta":[],"product_brand":[],"product_cat":[1372],"product_tag":[1371,1373,1461],"class_list":{"0":"post-54066","1":"product","2":"type-product","3":"status-publish","4":"has-post-thumbnail","6":"product_cat-rojo","7":"product_tag-luces-auxiliares-vehiculares","8":"product_tag-rojo","9":"product_tag-signalpro","11":"first","12":"instock","13":"sale","14":"shipping-taxable","15":"purchasable","16":"product-type-simple"},"_links":{"self":[{"href":"https:\/\/soydeaqui.ddns.net\/pachuca\/index.php\/wp-json\/wp\/v2\/product\/54066","targetHints":{"allow":["GET"]}}],"collection":[{"href":"https:\/\/soydeaqui.ddns.net\/pachuca\/index.php\/wp-json\/wp\/v2\/product"}],"about":[{"href":"https:\/\/soydeaqui.ddns.net\/pachuca\/index.php\/wp-json\/wp\/v2\/types\/product"}],"replies":[{"embeddable":true,"href":"https:\/\/soydeaqui.ddns.net\/pachuca\/index.php\/wp-json\/wp\/v2\/comments?post=54066"}],"wp:featuredmedia":[{"embeddable":true,"href":"https:\/\/soydeaqui.ddns.net\/pachuca\/index.php\/wp-json\/wp\/v2\/media\/32"}],"wp:attachment":[{"href":"https:\/\/soydeaqui.ddns.net\/pachuca\/index.php\/wp-json\/wp\/v2\/media?parent=54066"}],"wp:term":[{"taxonomy":"product_brand","embeddable":true,"href":"https:\/\/soydeaqui.ddns.net\/pachuca\/index.php\/wp-json\/wp\/v2\/product_brand?post=54066"},{"taxonomy":"product_cat","embeddable":true,"href":"https:\/\/soydeaqui.ddns.net\/pachuca\/index.php\/wp-json\/wp\/v2\/product_cat?post=54066"},{"taxonomy":"product_tag","embeddable":true,"href":"https:\/\/soydeaqui.ddns.net\/pachuca\/index.php\/wp-json\/wp\/v2\/product_tag?post=54066"}],"curies":[{"name":"wp","href":"https:\/\/api.w.org\/{rel}","templated":true}]}}