{"id":54055,"date":"2026-03-19T02:08:19","date_gmt":"2026-03-19T02:08:19","guid":{"rendered":"https:\/\/soydeaqui.ddns.net\/pachuca\/index.php\/producto\/contador-de-personas-con-tecnologia-lorawan\/"},"modified":"2026-03-19T02:08:19","modified_gmt":"2026-03-19T02:08:19","slug":"contador-de-personas-con-tecnologia-lorawan","status":"publish","type":"product","link":"https:\/\/soydeaqui.ddns.net\/pachuca\/index.php\/producto\/contador-de-personas-con-tecnologia-lorawan\/","title":{"rendered":"Contador de personas con tecnologia LoRaWAN"},"content":{"rendered":"<div style='width: 100%; max-width: 1200px; margin: 0 auto; font-family: sans-serif; line-height: 1.6; color: inherit; background-color: transparent;'>\n<div style='width: 100%; margin-bottom: 30px;'>\n<div style='width: 100%; max-width: 800px; margin: 0 auto 0 auto;'>\n<h2 style='font-size: 24px; margin-top: 0; margin-bottom: 15px; color: inherit;'>Desbloquee el potencial del Ultra People Counter<\/h2>\n<p style='margin-bottom: 0; color: inherit; font-size: 15px;'>Los contadores de personas de alta gama aprovechan la inteligencia artificial de aprendizaje profundo y la tecnolog\u00eda ToF de segunda generaci\u00f3n para proporcionar un conteo de personas preciso y confiable&comma; aportando una gran adaptabilidad a diversos escenarios interiores y semiexteriores.<\/p>\n<\/p><\/div>\n<\/p><\/div>\n<div style='position: relative; padding-bottom: 56.25%; height: 0; overflow: hidden; margin-bottom: 30px;'>   <\/div>\n<div style='width: 100%; max-width: 800px; margin: 0 auto 30px auto;'> <img style='width: 100%; height: auto; border: 1px solid rgba(150&comma;150&comma;150&comma;0.3); border-radius: 8px;' src='https:\/\/ftp3.syscom.mx\/usuarios\/fotos\/VS135915M\/235906-vs135-1.png' alt=''> <\/div>\n<div style='width: 100%; max-width: 800px; margin: 0 auto 30px auto;'> <img style='width: 100%; height: auto; border: 1px solid rgba(150&comma;150&comma;150&comma;0.3); border-radius: 8px;' src='https:\/\/ftp3.syscom.mx\/usuarios\/fotos\/VS135915M\/235906-vs135-2.png' alt=''> <\/div>\n<div style='display: flex; flex-wrap: wrap; gap: 30px; margin-bottom: 30px;'>\n<div style='flex: 1 1 300px; min-width: 280px;'>\n<h3 style='font-size: 22px; border-bottom: 2px solid currentColor; padding-bottom: 5px; margin-top: 0; color: inherit; opacity: 0.8;'>Mapa de calor avanzado<\/h3>\n<p style='color: inherit; font-size: 15px;'>El sensor captura el flujo de personas&comma; el tiempo de permanencia y el movimiento para generar un mapa de calor completo. Proporciona informaci\u00f3n m\u00e1s detallada al representar visualmente la distribuci\u00f3n e intensidad del tr\u00e1fico peatonal&comma; lo que mejora la comprensi\u00f3n del comportamiento del cliente\/consumidor y permite optimizar las experiencias de los usuarios&comma; los dise\u00f1os de las tiendas y la toma de decisiones basada en datos.<\/p>\n<\/p><\/div>\n<div style='flex: 1 1 300px; min-width: 280px;'> <img style='width: 100%; height: auto; border: 1px solid rgba(150&comma;150&comma;150&comma;0.3); border-radius: 8px;' src='https:\/\/ftp3.syscom.mx\/usuarios\/fotos\/VS135915M\/235906-vs135-4.png' alt=''> <\/div>\n<\/p><\/div>\n<div style='display: flex; flex-wrap: wrap; gap: 30px; margin-bottom: 30px;'>\n<div style='flex: 1 1 300px; min-width: 280px;'> <img style='width: 100%; height: auto; border: 1px solid rgba(150&comma;150&comma;150&comma;0.3); border-radius: 8px;' src='https:\/\/ftp3.syscom.mx\/usuarios\/fotos\/VS135915M\/235906-vs135-3.png' alt=''> <\/div>\n<div style='flex: 1 1 300px; min-width: 280px;'>\n<h3 style='font-size: 22px; border-bottom: 2px solid currentColor; padding-bottom: 5px; margin-top: 0; color: inherit; opacity: 0.8;'>Tecnolog\u00edas de detecci\u00f3n de ToF e IA ultra<\/h3>\n<p style='color: inherit; font-size: 15px;'>Con el poder de la IA de aprendizaje profundo y la \u00faltima tecnolog\u00eda ToF&comma; el contador logra capacidades de conteo de personas precisas y an\u00f3nimas. Dise\u00f1ado para ofrecer un rendimiento excepcional&comma; cuenta con una amplia gama de \u00e1reas de cobertura bajo diferentes alturas de montaje.<\/p>\n<\/p><\/div>\n<\/p><\/div>\n<div style='width: 100%; max-width: 800px; margin: 0 auto 30px auto;'> <img style='width: 100%; height: auto; border: 1px solid rgba(150&comma;150&comma;150&comma;0.3); border-radius: 8px;' src='https:\/\/ftp3.syscom.mx\/usuarios\/fotos\/VS135915M\/235906-vs135-5.png' alt=''> <\/div>\n<div style='width: 100%; max-width: 800px; margin: 0 auto 30px auto;'> <img style='width: 100%; height: auto; border: 1px solid rgba(150&comma;150&comma;150&comma;0.3); border-radius: 8px;' src='https:\/\/ftp3.syscom.mx\/usuarios\/fotos\/VS135915M\/235906-vs135-6.png' alt=''> <\/div>\n<div style='width: 100%; max-width: 800px; margin: 0 auto 30px auto;'> <img style='width: 100%; height: auto; border: 1px solid rgba(150&comma;150&comma;150&comma;0.3); border-radius: 8px;' src='https:\/\/ftp3.syscom.mx\/usuarios\/fotos\/VS135915M\/235906-vs135-7.png' alt=''> <\/div>\n<div style='width: 100%; max-width: 800px; margin: 0 auto 30px auto;'> <img style='width: 100%; height: auto; border: 1px solid rgba(150&comma;150&comma;150&comma;0.3); border-radius: 8px;' src='https:\/\/ftp3.syscom.mx\/usuarios\/fotos\/VS135915M\/235906-vs135-8.png' alt=''> <\/div>\n<\/p><\/div>\n","protected":false},"excerpt":{"rendered":"<p>Contador de personas con tecnologia LoRaWAN<\/p>\n","protected":false},"featured_media":54054,"comment_status":"open","ping_status":"closed","template":"","meta":[],"product_brand":[],"product_cat":[1436],"product_tag":[1437,1455,1438],"class_list":{"0":"post-54055","1":"product","2":"type-product","3":"status-publish","4":"has-post-thumbnail","6":"product_cat-sensores-tags","7":"product_tag-lorawan","8":"product_tag-milesight","9":"product_tag-sensores-tags","11":"first","12":"instock","13":"sale","14":"shipping-taxable","15":"purchasable","16":"product-type-simple"},"_links":{"self":[{"href":"https:\/\/soydeaqui.ddns.net\/pachuca\/index.php\/wp-json\/wp\/v2\/product\/54055","targetHints":{"allow":["GET"]}}],"collection":[{"href":"https:\/\/soydeaqui.ddns.net\/pachuca\/index.php\/wp-json\/wp\/v2\/product"}],"about":[{"href":"https:\/\/soydeaqui.ddns.net\/pachuca\/index.php\/wp-json\/wp\/v2\/types\/product"}],"replies":[{"embeddable":true,"href":"https:\/\/soydeaqui.ddns.net\/pachuca\/index.php\/wp-json\/wp\/v2\/comments?post=54055"}],"wp:featuredmedia":[{"embeddable":true,"href":"https:\/\/soydeaqui.ddns.net\/pachuca\/index.php\/wp-json\/wp\/v2\/media\/54054"}],"wp:attachment":[{"href":"https:\/\/soydeaqui.ddns.net\/pachuca\/index.php\/wp-json\/wp\/v2\/media?parent=54055"}],"wp:term":[{"taxonomy":"product_brand","embeddable":true,"href":"https:\/\/soydeaqui.ddns.net\/pachuca\/index.php\/wp-json\/wp\/v2\/product_brand?post=54055"},{"taxonomy":"product_cat","embeddable":true,"href":"https:\/\/soydeaqui.ddns.net\/pachuca\/index.php\/wp-json\/wp\/v2\/product_cat?post=54055"},{"taxonomy":"product_tag","embeddable":true,"href":"https:\/\/soydeaqui.ddns.net\/pachuca\/index.php\/wp-json\/wp\/v2\/product_tag?post=54055"}],"curies":[{"name":"wp","href":"https:\/\/api.w.org\/{rel}","templated":true}]}}