{"id":54053,"date":"2026-03-19T02:08:17","date_gmt":"2026-03-19T02:08:17","guid":{"rendered":"https:\/\/soydeaqui.ddns.net\/pachuca\/index.php\/producto\/plataforma-avanzada-para-rastreo-gps-telematica-vehicular-licencia-por-un-ano-para-un-localizador-gps-activacion-por-codigo-para-server-us-video-no-disponible\/"},"modified":"2026-03-19T02:08:17","modified_gmt":"2026-03-19T02:08:17","slug":"plataforma-avanzada-para-rastreo-gps-telematica-vehicular-licencia-por-un-ano-para-un-localizador-gps-activacion-por-codigo-para-server-us-video-no-disponible","status":"publish","type":"product","link":"https:\/\/soydeaqui.ddns.net\/pachuca\/index.php\/producto\/plataforma-avanzada-para-rastreo-gps-telematica-vehicular-licencia-por-un-ano-para-un-localizador-gps-activacion-por-codigo-para-server-us-video-no-disponible\/","title":{"rendered":"Plataforma Avanzada para Rastreo GPS, Telem\u00e1tica Vehicular \/ (Licencia por un a\u00f1o para un localizador GPS, Activaci\u00f3n por codigo para server US) (Video no disponible)"},"content":{"rendered":"<div style='width: 100%; max-width: 1200px; margin: 0 auto; font-family: sans-serif; line-height: 1.6; color: inherit; background-color: transparent;'>\n<div style='display: flex; flex-wrap: wrap; gap: 30px; margin-bottom: 30px;'>\n<div style='flex: 1 1 300px; min-width: 280px;'>\n<h1 style='font-size: 2.5em; font-weight: 900; margin-top: 0; color: inherit;'>USEPCOM GPS<\/h1>\n<h2 style='margin-top: 0; color: inherit;'>Plataforma de<br \/>Rastreo GPS<\/h2>\n<p style='font-size: 14px; color: inherit;'><strong style='color: inherit;'>Licencia solo valida para us.gps.epcom.net&comma; no aplica para el servicio gps.epcom.net<\/strong><\/p>\n<\/p><\/div>\n<div style='flex: 1 1 600px; min-width: 300px;'> <img style='width: 100%; height: auto; border: 1px solid rgba(150&comma;150&comma;150&comma;0.3); border-radius: 8px;' src='https:\/\/ftp3.syscom.mx\/usuarios\/ftp\/single_page\/epcom_gps\/IMAGEN-PRINCIPAL2.jpg' alt='Plataforma de Rastreo GPS'> <\/div>\n<\/p><\/div>\n<div style='text-align: center; margin: 30px 0;'>\n<h1 style='font-size: 1.8em; font-weight: 900; color: inherit;'>Todo sobre la Nube&comma; Soluci\u00f3n L\u00edder en Log\u00edstica&comma; Transporte y IoT<\/h1>\n<\/p><\/div>\n<div style='display: flex; flex-wrap: wrap; gap: 30px; margin-bottom: 30px;'>\n<div style='flex: 1 1 600px; min-width: 300px;'>\n<div style='border: 1px solid rgba(150&comma;150&comma;150&comma;0.4); border-radius: 8px; padding: 20px; background-color: rgba(150&comma;150&comma;150&comma;0.05);'>\n<div id='bot_demo'>\n<h3 style='color: inherit; margin-top: 0;'>Ingrese a la Cuenta Demo Usando los Siguientes Datos:<\/h3>\n<p style='margin: 15px 0 0;'><strong style='font-size: 1.2em; color: inherit;'><a style='color: inherit; text-decoration: underline;' href='http:\/\/gps.epcom.net\/' target='_blank' rel='noopener'>us.gps.epcom.net<\/a><\/strong><\/p>\n<h3 style='margin: 15px 0 5px; color: inherit;'>Presionar en el boton inferior en &#8216;login demo&#8217;<\/h3>\n<p style='text-align: center; margin: 15px 0;'> <img style='width: 80%; height: auto; border: 1px solid rgba(150&comma;150&comma;150&comma;0.3); border-radius: 8px;' src='blob:https:\/\/erp.syscom.mx\/4fbd8934-92e0-4f8e-a31a-8e1147b0b522' alt='Bot\u00f3n de login demo'> <\/p>\n<h3 style='margin: 20px 0 10px; color: inherit;'> <\/h3>\n<h3 style='margin: 20px 0 10px; font-size: 1em; color: inherit;'><small style='color: inherit;'>Ingresa al siguiente link para crear tu cuenta&comma; as\u00ed podras agregar equipos y habilitar el pago autom\u00e1tico.<\/small><\/h3>\n<p style='margin: 10px 0;'><a style='color: inherit; text-decoration: underline;' href='https:\/\/syscom.mx\/panel\/servicios' target='_blank' rel='noopener'>https:\/\/syscom.mx\/panel\/servicios<\/a><\/p>\n<ul style='padding-left: 20px; margin: 15px 0; color: inherit;'>\n<li style='margin-bottom: 5px; color: inherit;'>* Compatible con m\u00e1s de 2&comma;000 modelos de equipos de rastreo.<\/li>\n<li style='margin-bottom: 5px; color: inherit;'>** Informaci\u00f3n de respaldo hasta 365 d\u00edas<\/li>\n<li style='margin-bottom: 5px; color: inherit;'>*** Para evitar el cobro autom\u00e1tico&comma; el distribuidor debe dar de baja las unidades que ya no va a utilizar (eliminarlas)&comma; SYSCOM no puede dar de baja autom\u00e1ticamente sus unidades&comma; debe ser manualmente por el distribuidor<\/li>\n<li style='margin-bottom: 5px; color: inherit;'>**** Al subir el pedido el servicio no es cancelable.<\/li>\n<\/ul><\/div>\n<\/p><\/div>\n<\/p><\/div>\n<\/p><\/div>\n<div style='display: flex; flex-wrap: wrap; gap: 30px; margin-bottom: 30px;'>\n<div style='flex: 1 1 100%;'>\n<div style='display: flex; flex-wrap: wrap; gap: 20px;'>\n<div style='flex: 1 1 300px; min-width: 280px;'>\n<div style='position: relative; padding-bottom: 56.25%; height: 0; overflow: hidden; margin-bottom: 20px;'>   <\/div>\n<\/p><\/div>\n<div style='flex: 1 1 300px; min-width: 280px;'>\n<div style='position: relative; padding-bottom: 56.25%; height: 0; overflow: hidden; margin-bottom: 20px;'>   <\/div>\n<\/p><\/div>\n<div style='flex: 1 1 300px; min-width: 280px;'>\n<div style='position: relative; padding-bottom: 56.25%; height: 0; overflow: hidden; margin-bottom: 20px;'>   <\/div>\n<\/p><\/div>\n<div style='flex: 1 1 300px; min-width: 280px;'>\n<div style='position: relative; padding-bottom: 56.25%; height: 0; overflow: hidden; margin-bottom: 20px;'>   <\/div>\n<\/p><\/div>\n<div style='flex: 1 1 300px; min-width: 280px;'>\n<div style='position: relative; padding-bottom: 56.25%; height: 0; overflow: hidden; margin-bottom: 20px;'>   <\/div>\n<\/p><\/div>\n<div style='flex: 1 1 300px; min-width: 280px;'>\n<div style='position: relative; padding-bottom: 56.25%; height: 0; overflow: hidden; margin-bottom: 20px;'>   <\/div>\n<\/p><\/div>\n<\/p><\/div>\n<\/p><\/div>\n<\/p><\/div>\n<div style='display: flex; flex-wrap: wrap; gap: 30px; margin-bottom: 30px;'>\n<div style='flex: 1 1 600px; min-width: 300px;'>\n<h2 style='font-size: 1.5em; margin-top: 20px; color: inherit;'>App de Logistica Lider&comma; optimice sus entregas<\/h2>\n<p style='color: inherit;'>Lleve acabo sus entregas de forma eficiente con la aplicaci\u00f3n de logistica lider&comma; capaz de crear rutas considerando trafico y distancia de entregas<\/p>\n<p> <a style='display: block; text-align: center; margin: 20px 0;' href='https:\/\/ftp3.syscom.mx\/usuarios\/fotos\/EPCOMGPSMENSUAL\/142745-logisticas_general.png'> <img style='width: 100%; height: auto; border: 1px solid rgba(150&comma;150&comma;150&comma;0.3); border-radius: 8px;' src='https:\/\/ftp3.syscom.mx\/usuarios\/fotos\/EPCOMGPSMENSUAL\/142745-logisticas_general.png' alt='App de Logistica Lider'> <\/a> <\/div>\n<div style='flex: 1 1 600px; min-width: 300px;'>\n<h2 style='font-size: 1.5em; margin-top: 20px; color: inherit;'>App para Android e iOS para empresas de logistica<\/h2>\n<p style='color: inherit;'>Aplicaci\u00f3n intuitiva y super funcional&comma; capaz de hacer llegar pedidos&comma; confirmaci\u00f3n&comma; recolecci\u00f3n de firmas y trazar la mejor ruta para la entrega.<\/p>\n<p> <a style='display: block; text-align: center; margin: 20px 0;' href='https:\/\/ftp3.syscom.mx\/usuarios\/fotos\/EPCOMGPSMENSUAL\/142745-app_i.png' target='_blank' rel='noopener'> <img style='width: 100%; height: auto; border: 1px solid rgba(150&comma;150&comma;150&comma;0.3); border-radius: 8px;' src='https:\/\/ftp3.syscom.mx\/usuarios\/fotos\/EPCOMGPSMENSUAL\/142745-app_i.png' alt='App para Android e iOS'> <\/a> <\/div>\n<\/p><\/div>\n<div style='display: flex; flex-wrap: wrap; gap: 30px; margin-bottom: 30px;'>\n<div style='flex: 1 1 100%;'>\n<div style='border: 1px solid rgba(150&comma;150&comma;150&comma;0.4); border-radius: 8px; padding: 20px; background-color: rgba(150&comma;150&comma;150&comma;0.05);'>\n<div style='color: inherit;'>\n<h2 style='font-size: 1.5em; margin-top: 0; color: inherit;'>Fleetrun&comma; la solucion de mantenimiento para flotas vehiculares.<\/h2>\n<p style='font-size: 14px; color: inherit;'>Fleetrun es un software de mantenimiento de flotas desarrollado a base de Wialon&comma; la plataforma de rastreo GPS e IoT.<\/p>\n<p style='font-size: 14px; color: inherit;'>El tama\u00f1o de las flotas no importa&comma; todos pueden aprovechar Fleetrun para monitorear el estado de veh\u00edculos&comma; controlar y minimizar gastos&comma; evitar aver\u00edas cr\u00edticas y tiempo de inactividad de veh\u00edculos o remolques.<\/p>\n<div style='display: flex; flex-wrap: wrap; gap: 20px; margin-top: 20px;'>\n<div style='flex: 1 1 300px; min-width: 280px;'>\n<div style='border: 1px solid rgba(150&comma;150&comma;150&comma;0.3); border-radius: 8px; padding: 15px; margin-bottom: 15px;'>\n<h3 style='font-size: 1.2em; margin-top: 0; color: inherit;'><strong style='color: inherit;'>Almacenamiento de todos los datos en una sola aplicaci\u00f3n<\/strong><\/h3>\n<p style='font-size: 14px; color: inherit;'>Utilice Fleetrun en lugar de registros en papel y archivos de Excel de varias hojas para planificar y administrar los servicios de mantenimiento.<\/p>\n<\/p><\/div>\n<\/p><\/div>\n<div style='flex: 1 1 300px; min-width: 280px;'>\n<div style='border: 1px solid rgba(150&comma;150&comma;150&comma;0.3); border-radius: 8px; padding: 15px; margin-bottom: 15px;'>\n<h3 style='font-size: 1.2em; margin-top: 0; color: inherit;'><strong style='color: inherit;'>Gesti\u00f3n del mantenimiento<\/strong><\/h3>\n<p style='font-size: 14px; color: inherit;'>Registre servicios para cada veh\u00edculo: los servicios planificados&comma; cualquier pieza de recambio&comma; el coste total&comma; la fecha del inicio y la duraci\u00f3n del servicio de mantenimiento.<\/p>\n<\/p><\/div>\n<\/p><\/div>\n<div style='flex: 1 1 300px; min-width: 280px;'>\n<div style='border: 1px solid rgba(150&comma;150&comma;150&comma;0.3); border-radius: 8px; padding: 15px; margin-bottom: 15px;'>\n<h3 style='font-size: 1.2em; margin-top: 0; color: inherit;'><strong style='color: inherit;'>Programaci\u00f3n del mantenimiento<\/strong><\/h3>\n<p style='font-size: 14px; color: inherit;'>Ajuste recordatorios de servicios y especifique su frecuencia manualmente o configure la creaci\u00f3n de servicios autom\u00e1tica basada en los valores del kilometraje&comma; intervalos u horas del motor.<\/p>\n<\/p><\/div>\n<\/p><\/div>\n<div style='flex: 1 1 300px; min-width: 280px;'>\n<div style='border: 1px solid rgba(150&comma;150&comma;150&comma;0.3); border-radius: 8px; padding: 15px; margin-bottom: 15px;'>\n<h3 style='font-size: 1.2em; margin-top: 0; color: inherit;'><strong style='color: inherit;'>Control de gastos<\/strong><\/h3>\n<p style='font-size: 14px; color: inherit;'>Almacene todos los gastos en reparaci\u00f3n y en piezas de repuesto en una sola aplicaci\u00f3n. Fleetrun calcula los costes de mantenimiento de cada veh\u00edculo y toda la flota.<\/p>\n<\/p><\/div>\n<\/p><\/div>\n<div style='flex: 1 1 300px; min-width: 280px;'>\n<div style='border: 1px solid rgba(150&comma;150&comma;150&comma;0.3); border-radius: 8px; padding: 15px; margin-bottom: 15px;'>\n<h3 style='font-size: 1.2em; margin-top: 0; color: inherit;'><strong style='color: inherit;'>Digitalizaci\u00f3n de procesos<\/strong><\/h3>\n<p style='font-size: 14px; color: inherit;'>Ahorre tiempo a sus empleados y deje que Fleetrun cree autom\u00e1ticamente servicios y env\u00ede notificaciones sobre su estado.<\/p>\n<\/p><\/div>\n<\/p><\/div>\n<div style='flex: 1 1 300px; min-width: 280px;'>\n<div style='border: 1px solid rgba(150&comma;150&comma;150&comma;0.3); border-radius: 8px; padding: 15px; margin-bottom: 15px;'>\n<h3 style='font-size: 1.2em; margin-top: 0; color: inherit;'><strong style='color: inherit;'>Interfaz sencilla y amigable<\/strong><\/h3>\n<p style='font-size: 14px; color: inherit;'>La interfaz permite a los usuarios con poca experiencia llevar a cabo la captura de informaci\u00f3n sin dificultad.<\/p>\n<\/p><\/div>\n<\/p><\/div>\n<\/p><\/div>\n<\/p><\/div>\n<\/p><\/div>\n<\/p><\/div>\n<\/p><\/div>\n<div style='display: flex; flex-wrap: wrap; gap: 30px; margin-bottom: 30px;'>\n<div style='flex: 1 1 600px; min-width: 300px;'>\n<h2 style='font-size: 1.5em; margin-top: 20px; color: inherit;'>Mejor Aplicaci\u00f3n de la Industria<\/h2>\n<p style='color: inherit;'>Buscar evidencia toma segundos y es extremadamente r\u00e1pido e intuitivo&comma; compatible con Windows&comma; Mac&comma; iOS y Android.<\/p>\n<p style='color: inherit;'><strong style='color: inherit;'>Video en tiempo real desde la aplicaci\u00f3n: <\/strong>Vista de camaras desde dispositivos inteligentes&comma; localizaci\u00f3n y video en la misma app.<\/p>\n<div style='text-align: center; margin: 20px 0;'> <img style='width: 100%; height: auto; border: 1px solid rgba(150&comma;150&comma;150&comma;0.3); border-radius: 8px;' src='https:\/\/ftp3.syscom.mx\/usuarios\/ftp\/single_page\/epcomgps\/uno.gif' alt='Video en tiempo real'> <\/div>\n<\/p><\/div>\n<div style='flex: 1 1 600px; min-width: 300px;'>\n<h2 style='font-size: 1.5em; margin-top: 20px; color: inherit;'>Video M\u00f3vil por 3G \/ 4G DashCam con IA<\/h2>\n<p style='color: inherit;'>Compatible con los sistemas de vigilancia mas robustos del mercado&comma; evite accidentes con los analiticos de IA. Alarmas por prevenci\u00f3n de colicic\u00f3n&comma; cruce de peatones&comma; chofer distraido&comma; sensor de fatiga entre otros.<\/p>\n<p style='color: inherit;'><strong style='color: inherit;'>Video en tiempo real&comma; alertas al instante&comma; super confiable.<\/strong><\/p>\n<p style='font-style: italic; margin: 15px 0; color: inherit;'><em>&#8216;Cualquiera puede rastrear un vehiculo&comma; pocos prevenir accidentes en tiempo real&#8217;<\/em><\/p>\n<div style='text-align: center; margin: 20px 0;'> <img style='width: 100%; height: auto; border: 1px solid rgba(150&comma;150&comma;150&comma;0.3); border-radius: 8px;' src='https:\/\/ftp3.syscom.mx\/usuarios\/fotos\/EPCOMGPSMENSUAL\/142745-unnamed.png' alt='Video M\u00f3vil con IA'> <\/div>\n<\/p><\/div>\n<\/p><\/div>\n<div style='display: flex; flex-wrap: wrap; gap: 30px; margin-bottom: 30px;'>\n<div style='flex: 1 1 600px; min-width: 300px;'>\n<h2 style='font-size: 1.5em; margin-top: 20px; color: inherit;'>FT Vision<\/h2>\n<p style='color: inherit;'>Aplicaci\u00f3n para visualizaci\u00f3n remota de dispositivos MDVR. Video en vivo y sin interrupciones.<\/p>\n<p> <a style='display: block; text-align: center; margin: 20px 0;' href='https:\/\/ftp3.syscom.mx\/usuarios\/fotos\/EPCOMGPSMENSUAL\/142745-image(5).png' target='_blank' rel='noopener'> <img style='width: 100%; height: auto; border: 1px solid rgba(150&comma;150&comma;150&comma;0.3); border-radius: 8px;' src='https:\/\/ftp3.syscom.mx\/usuarios\/fotos\/EPCOMGPSMENSUAL\/142745-image(5).png' alt='FT Vision'> <\/a> <\/div>\n<div style='flex: 1 1 600px; min-width: 300px;'>\n<h2 style='font-size: 1.5em; margin-top: 20px; color: inherit;'>Consumo de Combustible<\/h2>\n<p style='color: inherit;'>La m\u00e1s alta precisi\u00f3n de c\u00e1lculo de combustible (\u00danica con 99%) y una interface f\u00e1cil de entender.<\/p>\n<div style='text-align: center; margin: 20px 0;'> <img style='width: 100%; height: auto; border: 1px solid rgba(150&comma;150&comma;150&comma;0.3); border-radius: 8px;' src='https:\/\/ftp3.syscom.mx\/usuarios\/ftp\/single_page\/epcomgps\/cinco.jpg' alt='Consumo de Combustible'> <\/div>\n<\/p><\/div>\n<\/p><\/div>\n<div style='display: flex; flex-wrap: wrap; gap: 30px; margin-bottom: 30px;'>\n<div style='flex: 1 1 600px; min-width: 300px;'>\n<h2 style='font-size: 1.5em; margin-top: 20px; color: inherit;'>Optimizaci\u00f3n de Rutas<\/h2>\n<p style='color: inherit;'>Reduzca enormemente costos&comma; evite p\u00e9rdida de tiempo y conc\u00e9ntrese en tener clientes contentos.<\/p>\n<div style='text-align: center; margin: 20px 0;'> <img style='width: 100%; height: auto; border: 1px solid rgba(150&comma;150&comma;150&comma;0.3); border-radius: 8px;' src='https:\/\/ftp3.syscom.mx\/usuarios\/ftp\/single_page\/epcomgps\/seis.jpg' alt='Optimizaci\u00f3n de Rutas'> <\/div>\n<\/p><\/div>\n<div style='flex: 1 1 600px; min-width: 300px;'>\n<h2 style='font-size: 1.5em; margin-top: 20px; color: inherit;'>El \u00daltimo D\u00eda de los Malos Choferes<\/h2>\n<p style='color: inherit;'>Tenga un reporte intuitivo de la calidad de manejo&comma; evite desgastes innecesarios en sus veh\u00edculos y reparaciones costosas.<\/p>\n<div style='text-align: center; margin: 20px 0;'> <img style='width: 100%; height: auto; border: 1px solid rgba(150&comma;150&comma;150&comma;0.3); border-radius: 8px;' src='https:\/\/ftp3.syscom.mx\/usuarios\/ftp\/single_page\/epcomgps\/siete.jpg' alt='Calidad de manejo'> <\/div>\n<\/p><\/div>\n<\/p><\/div>\n<div style='display: flex; flex-wrap: wrap; gap: 30px; margin-bottom: 30px;'>\n<div style='flex: 1 1 600px; min-width: 300px;'>\n<h2 style='font-size: 1.5em; margin-top: 20px; color: inherit;'>Geocercas para Gente Normal<\/h2>\n<p style='color: inherit;'>Evitemos interfaces confusas y p\u00e9rdida de tiempo&comma; nuestro sistema de Geocerca es extremo intuitivo y f\u00e1cil de administrar.<\/p>\n<div style='text-align: center; margin: 20px 0;'> <img style='width: 100%; height: auto; border: 1px solid rgba(150&comma;150&comma;150&comma;0.3); border-radius: 8px;' src='https:\/\/ftp3.syscom.mx\/usuarios\/ftp\/single_page\/epcomgps\/ocho.jpg' alt='Geocercas'> <\/div>\n<\/p><\/div>\n<div style='flex: 1 1 600px; min-width: 300px;'>\n<h2 style='font-size: 1.5em; margin-top: 20px; color: inherit;'>Compatible con Las Marcas Importantes<\/h2>\n<p style='color: inherit;'>EPCOM GPS puede integrar dispositivos de todas las marcas&comma; esto hace posible mezclar incluso trackers GPS con DVRs m\u00f3viles.<\/p>\n<div style='text-align: center; margin: 20px 0;'> <img style='width: 100%; height: auto; border: 1px solid rgba(150&comma;150&comma;150&comma;0.3); border-radius: 8px;' src='https:\/\/ftp3.syscom.mx\/usuarios\/ftp\/single_page\/epcomgps\/nueve.jpg' alt='Marcas compatibles'> <\/div>\n<\/p><\/div>\n<\/p><\/div>\n<div style='display: flex; flex-wrap: wrap; gap: 30px; margin-bottom: 30px;'>\n<div style='flex: 1 1 600px; min-width: 300px;'>\n<h2 style='font-size: 1.5em; margin-top: 20px; color: inherit;'>Sensores<\/h2>\n<p style='color: inherit;'>Monitoree en tiempo real diferentes sensores (temperatura&comma; digitales&comma; movimiento) con una interface amigable. Necesita saber el estado de 200 pozos de agua en tiempo real? Estamos listos.<\/p>\n<div style='text-align: center; margin: 20px 0;'> <img style='width: 100%; height: auto; border: 1px solid rgba(150&comma;150&comma;150&comma;0.3); border-radius: 8px;' src='https:\/\/ftp3.syscom.mx\/usuarios\/ftp\/single_page\/epcomgps\/diez.jpg' alt='Sensores'> <\/div>\n<\/p><\/div>\n<\/p><\/div>\n<div style='margin-top: 40px; padding-top: 30px; border-top: 1px solid rgba(150&comma;150&comma;150&comma;0.3);'>\n<h2 style='font-size: 1.5em; margin-top: 0; color: inherit;'>Aplicaciones M\u00f3viles<\/h2>\n<div style='display: flex; flex-wrap: wrap; gap: 20px; margin-top: 20px;'>\n<div style='flex: 1 1 300px; min-width: 280px;'>\n<div style='border: 1px solid rgba(150&comma;150&comma;150&comma;0.3); border-radius: 8px; padding: 15px; height: 100%; display: flex; flex-direction: column; justify-content: space-between;'>\n<div>\n<div style='display: flex; align-items: center; margin-bottom: 15px;'> <img style='width: 50px; height: auto; margin-right: 10px; border: 1px solid rgba(150&comma;150&comma;150&comma;0.3); border-radius: 8px;' src='https:\/\/ftp3.syscom.mx\/usuarios\/ftp\/single_page\/epcomgps\/epcomgps2.png' alt='Logo'> <\/p>\n<h4 style='margin: 0; font-size: 1.1em; color: inherit;'>Mapas y<br \/>Navegaci\u00f3n<\/h4>\n<\/p><\/div>\n<p style='color: inherit;'>Plataforma Avanzada de rastreo GPS y Telem\u00e1tica Vehicular<\/p>\n<\/p><\/div>\n<div style='margin-top: auto;'>\n<p style='margin: 0; text-align: right;'> <a style='color: inherit; text-decoration: underline;' href='https:\/\/play.google.com\/store\/apps\/details?id=mx.syscom.epcomgps&#038;hl=es_MX' target='_blank' rel='noopener'>LEER M\u00c1S<\/a> <\/p>\n<\/p><\/div>\n<\/p><\/div>\n<\/p><\/div>\n<div style='flex: 1 1 300px; min-width: 280px;'>\n<div style='border: 1px solid rgba(150&comma;150&comma;150&comma;0.3); border-radius: 8px; padding: 15px; height: 100%; display: flex; flex-direction: column; justify-content: space-between;'>\n<div>\n<div style='display: flex; align-items: center; margin-bottom: 15px;'> <img style='width: 50px; height: auto; margin-right: 10px; border: 1px solid rgba(150&comma;150&comma;150&comma;0.3); border-radius: 8px;' src='https:\/\/gurtam.com\/resource\/images\/logos\/wiatag.png' alt='Logo'> <\/p>\n<h4 style='margin: 0; font-size: 1.1em; color: inherit;'>Seguimiento<br \/>Personal<\/h4>\n<\/p><\/div>\n<p style='color: inherit;'>WiaTag convierte su dispositivo m\u00f3vil en un rastreador GPS que sigue el movimiento de su propietario.<\/p>\n<\/p><\/div>\n<div style='margin-top: auto;'>\n<p style='margin: 0; text-align: right;'> <a style='color: inherit; text-decoration: underline;' href='https:\/\/play.google.com\/store\/apps\/details?id=com.gurtam.wiatag&#038;hl=es_MX' target='_blank' rel='noopener'>LEER M\u00c1S<\/a> <\/p>\n<\/p><\/div>\n<\/p><\/div>\n<\/p><\/div>\n<div style='flex: 1 1 300px; min-width: 280px;'>\n<div style='border: 1px solid rgba(150&comma;150&comma;150&comma;0.3); border-radius: 8px; padding: 15px; height: 100%; display: flex; flex-direction: column; justify-content: space-between;'>\n<div>\n<div style='display: flex; align-items: center; margin-bottom: 15px;'> <img style='width: 50px; height: auto; margin-right: 10px; border: 1px solid rgba(150&comma;150&comma;150&comma;0.3); border-radius: 8px;' src='https:\/\/gurtam.com\/resource\/images\/logos\/logistics.png' alt='Logo'> <\/p>\n<h4 style='margin: 0; font-size: 1.1em; color: inherit;'>Gesti\u00f3n de<br \/>entregas<\/h4>\n<\/p><\/div>\n<p style='color: inherit;'>El servicio Logistics est\u00e1 dise\u00f1ado para controlar todas las etapas del servicio de distribuci\u00f3n.<\/p>\n<\/p><\/div>\n<div style='margin-top: auto;'>\n<p style='margin: 0; text-align: right;'> <a style='color: inherit; text-decoration: underline;' href='https:\/\/play.google.com\/store\/apps\/details?id=com.gurtam.ordermanagement&#038;hl=es_MX' target='_blank' rel='noopener'>LEER M\u00c1S<\/a> <\/p>\n<\/p><\/div>\n<\/p><\/div>\n<\/p><\/div>\n<div style='flex: 1 1 300px; min-width: 280px;'>\n<div style='border: 1px solid rgba(150&comma;150&comma;150&comma;0.3); border-radius: 8px; padding: 15px; height: 100%; display: flex; flex-direction: column; justify-content: space-between;'>\n<div>\n<div style='display: flex; align-items: center; margin-bottom: 15px;'> <img style='width: 50px; height: auto; margin-right: 10px; border: 1px solid rgba(150&comma;150&comma;150&comma;0.3); border-radius: 8px;' src='https:\/\/gurtam.com\/resource\/images\/logos\/fleetrun.png' alt='Logo'> <\/p>\n<h4 style='margin: 0; font-size: 1.1em; color: inherit;'>Gesti\u00f3n de<br \/>mantenimiento t\u00e9cnico<\/h4>\n<\/p><\/div>\n<p style='color: inherit;'>La aplicaci\u00f3n web est\u00e1 desarrollada para planificar y controlar los gastos relacionados con la explotaci\u00f3n de veh\u00edculos.<\/p>\n<\/p><\/div>\n<div style='margin-top: auto;'>\n<p style='margin: 0; text-align: right;'> <a style='color: inherit; text-decoration: underline;' href='https:\/\/apps.wialon.com\/?lang=es#fleetrun' target='_blank' rel='noopener'>LEER M\u00c1S<\/a> <\/p>\n<\/p><\/div>\n<\/p><\/div>\n<\/p><\/div>\n<div style='flex: 1 1 300px; min-width: 280px;'>\n<div style='border: 1px solid rgba(150&comma;150&comma;150&comma;0.3); border-radius: 8px; padding: 15px; height: 100%; display: flex; flex-direction: column; justify-content: space-between;'>\n<div>\n<div style='display: flex; align-items: center; margin-bottom: 15px;'> <img style='width: 50px; height: auto; margin-right: 10px; border: 1px solid rgba(150&comma;150&comma;150&comma;0.3); border-radius: 8px;' src='https:\/\/gurtam.com\/resource\/images\/logos\/nimbus.png' alt='Logo'> <\/p>\n<h4 style='margin: 0; font-size: 1.1em; color: inherit;'>Control del<br \/>transporte p\u00fablico<\/h4>\n<\/p><\/div>\n<p style='color: inherit;'>El servicio permite crear rutas&comma; gestionar horarios&comma; rastrear el movimiento en tiempo real y analizar la ejecuci\u00f3n de rutinas en una interfaz amigable.<\/p>\n<\/p><\/div>\n<div style='margin-top: auto;'>\n<p style='margin: 0; text-align: right;'> <a style='color: inherit; text-decoration: underline;' href='https:\/\/apps.wialon.com\/?lang=es#nimbus' target='_blank' rel='noopener'>LEER M\u00c1S<\/a> <\/p>\n<\/p><\/div>\n<\/p><\/div>\n<\/p><\/div>\n<\/p><\/div>\n<\/p><\/div>\n<\/p><\/div>\n","protected":false},"excerpt":{"rendered":"<p>Plataforma Avanzada para Rastreo GPS, Telem\u00e1tica Vehicular \/ (Licencia por un a\u00f1o para un localizador GPS, Activaci\u00f3n por codigo para server US) (Video no disponible)<\/p>\n","protected":false},"featured_media":54052,"comment_status":"open","ping_status":"closed","template":"","meta":[],"product_brand":[],"product_cat":[1346,1352],"product_tag":[935,1350,1349,1353],"class_list":{"0":"post-54053","1":"product","2":"type-product","3":"status-publish","4":"has-post-thumbnail","6":"product_cat-iot","7":"product_cat-software","8":"product_tag-epcom","9":"product_tag-gps-y-telematica","10":"product_tag-iot","11":"product_tag-software","13":"first","14":"instock","15":"sale","16":"shipping-taxable","17":"purchasable","18":"product-type-simple"},"_links":{"self":[{"href":"https:\/\/soydeaqui.ddns.net\/pachuca\/index.php\/wp-json\/wp\/v2\/product\/54053","targetHints":{"allow":["GET"]}}],"collection":[{"href":"https:\/\/soydeaqui.ddns.net\/pachuca\/index.php\/wp-json\/wp\/v2\/product"}],"about":[{"href":"https:\/\/soydeaqui.ddns.net\/pachuca\/index.php\/wp-json\/wp\/v2\/types\/product"}],"replies":[{"embeddable":true,"href":"https:\/\/soydeaqui.ddns.net\/pachuca\/index.php\/wp-json\/wp\/v2\/comments?post=54053"}],"wp:featuredmedia":[{"embeddable":true,"href":"https:\/\/soydeaqui.ddns.net\/pachuca\/index.php\/wp-json\/wp\/v2\/media\/54052"}],"wp:attachment":[{"href":"https:\/\/soydeaqui.ddns.net\/pachuca\/index.php\/wp-json\/wp\/v2\/media?parent=54053"}],"wp:term":[{"taxonomy":"product_brand","embeddable":true,"href":"https:\/\/soydeaqui.ddns.net\/pachuca\/index.php\/wp-json\/wp\/v2\/product_brand?post=54053"},{"taxonomy":"product_cat","embeddable":true,"href":"https:\/\/soydeaqui.ddns.net\/pachuca\/index.php\/wp-json\/wp\/v2\/product_cat?post=54053"},{"taxonomy":"product_tag","embeddable":true,"href":"https:\/\/soydeaqui.ddns.net\/pachuca\/index.php\/wp-json\/wp\/v2\/product_tag?post=54053"}],"curies":[{"name":"wp","href":"https:\/\/api.w.org\/{rel}","templated":true}]}}