{"id":54016,"date":"2026-03-19T02:07:13","date_gmt":"2026-03-19T02:07:13","guid":{"rendered":"https:\/\/soydeaqui.ddns.net\/pachuca\/index.php\/producto\/kit-de-sirena-bocina-y-torreta-de-47-serie-16-con-300-leds-dual-color-frente-rojo-blanco-azul-blanco-trasero-rojo-ambar-azul-ambar\/"},"modified":"2026-03-19T02:07:13","modified_gmt":"2026-03-19T02:07:13","slug":"kit-de-sirena-bocina-y-torreta-de-47-serie-16-con-300-leds-dual-color-frente-rojo-blanco-azul-blanco-trasero-rojo-ambar-azul-ambar","status":"publish","type":"product","link":"https:\/\/soydeaqui.ddns.net\/pachuca\/index.php\/producto\/kit-de-sirena-bocina-y-torreta-de-47-serie-16-con-300-leds-dual-color-frente-rojo-blanco-azul-blanco-trasero-rojo-ambar-azul-ambar\/","title":{"rendered":"Kit de Sirena, Bocina y Torreta de 47&#8243;, Serie 16 con 300 LEDs, Dual Color, Frente: Rojo\/Blanco, Azul\/Blanco, Trasero: Rojo\/\u00c1mbar, Azul\/\u00c1mbar"},"content":{"rendered":"<div style='width: 100%; max-width: 1200px; margin: 0 auto; font-family: sans-serif; line-height: 1.6; color: inherit; background-color: transparent;'>\n<div style='display: flex; flex-direction: column; gap: 30px;'>\n<h2 style='font-size: 24px; margin-top: 0; margin-bottom: 15px; border-bottom: 2px solid currentColor; padding-bottom: 5px; color: inherit; opacity: 0.8;'>Contenido del Kit<\/h2>\n<ul style='padding-left: 20px; font-size: 15px; color: inherit;'>\n<li style='margin-bottom: 5px;'><strong>Torreta Serie 16 de 300 LEDs<\/strong> &#8211; Modelo: 1633358C<\/li>\n<li style='margin-bottom: 5px;'><strong>Bocina:<\/strong> C3100U<\/li>\n<li style='margin-bottom: 5px;'><strong>Sirena:<\/strong> 3599L5<\/li>\n<\/ul>\n<\/div>\n<div style='display: grid; gap: 30px; grid-template-columns: 1fr;'>\n<div style='border: 1px solid rgba(150&comma; 150&comma; 150&comma; 0.4); border-radius: 8px; overflow: hidden;'>\n<div style='padding: 15px; border-bottom: 1px solid rgba(150&comma; 150&comma; 150&comma; 0.2); background: #f5f5f5; font-weight: bold; font-size: 18px; color: inherit;'>Torreta Serie 16<\/div>\n<div style='padding: 15px; color: inherit;'>\n<p style='margin: 0 0 15px 0;'>La barra de luces de la Serie 16 ofrece un rendimiento excepcional en situaciones de advertencia y fuera de \u00e1ngulo con sus LED de un solo color o de dos colores. Con solo 1.6 pulgadas de alto&comma; esta discreta barra de luces complementa la l\u00ednea del techo del veh\u00edculo y al mismo tiempo ofrece una salida intensa con docenas de patrones de destellos. Dise\u00f1ada para una f\u00e1cil instalaci\u00f3n y personalizaci\u00f3n&comma; elija entre m\u00faltiples longitudes y configuraciones para satisfacer los requisitos de la flota.<\/p>\n<div style='display: grid; gap: 15px;'>\n<div style='border: 1px solid rgba(150&comma; 150&comma; 150&comma; 0.4); border-radius: 8px; padding: 15px;'>\n<h3 style='margin-top: 0; margin-bottom: 10px; font-size: 18px; color: inherit; opacity: 0.8;'>Especificaciones<\/h3>\n<ul style='padding-left: 20px; margin: 0; font-size: 14px; list-style: none; padding-left: 0;'>\n<li style='margin-bottom: 8px;'><strong style='display: inline-block; width: 200px;'>Tipos de M\u00f3dulos:<\/strong> 16 LEDS&comma; 2WL&comma; 2AL<\/li>\n<li style='margin-bottom: 8px;'><strong style='display: inline-block; width: 200px;'>Patrones de Destello:<\/strong> 31<\/li>\n<li style='margin-bottom: 8px;'><strong style='display: inline-block; width: 200px;'>Certificaciones:<\/strong> SAE Class I&comma; CA T13<\/li>\n<li style='margin-bottom: 8px;'><strong style='display: inline-block; width: 200px;'>Altura:<\/strong> 1.6&#8242;<\/li>\n<li style='margin-bottom: 8px;'><strong style='display: inline-block; width: 200px;'>Largo\/Ancho:<\/strong> 47&#8242;<\/li>\n<li style='margin-bottom: 8px;'><strong style='display: inline-block; width: 200px;'>Profundidad:<\/strong> 12.3&#8242;<\/li>\n<li style='margin-bottom: 8px;'><strong style='display: inline-block; width: 200px;'>Garant\u00eda:<\/strong> 5 A\u00f1os<\/li>\n<li style='margin-bottom: 8px;'><strong style='display: inline-block; width: 200px;'>Voltaje:<\/strong> 12-24 V<\/li>\n<\/ul>\n<\/div>\n<\/div>\n<\/div>\n<\/div>\n<div style='border: 1px solid rgba(150&comma; 150&comma; 150&comma; 0.4); border-radius: 8px; overflow: hidden;'>\n<div style='padding: 15px; border-bottom: 1px solid rgba(150&comma; 150&comma; 150&comma; 0.2); background: #f5f5f5; font-weight: bold; font-size: 18px; color: inherit;'>Bocina Serie C3100\u2122<\/div>\n<div style='padding: 15px; color: inherit;'>\n<p style='margin: 0 0 15px 0;'>El dise\u00f1o de bajo perfil de la serie C3100\u2122 funciona con todas las sirenas ECCO. Las caracter\u00edsticas incluyen alta eficiencia&comma; montaje de rejilla f\u00e1cil de instalar&comma; soportes de montaje universales y espec\u00edficos del veh\u00edculo&comma; y produce un tono de baja frecuencia con amplificador Banshee\u00ae. Compatible para funciones adicionales.<\/p>\n<div style='display: grid; gap: 15px;'>\n<div style='border: 1px solid rgba(150&comma; 150&comma; 150&comma; 0.4); border-radius: 8px; padding: 15px;'>\n<h3 style='margin-top: 0; margin-bottom: 10px; font-size: 18px; color: inherit; opacity: 0.8;'>Especificaciones<\/h3>\n<ul style='padding-left: 20px; margin: 0; font-size: 14px; list-style: none; padding-left: 0;'>\n<li style='margin-bottom: 8px;'><strong style='display: inline-block; width: 200px;'>Altura:<\/strong> 6.3&#8242;<\/li>\n<li style='margin-bottom: 8px;'><strong style='display: inline-block; width: 200px;'>Profundidad:<\/strong> 3.3&#8242;<\/li>\n<li style='margin-bottom: 8px;'><strong style='display: inline-block; width: 200px;'>Anchura:<\/strong> 6.3&#8242;<\/li>\n<li style='margin-bottom: 8px;'><strong style='display: inline-block; width: 200px;'>Watts:<\/strong> 100&#8242;<\/li>\n<li style='margin-bottom: 8px;'><strong style='display: inline-block; width: 200px;'>Certificaciones:<\/strong> SAE J1849&comma; CALIFORNIA TITLE 13<\/li>\n<li style='margin-bottom: 8px;'><strong style='display: inline-block; width: 200px;'>Garant\u00eda:<\/strong> 5 A\u00f1os<\/li>\n<\/ul>\n<\/div>\n<\/div>\n<\/div>\n<\/div>\n<div style='border: 1px solid rgba(150&comma; 150&comma; 150&comma; 0.4); border-radius: 8px; overflow: hidden;'>\n<div style='padding: 15px; border-bottom: 1px solid rgba(150&comma; 150&comma; 150&comma; 0.2); background: #f5f5f5; font-weight: bold; font-size: 18px; color: inherit;'>Sirena H2<\/div>\n<div style='padding: 15px; color: inherit;'>\n<p style='margin: 0 0 15px 0;'>Sistema de sirena para veh\u00edculos de emergencia encubiertos o tradicionales&comma; brinda a los usuarios un control total de la sirena&comma; las luces y un micr\u00f3fono de direcci\u00f3n p\u00fablica&comma; todo en un controlador retro iluminado de mano. Las caracter\u00edsticas incluyen retransmisi\u00f3n de radio&comma; encendido instant\u00e1neo&comma; stand-by&comma; desplazamiento de sirena&comma; tonos de sirena programables con bot\u00f3n y amplificador de sirena Banshee\u00ae compatible para funciones adicionales.<\/p>\n<div style='display: grid; gap: 15px;'>\n<div style='border: 1px solid rgba(150&comma; 150&comma; 150&comma; 0.4); border-radius: 8px; padding: 15px;'>\n<h3 style='margin-top: 0; margin-bottom: 10px; font-size: 18px; color: inherit; opacity: 0.8;'>Especificaciones<\/h3>\n<ul style='padding-left: 20px; margin: 0; font-size: 14px; list-style: none; padding-left: 0;'>\n<li style='margin-bottom: 8px;'><strong style='display: inline-block; width: 200px;'>Altura:<\/strong> 6.2&#8242;<\/li>\n<li style='margin-bottom: 8px;'><strong style='display: inline-block; width: 200px;'>Profundidad:<\/strong> 2.7&#8242;<\/li>\n<li style='margin-bottom: 8px;'><strong style='display: inline-block; width: 200px;'>Anchura:<\/strong> 7.1&#8242;<\/li>\n<li style='margin-bottom: 8px;'><strong style='display: inline-block; width: 200px;'>Voltaje:<\/strong> 12 V<\/li>\n<li style='margin-bottom: 8px;'><strong style='display: inline-block; width: 200px;'>Watts:<\/strong> 100\/200<\/li>\n<li style='margin-bottom: 8px;'><strong style='display: inline-block; width: 200px;'>Certificaciones:<\/strong> SAE J1849&comma; CALIFORNIA TITLE 13&comma; R10<\/li>\n<\/ul>\n<\/div>\n<\/div>\n<\/div>\n<\/div>\n<\/div>\n<\/div>\n","protected":false},"excerpt":{"rendered":"<p>Kit de Sirena, Bocina y Torreta de 47&#8243;, Serie 16 con 300 LEDs, Dual Color, Frente: Rojo\/Blanco, Azul\/Blanco, Trasero: Rojo\/\u00c1mbar, Azul\/\u00c1mbar<\/p>\n","protected":false},"featured_media":54015,"comment_status":"open","ping_status":"closed","template":"","meta":[],"product_brand":[],"product_cat":[1358],"product_tag":[1356,502,1359],"class_list":{"0":"post-54016","1":"product","2":"type-product","3":"status-publish","4":"has-post-thumbnail","6":"product_cat-rojo-azul","7":"product_tag-barras-de-luz-torretas-vehiculares","8":"product_tag-ecco","9":"product_tag-rojo-azul","11":"first","12":"instock","13":"sale","14":"shipping-taxable","15":"purchasable","16":"product-type-simple"},"_links":{"self":[{"href":"https:\/\/soydeaqui.ddns.net\/pachuca\/index.php\/wp-json\/wp\/v2\/product\/54016","targetHints":{"allow":["GET"]}}],"collection":[{"href":"https:\/\/soydeaqui.ddns.net\/pachuca\/index.php\/wp-json\/wp\/v2\/product"}],"about":[{"href":"https:\/\/soydeaqui.ddns.net\/pachuca\/index.php\/wp-json\/wp\/v2\/types\/product"}],"replies":[{"embeddable":true,"href":"https:\/\/soydeaqui.ddns.net\/pachuca\/index.php\/wp-json\/wp\/v2\/comments?post=54016"}],"wp:featuredmedia":[{"embeddable":true,"href":"https:\/\/soydeaqui.ddns.net\/pachuca\/index.php\/wp-json\/wp\/v2\/media\/54015"}],"wp:attachment":[{"href":"https:\/\/soydeaqui.ddns.net\/pachuca\/index.php\/wp-json\/wp\/v2\/media?parent=54016"}],"wp:term":[{"taxonomy":"product_brand","embeddable":true,"href":"https:\/\/soydeaqui.ddns.net\/pachuca\/index.php\/wp-json\/wp\/v2\/product_brand?post=54016"},{"taxonomy":"product_cat","embeddable":true,"href":"https:\/\/soydeaqui.ddns.net\/pachuca\/index.php\/wp-json\/wp\/v2\/product_cat?post=54016"},{"taxonomy":"product_tag","embeddable":true,"href":"https:\/\/soydeaqui.ddns.net\/pachuca\/index.php\/wp-json\/wp\/v2\/product_tag?post=54016"}],"curies":[{"name":"wp","href":"https:\/\/api.w.org\/{rel}","templated":true}]}}