{"id":54005,"date":"2026-03-19T02:06:50","date_gmt":"2026-03-19T02:06:50","guid":{"rendered":"https:\/\/soydeaqui.ddns.net\/pachuca\/index.php\/producto\/controlador-ip-digital-bidireccional-para-sirenas-electromecanicas\/"},"modified":"2026-03-19T02:06:51","modified_gmt":"2026-03-19T02:06:51","slug":"controlador-ip-digital-bidireccional-para-sirenas-electromecanicas","status":"publish","type":"product","link":"https:\/\/soydeaqui.ddns.net\/pachuca\/index.php\/producto\/controlador-ip-digital-bidireccional-para-sirenas-electromecanicas\/","title":{"rendered":"Controlador IP digital bidireccional para sirenas electromec\u00e1nicas"},"content":{"rendered":"<div style='width: 100%; max-width: 1200px; margin: 0 auto; font-family: sans-serif; line-height: 1.6; color: inherit; background-color: transparent;'>\n<div style='display: flex; flex-wrap: wrap; gap: 30px; margin-bottom: 30px;'>\n<div style='flex: 1 1 300px; min-width: 280px;'>\n<h3 style='font-size: 22px; border-bottom: 2px solid currentColor; padding-bottom: 5px; margin-top: 0; color: inherit; opacity: 0.8;'>Funciones<\/h3>\n<ul style='padding-left: 20px; font-size: 15px; color: inherit;'>\n<li style='margin-bottom: 5px;'>Controlador de sirena bidireccional para sirenas de 48 Vdc<\/li>\n<li style='margin-bottom: 5px;'>Radiocontrol bidireccional y monitoreo de estado<\/li>\n<li style='margin-bottom: 5px;'>Decodificaci\u00f3n secuencial simult\u00e1nea de dos tonos&comma; DTMF&comma; EAS&comma; POCSAG y AFSK digital para mayor seguridad<\/li>\n<li style='margin-bottom: 5px;'>Capaz de utilizar m\u00faltiples rutas de comunicaci\u00f3n para redundancia<\/li>\n<li style='margin-bottom: 5px;'>Controla sirenas mec\u00e1nicas&comma; incluidos los modelos 2001-130&comma; Equinox&comma; 508-128 y Eclipse8<\/li>\n<li style='margin-bottom: 5px;'>Opciones solares disponibles<\/li>\n<li style='margin-bottom: 5px;'>Pulsadores para la activaci\u00f3n local<\/li>\n<li style='margin-bottom: 5px;'>Tel\u00e9fono fijo&comma; Ethernet (IP) o radiocontrol<\/li>\n<li style='margin-bottom: 5px;'>Listado por UL para se\u00f1alizaci\u00f3n general<\/li>\n<li style='margin-bottom: 5px;'>Certificado DNV<\/li>\n<\/ul><\/div>\n<\/p><\/div>\n<div style='display: flex; flex-wrap: wrap; gap: 30px; margin-bottom: 30px;'>\n<div style='flex: 1 1 300px; min-width: 280px;'>\n<p style='font-size: 15px; color: inherit; margin-bottom: 15px;'>Los controladores de sirena DCFCTBD de Federal Signal son sistemas de monitoreo de estado y de monitoreo de estado digitales bidireccionales&comma; que funcionan con bater\u00edas\/respaldo para usar con las sirenas Federal Signal 2001-130&comma; Equinox&comma; 508-128 y Eclipse8. El controlador de sirena DCFCTBD generalmente interact\u00faa con transceptores de radio bidireccionales listos para usar y se comunica con un controlador base.<\/n> <\/p>\n<p style='font-size: 15px; color: inherit; margin-bottom: 15px;'>Los controladores de sirena DCFCTBD se pueden utilizar con radios que utilizan secuenciales de un solo tono&comma; secuenciales de dos tonos&comma; DTMF&comma; POCSAG&comma; AFSK&comma; EAS y formatos digitales como P25 y Tetra. Los controladores DCFCTBD pueden equiparse con comunicaciones opcionales como telefon\u00eda fija&comma; IP&comma; fibra&comma; sat\u00e9lite y celular. Esto hace que los controladores de sirena DCFCTBD sean compatibles con pr\u00e1cticamente cualquier sistema de control de sirenas o m\u00e9todo de comunicaci\u00f3n existente. Hay cuatro entradas locales y cuatro botones pulsadores locales para la activaci\u00f3n&comma; adem\u00e1s de una opci\u00f3n de reinicio.<\/p>\n<p style='font-size: 15px; color: inherit; margin-bottom: 15px;'>Los modelos DCFCTBD vienen equipados con cuatro salidas de rel\u00e9 independientes que se pueden programar para activarse con entradas locales&comma; pulsadores locales o a trav\u00e9s de los canales de comunicaci\u00f3n. Los c\u00f3digos de activaci\u00f3n&comma; la temporizaci\u00f3n del rel\u00e9 y los sonidos de advertencia opcionales se programan en la unidad a trav\u00e9s de un puerto serie RS232 est\u00e1ndar o por aire desde el punto de control central. El controlador de sirena DCFCTBD ofrece seis funciones programables por el usuario adem\u00e1s de las cinco funciones preestablecidas (armado&comma; desarmado&comma; informe&comma; prueba de gru\u00f1ido y reinicio maestro). Estos controladores incluyen sensores para suministrar informaci\u00f3n sobre las siguientes \u00e1reas de operaci\u00f3n: estado de alimentaci\u00f3n de CA&comma; estado de comunicaciones&comma; estado de bater\u00eda baja&comma; intrusi\u00f3n&comma; activaci\u00f3n de sirenas&comma; intrusi\u00f3n de corriente&comma; rotaci\u00f3n de sirenas y activaci\u00f3n local.<\/p>\n<\/p><\/div>\n<\/p><\/div>\n<div style='display: flex; flex-wrap: wrap; gap: 20px; margin-bottom: 30px;'>\n<div style='flex: 1 1 250px; border: 1px solid rgba(150&comma; 150&comma; 150&comma; 0.4); border-radius: 8px; overflow: hidden; display: flex; flex-direction: column;'>\n<div style='padding: 15px; border-bottom: 1px solid rgba(150&comma; 150&comma; 150&comma; 0.2); font-weight: bold; font-size: 18px; color: inherit;'>Caracter\u00edsticas t\u00e9cnicas<\/div>\n<div style='padding: 15px; color: inherit;'>\n<ul style='padding-left: 20px; margin: 0; font-size: 14px; list-style-type: disc;'>\n<li style='margin-bottom: 5px;'><strong>Rango de temperatura de funcionamiento:<\/strong> -22 \u00b0F a 149 \u00b0F (-30 \u00b0C a 65 \u00b0C)<\/li>\n<li style='margin-bottom: 5px;'><strong>Voltaje de alimentaci\u00f3n de CA:<\/strong> 120 VCA a 4.0 amperios \/ 240 VCA a 2.0 amperios<\/li>\n<li style='margin-bottom: 5px;'><strong>Corriente en espera:<\/strong> +\/- 10%&comma; 50\/60 Hz m\u00e1ximo<\/li>\n<li style='margin-bottom: 5px;'><strong>Fuente de alimentaci\u00f3n DCFCTBD:<\/strong> 6 A a 13&comma;3 V CC<\/li>\n<li style='margin-bottom: 5px;'><strong>Bater\u00eda de respaldo:<\/strong> 48 V CC<\/li>\n<li style='margin-bottom: 5px;'><strong>Frecuencia programable:<\/strong> Federal Signal puede programar la radio seg\u00fan sus requisitos espec\u00edficos<\/li>\n<li style='margin-bottom: 5px;'><strong>Sorteo actual:<\/strong> < 0&comma;2 amperios en modo de espera<\/li>\n<li style='margin-bottom: 5px;'><strong>EAS:<\/strong> Admite c\u00f3digos EAS est\u00e1ndar y comodines<\/li>\n<li style='margin-bottom: 5px;'><strong>POCSAG:<\/strong> Soporta mensajes num\u00e9ricos binarios AFSK 512 Baudios.<\/li>\n<li style='margin-bottom: 5px;'><strong>4 salidas de rel\u00e9:<\/strong> SPST 5A @ 28VDC \u2013 5A @ 240VAC<\/li>\n<li style='margin-bottom: 5px;'><strong>Dimensiones del controlador H x W x D:<\/strong> 654&comma;05 x 273&comma;05 x 266&comma;7 mm (25&comma;75 x 10&comma;75 x 10&comma;5 pulgadas)<\/li>\n<li style='margin-bottom: 5px;'><strong>Peso del env\u00edo (incluidas las bater\u00edas):<\/strong> 364 libras 165 kg<\/li>\n<li style='margin-bottom: 5px;'><strong>Peso del env\u00edo (excluyendo bater\u00edas):<\/strong> 300 libras 136 kg<\/li>\n<li style='margin-bottom: 5px;'><strong>2001TRBP Peso Neto:<\/strong> 150 libras 68 kg<\/li>\n<li style='margin-bottom: 5px;'><strong>2001TRBP Peso del env\u00edo:<\/strong> 190 libras 86.2 kg<\/li>\n<\/ul><\/div>\n<\/p><\/div>\n<\/p><\/div>\n<hr style='border: 0; border-top: 1px solid rgba(150&comma; 150&comma; 150&comma; 0.3); margin: 30px 0;'> <\/div>\n","protected":false},"excerpt":{"rendered":"<p>Controlador IP digital bidireccional para sirenas electromec\u00e1nicas<\/p>\n","protected":false},"featured_media":54004,"comment_status":"open","ping_status":"closed","template":"","meta":[],"product_brand":[],"product_cat":[1429],"product_tag":[1419,552,1414],"class_list":{"0":"post-54005","1":"product","2":"type-product","3":"status-publish","4":"has-post-thumbnail","6":"product_cat-controladores-luces-bocinas-para-la-industria-y-edificios","7":"product_tag-controladores","8":"product_tag-federal-signal-industrial","9":"product_tag-luces-bocinas-para-la-industria-y-edificios","11":"first","12":"outofstock","13":"sale","14":"shipping-taxable","15":"purchasable","16":"product-type-simple"},"_links":{"self":[{"href":"https:\/\/soydeaqui.ddns.net\/pachuca\/index.php\/wp-json\/wp\/v2\/product\/54005","targetHints":{"allow":["GET"]}}],"collection":[{"href":"https:\/\/soydeaqui.ddns.net\/pachuca\/index.php\/wp-json\/wp\/v2\/product"}],"about":[{"href":"https:\/\/soydeaqui.ddns.net\/pachuca\/index.php\/wp-json\/wp\/v2\/types\/product"}],"replies":[{"embeddable":true,"href":"https:\/\/soydeaqui.ddns.net\/pachuca\/index.php\/wp-json\/wp\/v2\/comments?post=54005"}],"wp:featuredmedia":[{"embeddable":true,"href":"https:\/\/soydeaqui.ddns.net\/pachuca\/index.php\/wp-json\/wp\/v2\/media\/54004"}],"wp:attachment":[{"href":"https:\/\/soydeaqui.ddns.net\/pachuca\/index.php\/wp-json\/wp\/v2\/media?parent=54005"}],"wp:term":[{"taxonomy":"product_brand","embeddable":true,"href":"https:\/\/soydeaqui.ddns.net\/pachuca\/index.php\/wp-json\/wp\/v2\/product_brand?post=54005"},{"taxonomy":"product_cat","embeddable":true,"href":"https:\/\/soydeaqui.ddns.net\/pachuca\/index.php\/wp-json\/wp\/v2\/product_cat?post=54005"},{"taxonomy":"product_tag","embeddable":true,"href":"https:\/\/soydeaqui.ddns.net\/pachuca\/index.php\/wp-json\/wp\/v2\/product_tag?post=54005"}],"curies":[{"name":"wp","href":"https:\/\/api.w.org\/{rel}","templated":true}]}}