{"id":53986,"date":"2026-03-19T02:06:17","date_gmt":"2026-03-19T02:06:17","guid":{"rendered":"https:\/\/soydeaqui.ddns.net\/pachuca\/index.php\/producto\/panel-inteligente-con-botones-programables-y-display-digital-para-automatizacion-lorawan\/"},"modified":"2026-03-19T02:06:18","modified_gmt":"2026-03-19T02:06:18","slug":"panel-inteligente-con-botones-programables-y-display-digital-para-automatizacion-lorawan","status":"publish","type":"product","link":"https:\/\/soydeaqui.ddns.net\/pachuca\/index.php\/producto\/panel-inteligente-con-botones-programables-y-display-digital-para-automatizacion-lorawan\/","title":{"rendered":"Panel Inteligente con Botones Programables y Display Digital para Automatizaci\u00f3n LoRaWAN"},"content":{"rendered":"<div style='width: 100%; max-width: 1200px; margin: 0 auto; font-family: sans-serif; line-height: 1.6; color: inherit; background-color: transparent;'> <!-- Imagen principal --> <\/p>\n<div style='margin-bottom: 30px;'> <img style='width: 100%; height: auto; border: 1px solid rgba(150&comma;150&comma;150&comma;0.3); border-radius: 8px;' src='https:\/\/ftp3.syscom.mx\/usuarios\/fotos\/WS156915M\/232964-ws156915m-1.png' alt='Panel Inteligente WS156915M'> <\/div>\n<p> <!-- Secci\u00f3n intro --> <\/p>\n<div style='margin: 30px 0;'>\n<h2 style='font-size: 24px; color: inherit; margin-bottom: 15px; text-align: center;'>Escena inteligente&comma; conectividad perfecta<\/h2>\n<p style='font-size: 15px; color: inherit; text-align: center; max-width: 800px; margin: 0 auto;'>La eficiencia se combina con la personalizaci\u00f3n: el WS156 brinda un control incomparable a su entorno. Ya sea que se trate de fomentar un entrono de trabajo concentrado o de mejorar los espacios de colaboraci\u00f3n&comma; esta soluci\u00f3n garantiza ajustes de escena r\u00e1pidos y sin inconvenientes.<\/p>\n<\/p><\/div>\n<p> <!-- Video --> <\/p>\n<div style='position: relative; padding-bottom: 56.25%; height: 0; overflow: hidden; margin-bottom: 30px;'>   <\/div>\n<p> <!-- Secci\u00f3n m\u00faltiples escenas --> <\/p>\n<div style='margin: 30px 0;'>\n<h2 style='font-size: 24px; color: inherit; margin-bottom: 15px; text-align: center;'>Un panel&comma; m\u00faltiples escenas<\/h2>\n<p style='font-size: 15px; color: inherit; text-align: center; max-width: 800px; margin: 0 auto;'>Milesight WS156 permite a los ocupantes predefinir 6 escenas con diferentes ambientes circundantes que se pueden cambiar r\u00e1pidamente presionando el bot\u00f3n.<\/p>\n<\/p><\/div>\n<p> <!-- Galer\u00eda de im\u00e1genes --> <\/p>\n<div style='display: flex; flex-wrap: wrap; gap: 20px; margin-bottom: 30px; justify-content: center;'> <img style='width: 100%; max-width: 500px; height: auto; border: 1px solid rgba(150&comma;150&comma;150&comma;0.3); border-radius: 8px;' src='https:\/\/ftp3.syscom.mx\/usuarios\/fotos\/WS156915M\/232964-pantalla.gif' alt='Pantalla digital'> <img style='width: 100%; max-width: 500px; height: auto; border: 1px solid rgba(150&comma;150&comma;150&comma;0.3); border-radius: 8px;' src='https:\/\/ftp3.syscom.mx\/usuarios\/fotos\/WS156915M\/232964-ws156915m-2.png' alt='Panel frontal'> <img style='width: 100%; max-width: 500px; height: auto; border: 1px solid rgba(150&comma;150&comma;150&comma;0.3); border-radius: 8px;' src='https:\/\/ftp3.syscom.mx\/usuarios\/fotos\/WS156915M\/232964-ws156915m-3.png' alt='Panel lateral'> <\/div>\n<p> <!-- Secci\u00f3n de caracter\u00edsticas --> <\/p>\n<div style='display: flex; flex-wrap: wrap; gap: 30px; margin-bottom: 30px;'>\n<div style='flex: 1 1 300px; min-width: 280px;'>\n<h3 style='font-size: 22px; border-bottom: 2px solid currentColor; padding-bottom: 5px; margin-top: 0; color: inherit; opacity: 0.8;'>Bajo consumo de energ\u00eda<\/h3>\n<ul style='padding-left: 20px; font-size: 15px; color: inherit;'>\n<li style='margin-bottom: 5px;'>2 pilas tipo bot\u00f3n CR2450<\/li>\n<li style='margin-bottom: 5px;'>Duraci\u00f3n de la bater\u00eda de 3 a\u00f1os (presione 20 veces al d\u00eda)<\/li>\n<\/ul><\/div>\n<div style='flex: 1 1 300px; min-width: 280px;'> <img style='width: 100%; height: auto; border: 1px solid rgba(150&comma;150&comma;150&comma;0.3); border-radius: 8px;' src='https:\/\/ftp3.syscom.mx\/usuarios\/fotos\/WS156915M\/232964-ws156915m-4.png' alt='Consumo de energ\u00eda'> <\/div>\n<\/p><\/div>\n<p> <!-- Secci\u00f3n LoRaWAN --> <\/p>\n<div style='display: flex; flex-wrap: wrap; gap: 30px; margin-bottom: 30px;'>\n<div style='flex: 1 1 300px; min-width: 280px; order: 2;'>\n<h3 style='font-size: 22px; border-bottom: 2px solid currentColor; padding-bottom: 5px; margin-top: 0; color: inherit; opacity: 0.8;'>Basado en LoRaWAN<\/h3>\n<ul style='padding-left: 20px; font-size: 15px; color: inherit;'>\n<li style='margin-bottom: 5px;'><strong>Se\u00f1ales penetrantes:<\/strong> alcance de transmisi\u00f3n de datos de hasta 2 km en zonas urbanas y 15 km en zonas rurales.<\/li>\n<li style='margin-bottom: 5px;'><strong>Alta compatibilidad:<\/strong> compatible con servidores de red y gateways LoRaWAN est\u00e1ndar.<\/li>\n<\/ul><\/div>\n<div style='flex: 1 1 300px; min-width: 280px; order: 1;'> <img style='width: 100%; height: auto; border: 1px solid rgba(150&comma;150&comma;150&comma;0.3); border-radius: 8px;' src='https:\/\/ftp3.syscom.mx\/usuarios\/fotos\/WS156915M\/232964-ws156915m-5.png' alt='Conectividad LoRaWAN'> <\/div>\n<\/p><\/div>\n<p> <!-- Galer\u00eda adicional --> <\/p>\n<div style='display: flex; flex-wrap: wrap; gap: 20px; margin-bottom: 30px; justify-content: center;'> <img style='width: 100%; max-width: 500px; height: auto; border: 1px solid rgba(150&comma;150&comma;150&comma;0.3); border-radius: 8px;' src='https:\/\/ftp3.syscom.mx\/usuarios\/fotos\/WS156915M\/232964-ws156915m-6.png' alt='Instalaci\u00f3n 1'> <img style='width: 100%; max-width: 500px; height: auto; border: 1px solid rgba(150&comma;150&comma;150&comma;0.3); border-radius: 8px;' src='https:\/\/ftp3.syscom.mx\/usuarios\/fotos\/WS156915M\/232964-ws156915m-7.png' alt='Instalaci\u00f3n 2'> <\/div>\n<\/p><\/div>\n","protected":false},"excerpt":{"rendered":"<p>Panel Inteligente con Botones Programables y Display Digital para Automatizaci\u00f3n LoRaWAN<\/p>\n","protected":false},"featured_media":53985,"comment_status":"open","ping_status":"closed","template":"","meta":[],"product_brand":[],"product_cat":[56],"product_tag":[30,57,1455],"class_list":{"0":"post-53986","1":"product","2":"type-product","3":"status-publish","4":"has-post-thumbnail","6":"product_cat-control-de-iluminacion","7":"product_tag-automatizacion-casa-inteligente","8":"product_tag-control-de-iluminacion","9":"product_tag-milesight","11":"first","12":"instock","13":"sale","14":"shipping-taxable","15":"purchasable","16":"product-type-simple"},"_links":{"self":[{"href":"https:\/\/soydeaqui.ddns.net\/pachuca\/index.php\/wp-json\/wp\/v2\/product\/53986","targetHints":{"allow":["GET"]}}],"collection":[{"href":"https:\/\/soydeaqui.ddns.net\/pachuca\/index.php\/wp-json\/wp\/v2\/product"}],"about":[{"href":"https:\/\/soydeaqui.ddns.net\/pachuca\/index.php\/wp-json\/wp\/v2\/types\/product"}],"replies":[{"embeddable":true,"href":"https:\/\/soydeaqui.ddns.net\/pachuca\/index.php\/wp-json\/wp\/v2\/comments?post=53986"}],"wp:featuredmedia":[{"embeddable":true,"href":"https:\/\/soydeaqui.ddns.net\/pachuca\/index.php\/wp-json\/wp\/v2\/media\/53985"}],"wp:attachment":[{"href":"https:\/\/soydeaqui.ddns.net\/pachuca\/index.php\/wp-json\/wp\/v2\/media?parent=53986"}],"wp:term":[{"taxonomy":"product_brand","embeddable":true,"href":"https:\/\/soydeaqui.ddns.net\/pachuca\/index.php\/wp-json\/wp\/v2\/product_brand?post=53986"},{"taxonomy":"product_cat","embeddable":true,"href":"https:\/\/soydeaqui.ddns.net\/pachuca\/index.php\/wp-json\/wp\/v2\/product_cat?post=53986"},{"taxonomy":"product_tag","embeddable":true,"href":"https:\/\/soydeaqui.ddns.net\/pachuca\/index.php\/wp-json\/wp\/v2\/product_tag?post=53986"}],"curies":[{"name":"wp","href":"https:\/\/api.w.org\/{rel}","templated":true}]}}