{"id":53851,"date":"2026-03-19T02:02:02","date_gmt":"2026-03-19T02:02:02","guid":{"rendered":"https:\/\/soydeaqui.ddns.net\/pachuca\/index.php\/producto\/kit-basico-para-equipamiento-de-unidades-de-seguridad-publica-6\/"},"modified":"2026-03-19T02:02:09","modified_gmt":"2026-03-19T02:02:09","slug":"kit-basico-para-equipamiento-de-unidades-de-seguridad-publica-6","status":"publish","type":"product","link":"https:\/\/soydeaqui.ddns.net\/pachuca\/index.php\/producto\/kit-basico-para-equipamiento-de-unidades-de-seguridad-publica-6\/","title":{"rendered":"Kit b\u00e1sico para equipamiento de unidades de Seguridad P\u00fablica"},"content":{"rendered":"<div style='width: 100%; max-width: 1200px; margin: 0 auto; font-family: sans-serif; line-height: 1.6; color: inherit; background-color: transparent;'> <!-- Secci\u00f3n principal --> <\/p>\n<div style='display: flex; flex-direction: column; gap: 30px;'>\n<div>\n<h3 style='font-size: 22px; border-bottom: 2px solid currentColor; padding-bottom: 5px; margin-top: 0; color: inherit; opacity: 0.8;'>Kit b\u00e1sico para equipamiento de unidades de Seguridad P\u00fablica<\/h3>\n<p style='margin-top: 0;'><strong>El Kit contiene:<\/strong><\/p>\n<ul style='padding-left: 20px; margin: 15px 0; font-size: 15px; color: inherit;'>\n<li style='margin-bottom: 5px;'>Barra de bajo perfil&comma; con excelente iluminaci\u00f3n<\/li>\n<li style='margin-bottom: 5px;'><strong>88 LED&#8217;S Ultra Brillantes G3&comma; con tecnolog\u00eda HyperLUX<\/strong><\/li>\n<li style='margin-bottom: 5px;'>Funci\u00f3n de Control de tr\u00e1fico (\u00c1mbar)<\/li>\n<li style='margin-bottom: 5px;'>Domos de policarbonato<\/li>\n<li style='margin-bottom: 5px;'><strong>Incluye controlador<\/strong><\/li>\n<li style='margin-bottom: 5px;'><strong>Patrones de destello: 45<\/strong><\/li>\n<li style='margin-bottom: 5px;'>Dimensiones: 118cm X 34cm X 12 cm (largo x ancho x alto)<\/li>\n<\/ul>\n<ul style='padding-left: 20px; margin: 15px 0; font-size: 15px; color: inherit;'>\n<li style='margin-bottom: 5px;'><strong>IP65<\/strong> (Encuentre certificaci\u00f3n adjunta en Descargas)<\/li>\n<li style='margin-bottom: 5px;'><strong>Certificaci\u00f3n SAE<\/strong> (Encuentre certificaci\u00f3n adjunta en Descargas)<\/li>\n<\/ul><\/div>\n<p> <!-- Sirena X100F --> <\/p>\n<div>\n<h3 style='font-size: 20px; border-bottom: 2px solid currentColor; padding-bottom: 5px; margin-top: 0; color: inherit; opacity: 0.8;'>Sirena X100F<\/h3>\n<ul style='padding-left: 20px; margin: 15px 0; font-size: 15px; color: inherit;'>\n<li style='margin-bottom: 5px;'>Sirena con Control Unimando<\/li>\n<li style='margin-bottom: 5px;'>Con Micr\u00f3fono Unidireccional para Voceo<\/li>\n<li style='margin-bottom: 5px;'>Control de Volumen manual<\/li>\n<li style='margin-bottom: 5px;'>Compacta<\/li>\n<li style='margin-bottom: 5px;'>Alto rendimiento<\/li>\n<li style='margin-bottom: 5px;'>100 W de Potencia<\/li>\n<li style='margin-bottom: 5px;'>F\u00e1cil Instalaci\u00f3n<\/li>\n<li style='margin-bottom: 5px;'>Tonos: Aux&comma; Yelp&comma; Wail-1&comma; Wail-2&comma; Horn&comma; Siren&comma; Hi-Lo<\/li>\n<\/ul><\/div>\n<p> <!-- Bocina XLS100 --> <\/p>\n<div>\n<h3 style='font-size: 20px; border-bottom: 2px solid currentColor; padding-bottom: 5px; margin-top: 0; color: inherit; opacity: 0.8;'>Bocina XLS100<\/h3>\n<ul style='padding-left: 20px; margin: 15px 0; font-size: 15px; color: inherit;'>\n<li style='margin-bottom: 5px;'>Uso rudo<\/li>\n<li style='margin-bottom: 5px;'>Alto rendimiento<\/li>\n<li style='margin-bottom: 5px;'>F\u00e1cil instalaci\u00f3n<\/li>\n<li style='margin-bottom: 5px;'>Base de aluminio<\/li>\n<li style='margin-bottom: 5px;'>100 W de Potencia<\/li>\n<li style='margin-bottom: 5px;'>8 Ohms de Impedancia<\/li>\n<li style='margin-bottom: 5px;'>Dise\u00f1o robusto<\/li>\n<li style='margin-bottom: 5px;'>Incluye accesorios de montaje (Bracket)<\/li>\n<\/ul><\/div>\n<\/p><\/div>\n<\/p><\/div>\n","protected":false},"excerpt":{"rendered":"<p>Kit b\u00e1sico para equipamiento de unidades de Seguridad P\u00fablica<\/p>\n","protected":false},"featured_media":53850,"comment_status":"open","ping_status":"closed","template":"","meta":[],"product_brand":[],"product_cat":[1358],"product_tag":[1356,1237,1359],"class_list":{"0":"post-53851","1":"product","2":"type-product","3":"status-publish","4":"has-post-thumbnail","6":"product_cat-rojo-azul","7":"product_tag-barras-de-luz-torretas-vehiculares","8":"product_tag-epcom-industrial-signaling","9":"product_tag-rojo-azul","11":"first","12":"outofstock","13":"sale","14":"shipping-taxable","15":"purchasable","16":"product-type-simple"},"_links":{"self":[{"href":"https:\/\/soydeaqui.ddns.net\/pachuca\/index.php\/wp-json\/wp\/v2\/product\/53851","targetHints":{"allow":["GET"]}}],"collection":[{"href":"https:\/\/soydeaqui.ddns.net\/pachuca\/index.php\/wp-json\/wp\/v2\/product"}],"about":[{"href":"https:\/\/soydeaqui.ddns.net\/pachuca\/index.php\/wp-json\/wp\/v2\/types\/product"}],"replies":[{"embeddable":true,"href":"https:\/\/soydeaqui.ddns.net\/pachuca\/index.php\/wp-json\/wp\/v2\/comments?post=53851"}],"wp:featuredmedia":[{"embeddable":true,"href":"https:\/\/soydeaqui.ddns.net\/pachuca\/index.php\/wp-json\/wp\/v2\/media\/53850"}],"wp:attachment":[{"href":"https:\/\/soydeaqui.ddns.net\/pachuca\/index.php\/wp-json\/wp\/v2\/media?parent=53851"}],"wp:term":[{"taxonomy":"product_brand","embeddable":true,"href":"https:\/\/soydeaqui.ddns.net\/pachuca\/index.php\/wp-json\/wp\/v2\/product_brand?post=53851"},{"taxonomy":"product_cat","embeddable":true,"href":"https:\/\/soydeaqui.ddns.net\/pachuca\/index.php\/wp-json\/wp\/v2\/product_cat?post=53851"},{"taxonomy":"product_tag","embeddable":true,"href":"https:\/\/soydeaqui.ddns.net\/pachuca\/index.php\/wp-json\/wp\/v2\/product_tag?post=53851"}],"curies":[{"name":"wp","href":"https:\/\/api.w.org\/{rel}","templated":true}]}}