{"id":53797,"date":"2026-03-19T02:00:04","date_gmt":"2026-03-19T02:00:04","guid":{"rendered":"https:\/\/soydeaqui.ddns.net\/pachuca\/index.php\/producto\/barra-led-dobe-fila-8-pulgadas-12-24-vcc-1325-lumenes\/"},"modified":"2026-03-19T02:00:05","modified_gmt":"2026-03-19T02:00:05","slug":"barra-led-dobe-fila-8-pulgadas-12-24-vcc-1325-lumenes","status":"publish","type":"product","link":"https:\/\/soydeaqui.ddns.net\/pachuca\/index.php\/producto\/barra-led-dobe-fila-8-pulgadas-12-24-vcc-1325-lumenes\/","title":{"rendered":"Barra LED dobe fila, 8 pulgadas, 12-24 Vcc, 1325 Lumenes"},"content":{"rendered":"<div style='width: 100%; max-width: 1200px; margin: 0 auto; font-family: sans-serif; line-height: 1.6; color: inherit; background-color: transparent;'> <!-- Secci\u00f3n de t\u00edtulo --> <\/p>\n<h1 style='margin: 0 0 18px; padding: 0; font-size: 36px; font-family: EurostileLTPro-BoldEx2&comma; 'Arial Black'&comma; sans-serif; text-transform: uppercase; color: #f7941d; letter-spacing: 0.35px;'> SERIE EW3200 <\/h1>\n<h2 style='margin: 0 0 20px; padding: 0; font-size: 22px; line-height: 26px; font-family: FrutigerLTPro-Bold&comma; Arial&comma; sans-serif; color: #002e5e; letter-spacing: 0.35px;'> Doble fila <\/h2>\n<p> <!-- Secci\u00f3n principal --> <\/p>\n<div style='max-width: 440px; margin: 0 0 20px; padding: 20px 0; border-top: 1px solid rgba(150&comma;150&comma;150&comma;0.3); border-bottom: 1px solid rgba(150&comma;150&comma;150&comma;0.3);'> <!-- Descripci\u00f3n general --> <\/p>\n<div style='margin-bottom: 30px;'>\n<p style='margin: 0 0 20px; padding: 0; line-height: 22px; color: inherit;'> Las barras utilitarias de doble fila de ECCO ofrecen una vida \u00fatil prolongada y sin mantenimiento&comma; un bajo consumo de amperaje y una salida de luz blanca extremadamente brillante. Disponible en dos longitudes&comma; cada una con una opci\u00f3n de dos opciones de montaje. Estas barras son una opci\u00f3n ideal tanto para aplicaciones comerciales como recreativas. Las caracter\u00edsticas incluyen funcionamiento de 12 a 24 V CC&comma; LED de 5 vatios&comma; combinaci\u00f3n de haz de inundaci\u00f3n\/punto&comma; carcasa resistente&comma; lente de policarbonato con recubrimiento resistente a los rayos UV y una . <\/p>\n<\/p><\/div>\n<p> <!-- Especificaciones t\u00e9cnicas --> <\/p>\n<div style='margin-bottom: 30px;'>\n<h3 style='font-size: 20px; border-bottom: 2px solid currentColor; padding-bottom: 5px; margin-top: 0; margin-bottom: 15px; color: inherit; opacity: 0.8;'>Especificaciones<\/h3>\n<div style='display: flex; flex-wrap: wrap; gap: 15px 0;'>\n<div style='flex: 1 1 45%; min-width: 200px;'>\n<ul style='padding-left: 20px; margin: 0; font-size: 14px; color: inherit; list-style: none;'>\n<li style='margin-bottom: 8px;'><strong style='color: inherit;'>AMPS:<\/strong> 1.3 A<\/li>\n<li style='margin-bottom: 8px;'><strong style='color: inherit;'>CERTIFICACIONES:<\/strong> CE&comma; IP67&comma; ROHS<\/li>\n<li style='margin-bottom: 8px;'><strong style='color: inherit;'>PROFUNDIDAD:<\/strong> 2.6&#8242;<\/li>\n<li style='margin-bottom: 8px;'><strong style='color: inherit;'>ALTURA:<\/strong> 3.12<\/li>\n<\/ul><\/div>\n<div style='flex: 1 1 45%; min-width: 200px;'>\n<ul style='padding-left: 20px; margin: 0; font-size: 14px; color: inherit; list-style: none;'>\n<li style='margin-bottom: 8px;'><strong style='color: inherit;'>LUMENES:<\/strong> 1&comma;325<\/li>\n<li style='margin-bottom: 8px;'><strong style='color: inherit;'>VOLTAJE:<\/strong> 12-24 V<\/li>\n<li style='margin-bottom: 8px;'><strong style='color: inherit;'>GARANTIA:<\/strong> 5 A\u00d1OS<\/li>\n<li style='margin-bottom: 8px;'><strong style='color: inherit;'>ANCHO:<\/strong> 25<\/li>\n<\/ul><\/div>\n<\/p><\/div>\n<\/p><\/div>\n<p> <!-- Caracter\u00edsticas de dise\u00f1o --> <\/p>\n<div style='margin-bottom: 30px;'>\n<h3 style='font-size: 20px; border-bottom: 2px solid currentColor; padding-bottom: 5px; margin-top: 0; margin-bottom: 15px; color: inherit; opacity: 0.8;'>Caracter\u00edsticas de dise\u00f1o<\/h3>\n<ul style='padding-left: 20px; margin: 0; font-size: 14px; color: inherit;'>\n<li style='margin-bottom: 8px;'>Ventilaci\u00f3n incorporada para evitar que se empa\u00f1e<\/li>\n<li style='margin-bottom: 8px;'>Haz de alta intensidad<\/li>\n<li style='margin-bottom: 8px;'>Combinaci\u00f3n de haces de inundaci\u00f3n\/punto<\/li>\n<li style='margin-bottom: 8px;'>Extremo ajustable o montaje de extrusi\u00f3n<\/li>\n<li style='margin-bottom: 8px;'>Carcasa resistente del disipador de calor y lente de policarbonato con recubrimiento resistente a los rayos UV<\/li>\n<li style='margin-bottom: 8px;'>Rango de temperatura: -40\u00b0F a 158\u00b0F (-40\u00b0C a 70\u00b0C)<\/li>\n<\/ul><\/div>\n<\/p><\/div>\n<\/p><\/div>\n","protected":false},"excerpt":{"rendered":"<p>Barra LED dobe fila, 8 pulgadas, 12-24 Vcc, 1325 Lumenes<\/p>\n","protected":false},"featured_media":32,"comment_status":"open","ping_status":"closed","template":"","meta":[],"product_brand":[],"product_cat":[1386],"product_tag":[1387,502,1371],"class_list":{"0":"post-53797","1":"product","2":"type-product","3":"status-publish","4":"has-post-thumbnail","6":"product_cat-claro","7":"product_tag-claro","8":"product_tag-ecco","9":"product_tag-luces-auxiliares-vehiculares","11":"first","12":"outofstock","13":"sale","14":"shipping-taxable","15":"purchasable","16":"product-type-simple"},"_links":{"self":[{"href":"https:\/\/soydeaqui.ddns.net\/pachuca\/index.php\/wp-json\/wp\/v2\/product\/53797","targetHints":{"allow":["GET"]}}],"collection":[{"href":"https:\/\/soydeaqui.ddns.net\/pachuca\/index.php\/wp-json\/wp\/v2\/product"}],"about":[{"href":"https:\/\/soydeaqui.ddns.net\/pachuca\/index.php\/wp-json\/wp\/v2\/types\/product"}],"replies":[{"embeddable":true,"href":"https:\/\/soydeaqui.ddns.net\/pachuca\/index.php\/wp-json\/wp\/v2\/comments?post=53797"}],"wp:featuredmedia":[{"embeddable":true,"href":"https:\/\/soydeaqui.ddns.net\/pachuca\/index.php\/wp-json\/wp\/v2\/media\/32"}],"wp:attachment":[{"href":"https:\/\/soydeaqui.ddns.net\/pachuca\/index.php\/wp-json\/wp\/v2\/media?parent=53797"}],"wp:term":[{"taxonomy":"product_brand","embeddable":true,"href":"https:\/\/soydeaqui.ddns.net\/pachuca\/index.php\/wp-json\/wp\/v2\/product_brand?post=53797"},{"taxonomy":"product_cat","embeddable":true,"href":"https:\/\/soydeaqui.ddns.net\/pachuca\/index.php\/wp-json\/wp\/v2\/product_cat?post=53797"},{"taxonomy":"product_tag","embeddable":true,"href":"https:\/\/soydeaqui.ddns.net\/pachuca\/index.php\/wp-json\/wp\/v2\/product_tag?post=53797"}],"curies":[{"name":"wp","href":"https:\/\/api.w.org\/{rel}","templated":true}]}}