{"id":53775,"date":"2026-03-19T01:59:23","date_gmt":"2026-03-19T01:59:23","guid":{"rendered":"https:\/\/soydeaqui.ddns.net\/pachuca\/index.php\/producto\/sensor-de-ocupacion-para-escritorios-con-lorawan\/"},"modified":"2026-03-19T01:59:23","modified_gmt":"2026-03-19T01:59:23","slug":"sensor-de-ocupacion-para-escritorios-con-lorawan","status":"publish","type":"product","link":"https:\/\/soydeaqui.ddns.net\/pachuca\/index.php\/producto\/sensor-de-ocupacion-para-escritorios-con-lorawan\/","title":{"rendered":"Sensor de Ocupaci\u00f3n para Escritorios con LoRaWAN"},"content":{"rendered":"<div style='width: 100%; max-width: 1200px; margin: 0 auto; font-family: sans-serif; line-height: 1.6; color: inherit; background-color: transparent;'>\n<div style='text-align: center; margin: 30px 0;'> <img style='width: 100%; max-width: 600px; height: auto; border: 1px solid rgba(150&comma;150&comma;150&comma;0.3); border-radius: 8px;' src='https:\/\/ftp3.syscom.mx\/usuarios\/fotos\/VS340915M\/221860-11.png' alt='Sensor de Ocupaci\u00f3n para Escritorios'> <\/div>\n<div style='text-align: center; margin: 30px 0;'>\n<h2 style='font-size: 26px; margin: 0 0 15px; color: inherit; opacity: 0.9;'>Facilite la ocupaci\u00f3n de escritorios y asientos<\/h2>\n<p style='font-size: 16px; max-width: 800px; margin: 0 auto; color: inherit;'>La impresionante capacidad de detecci\u00f3n de ocupaci\u00f3n y asientos del sensor libera recursos humanos&comma; lo que permite una gesti\u00f3n eficiente<\/p>\n<\/p><\/div>\n<div style='position: relative; padding-bottom: 56.25%; height: 0; overflow: hidden; margin: 30px 0;'>   <\/div>\n<div style='display: flex; flex-wrap: wrap; gap: 30px; margin: 30px 0;'>\n<div style='flex: 1 1 400px; min-width: 280px;'> <img style='width: 100%; height: auto; border: 1px solid rgba(150&comma;150&comma;150&comma;0.3); border-radius: 8px;' src='https:\/\/ftp3.syscom.mx\/usuarios\/fotos\/VS340915M\/221860-2.png' alt='Sensor de ocupaci\u00f3n'> <\/div>\n<div style='flex: 1 1 400px; min-width: 280px;'>\n<h3 style='font-size: 22px; border-bottom: 2px solid currentColor; padding-bottom: 5px; margin-top: 0; color: inherit; opacity: 0.8;'>Sensor de ocupaci\u00f3n de escritorio y asiento<\/h3>\n<p style='font-size: 15px; color: inherit;'>Basado en tecnolog\u00eda PIR altamente sensible&comma; VS340 esta dise\u00f1ado para un rendimiento de alto costo&comma; que satisface las necesidades generales.<\/p>\n<\/p><\/div>\n<\/p><\/div>\n<div style='display: flex; flex-wrap: wrap; gap: 30px; margin: 30px 0;'>\n<div style='flex: 1 1 400px; min-width: 280px;'>\n<h3 style='font-size: 22px; border-bottom: 2px solid currentColor; padding-bottom: 5px; margin-top: 0; color: inherit; opacity: 0.8;'>Implementaci\u00f3n inal\u00e1mbrica LoRaWAN<\/h3>\n<p style='font-size: 15px; color: inherit;'>La implementaci\u00f3n inal\u00e1mbrica f\u00e1cil y conveniente prescinde de quedarse perplejo por la conexi\u00f3n de red. Los beneficios de las tecnolog\u00edas LoRa garantizan un bajo consumo de energ\u00eda&comma; transmisi\u00f3n a larga distancia&comma; penetraci\u00f3n profunda y detecci\u00f3n an\u00f3nima.<\/p>\n<\/p><\/div>\n<div style='flex: 1 1 400px; min-width: 280px;'> <img style='width: 100%; height: auto; border: 1px solid rgba(150&comma;150&comma;150&comma;0.3); border-radius: 8px;' src='https:\/\/ftp3.syscom.mx\/usuarios\/fotos\/VS340915M\/221860-3.png' alt='Implementaci\u00f3n LoRaWAN'> <\/div>\n<\/p><\/div>\n<div style='display: flex; flex-wrap: wrap; gap: 30px; margin: 30px 0;'>\n<div style='flex: 1 1 400px; min-width: 280px;'> <img style='width: 100%; height: auto; border: 1px solid rgba(150&comma;150&comma;150&comma;0.3); border-radius: 8px;' src='https:\/\/ftp3.syscom.mx\/usuarios\/fotos\/VS340915M\/221860-4.png' alt='\u00c1ngulo de detecci\u00f3n'> <\/div>\n<div style='flex: 1 1 400px; min-width: 280px;'>\n<h3 style='font-size: 22px; border-bottom: 2px solid currentColor; padding-bottom: 5px; margin-top: 0; color: inherit; opacity: 0.8;'>\u00c1ngulo de detecci\u00f3n ajustables<\/h3>\n<p style='font-size: 15px; color: inherit;'>Las \u00e1reas objetivo se pueden variar seg\u00fan corresponda. Para evitar una detecci\u00f3n innecesaria y centrarse en las regiones objetivo&comma; el sensor est\u00e1 equipado con 5 cubiertas diferentes&comma; lo que lo hace preferible para detectar diferentes ocupaciones de masas y escritorios con varios rangos en diferentes escenarios<\/p>\n<\/p><\/div>\n<\/p><\/div>\n<div style='display: flex; flex-wrap: wrap; gap: 30px; margin: 30px 0;'>\n<div style='flex: 1 1 400px; min-width: 280px;'>\n<h3 style='font-size: 22px; border-bottom: 2px solid currentColor; padding-bottom: 5px; margin-top: 0; color: inherit; opacity: 0.8;'>5 a\u00f1os de vida \u00fatil<\/h3>\n<p style='font-size: 15px; color: inherit;'>Basado en el bajo consumo de energ\u00eda LoRaWAN&comma; el sensor puede mantener una bater\u00eda de larga duraci\u00f3n de 5 a\u00f1os con una tasa de informes frecuentes. Es ideal para cubrir la mayor\u00eda de las demandas de los usuarios en diferentes aplicaciones<\/p>\n<\/p><\/div>\n<div style='flex: 1 1 400px; min-width: 280px;'> <img style='width: 100%; height: auto; border: 1px solid rgba(150&comma;150&comma;150&comma;0.3); border-radius: 8px;' src='https:\/\/ftp3.syscom.mx\/usuarios\/fotos\/VS340915M\/221860-5.png' alt='Vida \u00fatil'> <\/div>\n<\/p><\/div>\n<div style='display: flex; flex-wrap: wrap; gap: 30px; margin: 30px 0;'>\n<div style='flex: 1 1 400px; min-width: 280px;'> <img style='width: 100%; height: auto; border: 1px solid rgba(150&comma;150&comma;150&comma;0.3); border-radius: 8px;' src='https:\/\/ftp3.syscom.mx\/usuarios\/fotos\/VS340915M\/221860-6.png' alt='Protocolo exclusivo'> <\/div>\n<div style='flex: 1 1 400px; min-width: 280px;'>\n<h3 style='font-size: 22px; border-bottom: 2px solid currentColor; padding-bottom: 5px; margin-top: 0; color: inherit; opacity: 0.8;'>El protocolo exclusivo basado en Milesight LoRa\u00ae permite que el sensor<\/h3>\n<p style='font-size: 15px; color: inherit;'>se comunique f\u00e1cilmente con otros dispositivos Milesight LoRaWAN\u00ae sin una puerta de enlace en 1 segundo. Tambi\u00e9n puede detectar el estado de ocupaci\u00f3n para controlar la pantalla IoT de tinta electr\u00f3nica DS3604&comma; lo que proporciona una indicaci\u00f3n conveniente de la disponibilidad de la estaci\u00f3n de trabajo.<\/p>\n<\/p><\/div>\n<\/p><\/div>\n<div style='display: flex; flex-wrap: wrap; gap: 30px; margin: 30px 0;'>\n<div style='flex: 1 1 400px; min-width: 280px;'> <img style='width: 100%; height: auto; border: 1px solid rgba(150&comma;150&comma;150&comma;0.3); border-radius: 8px;' src='https:\/\/ftp3.syscom.mx\/usuarios\/fotos\/VS340915M\/221860-7.png' alt='Implementaci\u00f3n f\u00e1cil'> <\/div>\n<div style='flex: 1 1 400px; min-width: 280px;'>\n<h3 style='font-size: 22px; border-bottom: 2px solid currentColor; padding-bottom: 5px; margin-top: 0; color: inherit; opacity: 0.8;'>Implementaci\u00f3n f\u00e1cil y r\u00e1pida<\/h3>\n<p style='font-size: 15px; color: inherit;'>El dise\u00f1o delgado y liviano y el montaje despegar y pegar lo hacen conveniente para una implementaci\u00f3n masiva. Se puede aplicar en cualquier aplicaci\u00f3n incluso con una gran cantidad. No se necesita mucha energ\u00eda y el despliegue se puede realizar f\u00e1cilmente.<\/p>\n<\/p><\/div>\n<\/p><\/div>\n<div style='text-align: center; margin: 30px 0;'>\n<h2 style='font-size: 26px; margin: 0 0 15px; color: inherit; opacity: 0.9;'>Aplicaci\u00f3n tipica<\/h2>\n<p> <img style='width: 100%; max-width: 800px; height: auto; border: 1px solid rgba(150&comma;150&comma;150&comma;0.3); border-radius: 8px;' src='https:\/\/ftp3.syscom.mx\/usuarios\/fotos\/VS340915M\/221860-8.png' alt='Aplicaci\u00f3n t\u00edpica'> <\/div>\n<\/p><\/div>\n","protected":false},"excerpt":{"rendered":"<p>Sensor de Ocupaci\u00f3n para Escritorios con LoRaWAN<\/p>\n","protected":false},"featured_media":53774,"comment_status":"open","ping_status":"closed","template":"","meta":[],"product_brand":[],"product_cat":[1436],"product_tag":[1437,1455,1438],"class_list":{"0":"post-53775","1":"product","2":"type-product","3":"status-publish","4":"has-post-thumbnail","6":"product_cat-sensores-tags","7":"product_tag-lorawan","8":"product_tag-milesight","9":"product_tag-sensores-tags","11":"first","12":"instock","13":"sale","14":"shipping-taxable","15":"purchasable","16":"product-type-simple"},"_links":{"self":[{"href":"https:\/\/soydeaqui.ddns.net\/pachuca\/index.php\/wp-json\/wp\/v2\/product\/53775","targetHints":{"allow":["GET"]}}],"collection":[{"href":"https:\/\/soydeaqui.ddns.net\/pachuca\/index.php\/wp-json\/wp\/v2\/product"}],"about":[{"href":"https:\/\/soydeaqui.ddns.net\/pachuca\/index.php\/wp-json\/wp\/v2\/types\/product"}],"replies":[{"embeddable":true,"href":"https:\/\/soydeaqui.ddns.net\/pachuca\/index.php\/wp-json\/wp\/v2\/comments?post=53775"}],"wp:featuredmedia":[{"embeddable":true,"href":"https:\/\/soydeaqui.ddns.net\/pachuca\/index.php\/wp-json\/wp\/v2\/media\/53774"}],"wp:attachment":[{"href":"https:\/\/soydeaqui.ddns.net\/pachuca\/index.php\/wp-json\/wp\/v2\/media?parent=53775"}],"wp:term":[{"taxonomy":"product_brand","embeddable":true,"href":"https:\/\/soydeaqui.ddns.net\/pachuca\/index.php\/wp-json\/wp\/v2\/product_brand?post=53775"},{"taxonomy":"product_cat","embeddable":true,"href":"https:\/\/soydeaqui.ddns.net\/pachuca\/index.php\/wp-json\/wp\/v2\/product_cat?post=53775"},{"taxonomy":"product_tag","embeddable":true,"href":"https:\/\/soydeaqui.ddns.net\/pachuca\/index.php\/wp-json\/wp\/v2\/product_tag?post=53775"}],"curies":[{"name":"wp","href":"https:\/\/api.w.org\/{rel}","templated":true}]}}