{"id":53678,"date":"2026-03-19T01:56:20","date_gmt":"2026-03-19T01:56:20","guid":{"rendered":"https:\/\/soydeaqui.ddns.net\/pachuca\/index.php\/producto\/fireball-led-luz-de-advertencia-de-color-cuadruple-para-clase-i-division-2-grupos-a-b-c-y-d-clase-ii-division-2-grupos-f-y-g-clase-iii-120-240-vca\/"},"modified":"2026-03-19T01:56:21","modified_gmt":"2026-03-19T01:56:21","slug":"fireball-led-luz-de-advertencia-de-color-cuadruple-para-clase-i-division-2-grupos-a-b-c-y-d-clase-ii-division-2-grupos-f-y-g-clase-iii-120-240-vca","status":"publish","type":"product","link":"https:\/\/soydeaqui.ddns.net\/pachuca\/index.php\/producto\/fireball-led-luz-de-advertencia-de-color-cuadruple-para-clase-i-division-2-grupos-a-b-c-y-d-clase-ii-division-2-grupos-f-y-g-clase-iii-120-240-vca\/","title":{"rendered":"Fireball LED Luz de advertencia de color cu\u00e1druple para Clase I, Divisi\u00f3n 2, Grupos A, B, C y D; Clase II, Divisi\u00f3n 2, Grupos F y G; Clase III 120-240 VCA"},"content":{"rendered":"<div style='width: 100%; max-width: 1200px; margin: 0 auto; font-family: sans-serif; line-height: 1.6; color: inherit; background-color: transparent;'> <!-- Secci\u00f3n de contenido con flex\/grid --> <\/p>\n<div style='display: flex; flex-wrap: wrap; gap: 30px; margin-bottom: 30px;'>\n<div style='flex: 1 1 300px; min-width: 280px;'>\n<h3 style='font-size: 22px; border-bottom: 2px solid currentColor; padding-bottom: 5px; margin-top: 0; color: inherit; opacity: 0.8;'>Funciones<\/h3>\n<p style='font-size: 16px; color: inherit; margin-bottom: 15px; text-align: justify;'>El modelo FB2LEDX es un LED multipatr\u00f3n disponible en modelos de un solo color y cu\u00e1druples colores. Los modelos de un solo color est\u00e1n disponibles en cinco colores (\u00e1mbar&comma; azul&comma; transparente&comma; verde&comma; magenta y rojo) y cuentan con la tecnolog\u00eda Power Select\u2122 patentada de Federal Signal. PowerSelect\u2122 permite al usuario seleccionar uno de los tres patrones de destello (60 FPM&comma; 120 FPM y fijo) sin tener que abrir la unidad&comma; siguiendo una secuencia cuando se aplica la alimentaci\u00f3n.<\/p>\n<p style='font-size: 16px; color: inherit; margin-bottom: 15px; text-align: justify;'>Los modelos de cuatro colores cuentan con cuatro colores (\u00e1mbar&comma; azul&comma; verde y rojo) y cuatro patrones de flash (60 FPM&comma; 120 FPM&comma; estrobosc\u00f3pico simulado y fijo) por unidad. Diecis\u00e9is combinaciones de colores y patrones de flash se logran mediante la selecci\u00f3n de cableado. FB2LEDX est\u00e1 disponible en 12-24VDC y 120-240VAC. La base de aleaci\u00f3n de zinc fundido a presi\u00f3n cuenta con un soporte de tuber\u00eda NPT integrado de 1\/2 pulgada y tres orificios necesarios para configuraciones de montaje en superficie. El soporte de montaje en pared opcional para ubicaciones peligrosas se vende por separado.<\/p>\n<p style='font-size: 16px; color: inherit; margin-bottom: 15px; text-align: justify;'>FB2LEDX modelos vienen con un protector de alambre de acero inoxidable para mayor protecci\u00f3n&comma; y est\u00e1 dise\u00f1ado para proteger contra la corrosi\u00f3n&comma; la vibraci\u00f3n&comma; la entrada de agua y polvo&comma; y las pulverizaciones a alta presi\u00f3n y temperatura. La unidad es ideal en aplicaciones duras y peligrosas&comma; incluidas advertencias industriales&comma; control de procesos&comma; indicaci\u00f3n de estado&comma; procesamiento de alimentos y entornos de petr\u00f3leo y gas.<\/p>\n<ul style='padding-left: 20px; margin: 15px 0; font-size: 14px; list-style-type: disc; color: inherit;'>\n<li style='margin-bottom: 5px; color: inherit;'><strong>Disponible en:<\/strong> 12-24VDC o 120-240VAC<\/li>\n<li style='margin-bottom: 5px; color: inherit;'><strong>Modelos de un solo color:<\/strong> LED\/lentes \u00e1mbar&comma; azul&comma; transparente&comma; verde&comma; magenta o rojo&comma; con tres patrones de flash<\/li>\n<li style='margin-bottom: 5px; color: inherit;'><strong>Modelos de cuatro colores:<\/strong> Lente transparente y cuatro colores (LED \u00e1mbar&comma; azul&comma; verde y rojo&comma; y cuatro patrones de flash) en una sola unidad<\/li>\n<li style='margin-bottom: 5px; color: inherit;'><strong>Protector de alambre:<\/strong> Incluido de acero inoxidable<\/li>\n<li style='margin-bottom: 5px; color: inherit;'><strong>LED:<\/strong> 50.000 horas de vida \u00fatil<\/li>\n<li style='margin-bottom: 5px; color: inherit;'><strong>Patrones de flash:<\/strong> 60 FPM (predeterminado)&comma; 120 FPM o fijo<\/li>\n<li style='margin-bottom: 5px; color: inherit;'><strong>Conexi\u00f3n:<\/strong> Tubo NPT integrado de 1\/2 pulgada y montaje en superficie<\/li>\n<li style='margin-bottom: 5px; color: inherit;'><strong>Uso:<\/strong> Interior\/exterior<\/li>\n<li style='margin-bottom: 5px; color: inherit;'><strong>PCBA:<\/strong> Con recubrimiento conformado<\/li>\n<li style='margin-bottom: 5px; color: inherit;'><strong>Protecci\u00f3n:<\/strong> Tipo 4X&comma; carcasa IP66<\/li>\n<li style='margin-bottom: 5px; color: inherit;'><strong>Certificaciones:<\/strong> Cumple con IP69K<\/li>\n<li style='margin-bottom: 5px; color: inherit;'><strong>Certificaciones:<\/strong> Listado por UL y cUL para Clase I&comma; Divisi\u00f3n 2&comma; Grupos A&comma; B&comma; C y D; Clase II&comma; Divisi\u00f3n 2&comma; Grupos F y G; Clase III<\/li>\n<li style='margin-bottom: 5px; color: inherit;'><strong>Certificaciones:<\/strong> Listado por UL y cUL para Clase I&comma; Zona 2&comma; AEx nA IIC Gc; Clase II&comma; Zona 22 AEx tc IIIC Dc (solo modelos FB2LED-CN)<\/li>\n<\/ul><\/div>\n<\/p><\/div>\n<p> <!-- Separador --> <\/p>\n<hr style='border: 0; border-top: 1px solid rgba(150&comma; 150&comma; 150&comma; 0.3); margin: 30px 0;'> <\/div>\n","protected":false},"excerpt":{"rendered":"<p>Fireball LED Luz de advertencia de color cu\u00e1druple para Clase I, Divisi\u00f3n 2, Grupos A, B, C y D; Clase II, Divisi\u00f3n 2, Grupos F y G; Clase III 120-240 VCA<\/p>\n","protected":false},"featured_media":53677,"comment_status":"open","ping_status":"closed","template":"","meta":[],"product_brand":[],"product_cat":[1416],"product_tag":[552,1414,1417],"class_list":{"0":"post-53678","1":"product","2":"type-product","3":"status-publish","4":"has-post-thumbnail","6":"product_cat-luces-para-la-industria-y-edificios","7":"product_tag-federal-signal-industrial","8":"product_tag-luces-bocinas-para-la-industria-y-edificios","9":"product_tag-luces-para-la-industria-y-edificios","11":"first","12":"outofstock","13":"sale","14":"shipping-taxable","15":"purchasable","16":"product-type-simple"},"_links":{"self":[{"href":"https:\/\/soydeaqui.ddns.net\/pachuca\/index.php\/wp-json\/wp\/v2\/product\/53678","targetHints":{"allow":["GET"]}}],"collection":[{"href":"https:\/\/soydeaqui.ddns.net\/pachuca\/index.php\/wp-json\/wp\/v2\/product"}],"about":[{"href":"https:\/\/soydeaqui.ddns.net\/pachuca\/index.php\/wp-json\/wp\/v2\/types\/product"}],"replies":[{"embeddable":true,"href":"https:\/\/soydeaqui.ddns.net\/pachuca\/index.php\/wp-json\/wp\/v2\/comments?post=53678"}],"wp:featuredmedia":[{"embeddable":true,"href":"https:\/\/soydeaqui.ddns.net\/pachuca\/index.php\/wp-json\/wp\/v2\/media\/53677"}],"wp:attachment":[{"href":"https:\/\/soydeaqui.ddns.net\/pachuca\/index.php\/wp-json\/wp\/v2\/media?parent=53678"}],"wp:term":[{"taxonomy":"product_brand","embeddable":true,"href":"https:\/\/soydeaqui.ddns.net\/pachuca\/index.php\/wp-json\/wp\/v2\/product_brand?post=53678"},{"taxonomy":"product_cat","embeddable":true,"href":"https:\/\/soydeaqui.ddns.net\/pachuca\/index.php\/wp-json\/wp\/v2\/product_cat?post=53678"},{"taxonomy":"product_tag","embeddable":true,"href":"https:\/\/soydeaqui.ddns.net\/pachuca\/index.php\/wp-json\/wp\/v2\/product_tag?post=53678"}],"curies":[{"name":"wp","href":"https:\/\/api.w.org\/{rel}","templated":true}]}}