{"id":53541,"date":"2026-03-19T01:52:01","date_gmt":"2026-03-19T01:52:01","guid":{"rendered":"https:\/\/soydeaqui.ddns.net\/pachuca\/index.php\/producto\/sensor-bluetooth-temperatura-y-humedad-compatible-con-localizadores-vehiculares\/"},"modified":"2026-03-19T01:52:09","modified_gmt":"2026-03-19T01:52:09","slug":"sensor-bluetooth-temperatura-y-humedad-compatible-con-localizadores-vehiculares","status":"publish","type":"product","link":"https:\/\/soydeaqui.ddns.net\/pachuca\/index.php\/producto\/sensor-bluetooth-temperatura-y-humedad-compatible-con-localizadores-vehiculares\/","title":{"rendered":"Sensor Bluetooth \/ Temperatura y Humedad \/ Compatible con Localizadores Vehiculares"},"content":{"rendered":"<div style='width: 100%; max-width: 1200px; margin: 0 auto; font-family: sans-serif; line-height: 1.6; color: inherit; background-color: transparent;'>\n<div style='display: flex; flex-wrap: wrap; gap: 30px; margin-bottom: 30px;'>\n<div style='flex: 1 1 300px; min-width: 280px;'> <img style='width: 100%; height: auto; border: 1px solid rgba(150&comma;150&comma;150&comma;0.3); border-radius: 8px;' src='https:\/\/ftp3.syscom.mx\/usuarios\/fotos\/ECO4LIGHT3GT\/185527-blue-puck-rht_ombre.png' alt='Sensor Bluetooth Temperatura y Humedad'> <\/div>\n<div style='flex: 1 1 300px; min-width: 280px;'>\n<h3 style='font-size: 22px; border-bottom: 2px solid currentColor; padding-bottom: 5px; margin-top: 0; color: inherit; opacity: 0.8;'>Descripci\u00f3n<\/h3>\n<p style='font-size: 14px; color: inherit;'>Equipado con tecnolog\u00eda Bluetooth Low Energy&comma; el sensor de temperatura y humedad BLUE PUCK RHT es compacto y robusto. 100% aut\u00f3nomo&comma; este sensor se adapta a los entornos industriales para afrontar los retos de la construcci\u00f3n inteligente&comma; el transporte y el almacenamiento en fr\u00edo de productos alimenticios y farmac\u00e9uticos.<\/p>\n<p style='font-size: 14px; color: inherit; font-weight: bold;'>Nota: No incluye PUCKHOLDER<\/p>\n<\/p><\/div>\n<\/p><\/div>\n<div style='margin-bottom: 30px;'>\n<h3 style='font-size: 22px; border-bottom: 2px solid currentColor; padding-bottom: 5px; margin-top: 0; color: inherit; opacity: 0.8;'>Caracter\u00edsticas<\/h3>\n<div style='display: flex; flex-wrap: wrap; gap: 20px; margin-top: 20px;'>\n<div style='flex: 1 1 200px; border: 1px solid rgba(150&comma; 150&comma; 150&comma; 0.4); border-radius: 8px; overflow: hidden; display: flex; flex-direction: column;'>\n<div style='padding: 15px; border-bottom: 1px solid rgba(150&comma; 150&comma; 150&comma; 0.2); font-weight: bold; font-size: 18px; color: inherit;'>Aut\u00f3nomo<\/div>\n<div style='padding: 15px; color: inherit;'> <img style='width: 50px; height: auto; display: block; margin: 0 auto; border: 1px solid rgba(150&comma;150&comma;150&comma;0.3); border-radius: 8px;' src='https:\/\/ftp3.syscom.mx\/usuarios\/fotos\/BLUEPUCKRHT\/201145-autonomie.png' alt='Autonom\u00eda'> <\/div>\n<\/p><\/div>\n<div style='flex: 1 1 200px; border: 1px solid rgba(150&comma; 150&comma; 150&comma; 0.4); border-radius: 8px; overflow: hidden; display: flex; flex-direction: column;'>\n<div style='padding: 15px; border-bottom: 1px solid rgba(150&comma; 150&comma; 150&comma; 0.2); font-weight: bold; font-size: 18px; color: inherit;'>Protecci\u00f3n IP65<\/div>\n<div style='padding: 15px; color: inherit;'> <img style='width: 40px; height: auto; display: block; margin: 0 auto; border: 1px solid rgba(150&comma;150&comma;150&comma;0.3); border-radius: 8px;' src='https:\/\/ftp3.syscom.mx\/usuarios\/fotos\/BLUEPUCKRHT\/201145-etanche@2x.png' alt='Protecci\u00f3n IP65'> <\/div>\n<\/p><\/div>\n<div style='flex: 1 1 200px; border: 1px solid rgba(150&comma; 150&comma; 150&comma; 0.4); border-radius: 8px; overflow: hidden; display: flex; flex-direction: column;'>\n<div style='padding: 15px; border-bottom: 1px solid rgba(150&comma; 150&comma; 150&comma; 0.2); font-weight: bold; font-size: 18px; color: inherit;'>Multisensor<\/div>\n<div style='padding: 15px; color: inherit;'> <img style='width: 50px; height: auto; display: block; margin: 0 auto; border: 1px solid rgba(150&comma;150&comma;150&comma;0.3); border-radius: 8px;' src='https:\/\/ftp3.syscom.mx\/usuarios\/fotos\/BLUEPUCKRHT\/201145-multicapteurs-1.png' alt='Multisensor'> <\/div>\n<\/p><\/div>\n<\/p><\/div>\n<\/p><\/div>\n<div style='display: flex; flex-wrap: wrap; gap: 20px; margin-bottom: 30px;'>\n<div style='flex: 1 1 300px; border: 1px solid rgba(150&comma; 150&comma; 150&comma; 0.4); border-radius: 8px; overflow: hidden; display: flex; flex-direction: column;'>\n<div style='padding: 15px; border-bottom: 1px solid rgba(150&comma; 150&comma; 150&comma; 0.2); font-weight: bold; font-size: 18px; color: inherit;'>Especificaciones T\u00e9cnicas<\/div>\n<div style='padding: 15px; color: inherit;'>\n<ul style='padding-left: 20px; margin: 0; font-size: 14px; list-style-type: disc;'>\n<li style='margin-bottom: 5px;'>Temperatura: \u00b1 0.4\u00b0C de -40\u00b0C a +85 \u00b0C<\/li>\n<li style='margin-bottom: 5px;'>Humedad: \u00b1 2.5% 0% a 90% y \u00b1 3.5% de 90% a 100%.<\/li>\n<li style='margin-bottom: 5px;'>Temperatura: 0.01 \u00b0C<\/li>\n<li style='margin-bottom: 5px;'>Humedad: 0.01%.<\/li>\n<li style='margin-bottom: 5px;'>Autonom\u00eda: hasta 18 a\u00f1os<\/li>\n<li style='margin-bottom: 5px;'>Amplio rango de recepci\u00f3n: hasta 500 metros (campo abierto)<\/li>\n<li style='margin-bottom: 5px;'>F\u00e1cil configuraci\u00f3n a trav\u00e9s de NFC<\/li>\n<li style='margin-bottom: 5px;'>Carcasa robusta DELRIN (POM C) &#8211; Grado alimenticio<\/li>\n<li style='margin-bottom: 5px;'>Clase de protecci\u00f3n IP65<\/li>\n<li style='margin-bottom: 5px;'>Rango de temperatura: -40 \u00b0C a +85 \u00b0C<\/li>\n<li>Actualizaci\u00f3n inal\u00e1mbrica (OTAP)<\/li>\n<\/ul><\/div>\n<\/p><\/div>\n<div style='flex: 1 1 300px; border: 1px solid rgba(150&comma; 150&comma; 150&comma; 0.4); border-radius: 8px; overflow: hidden; display: flex; flex-direction: column;'>\n<div style='padding: 15px; border-bottom: 1px solid rgba(150&comma; 150&comma; 150&comma; 0.2); font-weight: bold; font-size: 18px; color: inherit;'>Modo de operaci\u00f3n<\/div>\n<div style='padding: 15px; color: inherit;'>\n<ul style='padding-left: 20px; margin: 0; font-size: 14px; list-style-type: disc;'>\n<li style='margin-bottom: 5px;'>Frecuencia 2.4 GHz &#8211; Bluetooth Low Energy 4.0 \/ 4.2<\/li>\n<li style='margin-bottom: 5px;'>Potencia de salida Hasta +4 dBm (configurable)<\/li>\n<li>Alcance Hasta 500 metros en campo abierto (+4dBm)<\/li>\n<\/ul><\/div>\n<\/p><\/div>\n<div style='flex: 1 1 300px; border: 1px solid rgba(150&comma; 150&comma; 150&comma; 0.4); border-radius: 8px; overflow: hidden; display: flex; flex-direction: column;'>\n<div style='padding: 15px; border-bottom: 1px solid rgba(150&comma; 150&comma; 150&comma; 0.2); font-weight: bold; font-size: 18px; color: inherit;'>Bater\u00eda<\/div>\n<div style='padding: 15px; color: inherit;'>\n<ul style='padding-left: 20px; margin: 0; font-size: 14px; list-style-type: disc;'>\n<li style='margin-bottom: 5px;'>Voltaje 3 VCC &#8211; Bater\u00eda de litio interna Duraci\u00f3n de la bater\u00eda Hasta 18 a\u00f1os *<\/li>\n<li style='margin-bottom: 5px;'>* Consulte las curvas de duraci\u00f3n de la bater\u00eda para obtener m\u00e1s informaci\u00f3n<\/li>\n<li>Advertencia de bater\u00eda baja en marcos publicitarios (15%)<\/li>\n<\/ul><\/div>\n<\/p><\/div>\n<\/p><\/div>\n<hr style='border: 0; border-top: 1px solid rgba(150&comma; 150&comma; 150&comma; 0.3); margin: 30px 0;'> <\/div>\n","protected":false},"excerpt":{"rendered":"<p>Sensor Bluetooth \/ Temperatura y Humedad \/ Compatible con Localizadores Vehiculares<\/p>\n","protected":false},"featured_media":53540,"comment_status":"open","ping_status":"closed","template":"","meta":[],"product_brand":[],"product_cat":[1348,1346],"product_tag":[93,1451,1350,1349],"class_list":{"0":"post-53541","1":"product","2":"type-product","3":"status-publish","4":"has-post-thumbnail","6":"product_cat-accesorios-gps-y-telematica","7":"product_cat-iot","8":"product_tag-accesorios","9":"product_tag-ela-innovation","10":"product_tag-gps-y-telematica","11":"product_tag-iot","13":"first","14":"instock","15":"sale","16":"shipping-taxable","17":"purchasable","18":"product-type-simple"},"_links":{"self":[{"href":"https:\/\/soydeaqui.ddns.net\/pachuca\/index.php\/wp-json\/wp\/v2\/product\/53541","targetHints":{"allow":["GET"]}}],"collection":[{"href":"https:\/\/soydeaqui.ddns.net\/pachuca\/index.php\/wp-json\/wp\/v2\/product"}],"about":[{"href":"https:\/\/soydeaqui.ddns.net\/pachuca\/index.php\/wp-json\/wp\/v2\/types\/product"}],"replies":[{"embeddable":true,"href":"https:\/\/soydeaqui.ddns.net\/pachuca\/index.php\/wp-json\/wp\/v2\/comments?post=53541"}],"wp:featuredmedia":[{"embeddable":true,"href":"https:\/\/soydeaqui.ddns.net\/pachuca\/index.php\/wp-json\/wp\/v2\/media\/53540"}],"wp:attachment":[{"href":"https:\/\/soydeaqui.ddns.net\/pachuca\/index.php\/wp-json\/wp\/v2\/media?parent=53541"}],"wp:term":[{"taxonomy":"product_brand","embeddable":true,"href":"https:\/\/soydeaqui.ddns.net\/pachuca\/index.php\/wp-json\/wp\/v2\/product_brand?post=53541"},{"taxonomy":"product_cat","embeddable":true,"href":"https:\/\/soydeaqui.ddns.net\/pachuca\/index.php\/wp-json\/wp\/v2\/product_cat?post=53541"},{"taxonomy":"product_tag","embeddable":true,"href":"https:\/\/soydeaqui.ddns.net\/pachuca\/index.php\/wp-json\/wp\/v2\/product_tag?post=53541"}],"curies":[{"name":"wp","href":"https:\/\/api.w.org\/{rel}","templated":true}]}}