{"id":53132,"date":"2026-03-18T23:56:56","date_gmt":"2026-03-18T23:56:56","guid":{"rendered":"https:\/\/soydeaqui.ddns.net\/pachuca\/index.php\/producto\/sistema-de-sirena-y-microfono-100-watts-de-potencia-para-motocicleta-y-automoviles\/"},"modified":"2026-03-18T23:56:57","modified_gmt":"2026-03-18T23:56:57","slug":"sistema-de-sirena-y-microfono-100-watts-de-potencia-para-motocicleta-y-automoviles","status":"publish","type":"product","link":"https:\/\/soydeaqui.ddns.net\/pachuca\/index.php\/producto\/sistema-de-sirena-y-microfono-100-watts-de-potencia-para-motocicleta-y-automoviles\/","title":{"rendered":"Sistema de Sirena y Micr\u00f3fono , 100 Watts de Potencia,  para motocicleta y autom\u00f3viles."},"content":{"rendered":"<div style='width: 100%; max-width: 1200px; margin: 0 auto; font-family: sans-serif; line-height: 1.6; color: inherit; background-color: transparent;'>\n<div style='display: flex; flex-wrap: wrap; gap: 30px; margin-bottom: 30px;'>\n<div style='flex: 1 1 300px; min-width: 280px;'>\n<h3 style='font-size: 22px; border-bottom: 2px solid currentColor; padding-bottom: 5px; margin-top: 0; color: inherit; opacity: 0.8;'>Sistema de Sirena Serie AS400<\/h3>\n<p>La sirena innovadora de Federal Signal de la Serie AS400 permite tener el control de luces y tonos de la sirena en un solo mando de control.<\/p>\n<p>El amplificador contiene un microprocesador avanzado&comma; est\u00e1 fabricado en aluminio de color negro para facilitar su integraci\u00f3n y camuflaje en el interior del veh\u00edculo&comma; ya sea en guantera o debajo del asiento.<\/p>\n<p>La botonera de control est\u00e1 fabricada en poliamida (Nylon) de color negro e incorpora el micr\u00f3fono para la megafon\u00eda y control de luces. El teclado est\u00e1 fabricado en silicona natural trasl\u00facida&comma; dispone de iluminaci\u00f3n para facilitar el uso en aplicaciones nocturnas o insuficientemente iluminadas. Estos materiales dotan a la botonera de control de total robustez.<\/p>\n<p>El control de audio y el interruptor de encendido y apagado (on\/off)&comma; se encuentran en una caja de conexi\u00f3n intermedia.<\/p>\n<\/p><\/div>\n<\/p><\/div>\n<div style='display: flex; flex-wrap: wrap; gap: 20px; margin-bottom: 30px;'>\n<div style='flex: 1 1 250px; border: 1px solid rgba(150&comma; 150&comma; 150&comma; 0.4); border-radius: 8px; overflow: hidden; display: flex; flex-direction: column;'>\n<div style='padding: 15px; border-bottom: 1px solid rgba(150&comma; 150&comma; 150&comma; 0.2); font-weight: bold; font-size: 18px; color: inherit;'>Caracter\u00edsticas<\/div>\n<div style='padding: 15px; color: inherit;'>\n<ul style='padding-left: 20px; margin: 0; font-size: 14px; list-style-type: disc;'>\n<li style='margin-bottom: 5px;'>Sirena de cerebro oculto<\/li>\n<li style='margin-bottom: 5px;'>Tono Horn (PATO) activado desde volante.<\/li>\n<li style='margin-bottom: 5px;'>Tonos: Wail&comma; Yelp&comma; 2 tonos<\/li>\n<li style='margin-bottom: 5px;'>6 Switches para control de luces de torreta.<\/li>\n<li style='margin-bottom: 5px;'>Micr\u00f3fono integrado.<\/li>\n<li style='margin-bottom: 5px;'>Interconexi\u00f3n a radio y ajuste de volumen.<\/li>\n<li style='margin-bottom: 5px;'>2 A\u00f1os de garant\u00eda<\/li>\n<\/ul><\/div>\n<\/p><\/div>\n<div style='flex: 1 1 250px; border: 1px solid rgba(150&comma; 150&comma; 150&comma; 0.4); border-radius: 8px; overflow: hidden; display: flex; flex-direction: column;'>\n<div style='padding: 15px; border-bottom: 1px solid rgba(150&comma; 150&comma; 150&comma; 0.2); font-weight: bold; font-size: 18px; color: inherit;'>Especificaciones<\/div>\n<div style='padding: 15px; color: inherit;'>\n<ul style='padding-left: 20px; margin: 0; font-size: 14px; list-style-type: disc;'>\n<li style='margin-bottom: 5px;'><strong>Voltaje de Entrada:<\/strong> 12 Vcc<\/li>\n<li style='margin-bottom: 5px;'><strong>Consumo de Corriente:<\/strong> 10 Amps m\u00e1x.<\/li>\n<li style='margin-bottom: 5px;'><strong>Frecuencia:<\/strong> 600 Hz &#8211; 1350 Hz<\/li>\n<li style='margin-bottom: 5px;'><strong>Potencia:<\/strong> 100 W<\/li>\n<li style='margin-bottom: 5px;'><strong>Dimensiones:<\/strong> Sirena 13.5 X 5.4 X 21.5 cm \/ Botonera 2.5 X 5.0 X 10.5 cm<\/li>\n<\/ul><\/div>\n<\/p><\/div>\n<div style='flex: 1 1 250px; border: 1px solid rgba(150&comma; 150&comma; 150&comma; 0.4); border-radius: 8px; overflow: hidden; display: flex; flex-direction: column;'>\n<div style='padding: 15px; border-bottom: 1px solid rgba(150&comma; 150&comma; 150&comma; 0.2); font-weight: bold; font-size: 18px; color: inherit;'>Tonos de sirena<\/div>\n<div style='padding: 15px; color: inherit;'>\n<ul style='padding-left: 20px; margin: 0; font-size: 14px; list-style-type: disc;'>\n<li style='margin-bottom: 5px;'><a href='https:\/\/www.fedsigvama.com\/wp-content\/uploads\/2016\/04\/Sonido-wail.wav' style='color: inherit; text-decoration: none; border-bottom: 1px solid rgba(150&comma; 150&comma; 150&comma; 0.3);'>\u25b6 Tono Wail<\/a><\/li>\n<li style='margin-bottom: 5px;'><a href='https:\/\/www.fedsigvama.com\/wp-content\/uploads\/2016\/04\/Sonido-yelp.wav' style='color: inherit; text-decoration: none; border-bottom: 1px solid rgba(150&comma; 150&comma; 150&comma; 0.3);'>\u25b6 Tono Yelp<\/a><\/li>\n<\/ul>\n<p style='margin-top: 15px; font-size: 14px;'>*Pregunte por disponibilidad<\/p>\n<\/p><\/div>\n<\/p><\/div>\n<\/p><\/div>\n<div style='margin-bottom: 30px;'> <a href='mailto:ventasespeciales@syscom.mx?Subject=Asesoria%20en%20Proyecto&#038;body=Por%20favor&comma;%20comparta%20sus%20dudas%20y%20preguntas%20para%20apoyarle%20de%20forma%20directa.' style='text-decoration: none;'> <img style='width: 100%; height: auto; border: 1px solid rgba(150&comma;150&comma;150&comma;0.3); border-radius: 8px;' src='http:\/\/148.223.3.142\/archivos\/vportillo\/downloads\/banner_torretas_federal2.gif' alt=''> <\/a> <\/div>\n<hr style='border: 0; border-top: 1px solid rgba(150&comma; 150&comma; 150&comma; 0.3); margin: 30px 0;'> <\/div>\n","protected":false},"excerpt":{"rendered":"<p>Sistema de Sirena y Micr\u00f3fono , 100 Watts de Potencia,  para motocicleta y autom\u00f3viles.<\/p>\n","protected":false},"featured_media":53131,"comment_status":"open","ping_status":"closed","template":"","meta":[],"product_brand":[],"product_cat":[1392],"product_tag":[1360,1394,1393],"class_list":{"0":"post-53132","1":"product","2":"type-product","3":"status-publish","4":"has-post-thumbnail","6":"product_cat-sirenas","7":"product_tag-federal-signal","8":"product_tag-sirenas","9":"product_tag-sirenas-bocinas-y-controladores-vehiculares","11":"first","12":"outofstock","13":"sale","14":"shipping-taxable","15":"purchasable","16":"product-type-simple"},"_links":{"self":[{"href":"https:\/\/soydeaqui.ddns.net\/pachuca\/index.php\/wp-json\/wp\/v2\/product\/53132","targetHints":{"allow":["GET"]}}],"collection":[{"href":"https:\/\/soydeaqui.ddns.net\/pachuca\/index.php\/wp-json\/wp\/v2\/product"}],"about":[{"href":"https:\/\/soydeaqui.ddns.net\/pachuca\/index.php\/wp-json\/wp\/v2\/types\/product"}],"replies":[{"embeddable":true,"href":"https:\/\/soydeaqui.ddns.net\/pachuca\/index.php\/wp-json\/wp\/v2\/comments?post=53132"}],"wp:featuredmedia":[{"embeddable":true,"href":"https:\/\/soydeaqui.ddns.net\/pachuca\/index.php\/wp-json\/wp\/v2\/media\/53131"}],"wp:attachment":[{"href":"https:\/\/soydeaqui.ddns.net\/pachuca\/index.php\/wp-json\/wp\/v2\/media?parent=53132"}],"wp:term":[{"taxonomy":"product_brand","embeddable":true,"href":"https:\/\/soydeaqui.ddns.net\/pachuca\/index.php\/wp-json\/wp\/v2\/product_brand?post=53132"},{"taxonomy":"product_cat","embeddable":true,"href":"https:\/\/soydeaqui.ddns.net\/pachuca\/index.php\/wp-json\/wp\/v2\/product_cat?post=53132"},{"taxonomy":"product_tag","embeddable":true,"href":"https:\/\/soydeaqui.ddns.net\/pachuca\/index.php\/wp-json\/wp\/v2\/product_tag?post=53132"}],"curies":[{"name":"wp","href":"https:\/\/api.w.org\/{rel}","templated":true}]}}