{"id":53088,"date":"2026-03-18T23:55:49","date_gmt":"2026-03-18T23:55:49","guid":{"rendered":"https:\/\/soydeaqui.ddns.net\/pachuca\/index.php\/producto\/localizador-gps-2g-via-celular-con-multiples-entradas-y-salidas-digitales-entradas-analogas-opcion-para-audio-bidireccionalrobusta-carcasa-de-aluminioboton-de-panico-y-cable-programador-incluidos\/"},"modified":"2026-03-18T23:55:50","modified_gmt":"2026-03-18T23:55:50","slug":"localizador-gps-2g-via-celular-con-multiples-entradas-y-salidas-digitales-entradas-analogas-opcion-para-audio-bidireccionalrobusta-carcasa-de-aluminioboton-de-panico-y-cable-programador-incluidos","status":"publish","type":"product","link":"https:\/\/soydeaqui.ddns.net\/pachuca\/index.php\/producto\/localizador-gps-2g-via-celular-con-multiples-entradas-y-salidas-digitales-entradas-analogas-opcion-para-audio-bidireccionalrobusta-carcasa-de-aluminioboton-de-panico-y-cable-programador-incluidos\/","title":{"rendered":"Localizador GPS 2G v\u00eda celular con m\u00faltiples entradas y salidas digitales, entradas an\u00e1logas, opci\u00f3n para audio bidireccional,robusta carcasa de aluminio,bot\u00f3n de p\u00e1nico y cable programador incluidos."},"content":{"rendered":"<div style='width: 100%; max-width: 1200px; margin: 0 auto; font-family: sans-serif; line-height: 1.6; color: inherit; background-color: transparent;'> <!-- Secci\u00f3n de compatibilidad --> <\/p>\n<div style='display: flex; flex-wrap: wrap; gap: 30px; margin-bottom: 30px;'>\n<div style='flex: 1 1 300px; min-width: 280px;'>\n<h3 style='font-size: 22px; border-bottom: 2px solid currentColor; padding-bottom: 5px; margin-top: 0; color: inherit; opacity: 0.8;'>Compatibilidad<\/h3>\n<ul style='padding-left: 20px; font-size: 15px; color: inherit;'>\n<li style='margin-bottom: 5px;'><a style='color: inherit; text-decoration: underline;' href='http:\/\/www.syscom.mx\/producto\/SIM5MB-SYSCOM-87076.html'><strong>Compatible con SIM SYSCOM:<\/strong><br \/>Asegure la mayor cobertura (Multi-Carrier)&comma; activaci\u00f3n por SYSCOM y bajo pago anual.<\/a><\/li>\n<li style='margin-bottom: 5px;'><strong>Compatible con EPCOMGPS y NOVIT<\/strong><\/li>\n<\/ul><\/div>\n<\/p><\/div>\n<p> <!-- Secci\u00f3n de caracter\u00edsticas --> <\/p>\n<div style='display: flex; flex-wrap: wrap; gap: 30px; margin-bottom: 30px;'>\n<div style='flex: 1 1 300px; min-width: 280px;'>\n<h3 style='font-size: 22px; border-bottom: 2px solid currentColor; padding-bottom: 5px; margin-top: 0; color: inherit; opacity: 0.8;'>Caracter\u00edsticas<\/h3>\n<ul style='padding-left: 20px; font-size: 15px; color: inherit;'>\n<li style='margin-bottom: 5px;'>\u2022 Equipo 2G<\/li>\n<li style='margin-bottom: 5px;'>\u2022 Entrada de audio de 3.5 mm (requiere Micr\u00f3fono y\/o Bocina)<\/li>\n<li style='margin-bottom: 5px;'>\u2022 Bot\u00f3n de p\u00e1nico incluido<\/li>\n<li style='margin-bottom: 5px;'>\u2022 Configuraci\u00f3n v\u00eda SMS y por software<\/li>\n<li style='margin-bottom: 5px;'>\u2022 Modo de operaci\u00f3n TCP\/UDP<\/li>\n<li style='margin-bottom: 5px;'>\u2022 Reporte por giro de volante<\/li>\n<li style='margin-bottom: 5px;'>\u2022 Reporte SMS directo de su celular<\/li>\n<li style='margin-bottom: 5px;'>\u2022 Bater\u00eda de respaldo de hasta 5 horas (Varia dependiendo la programaci\u00f3n del equipo)<\/li>\n<li style='margin-bottom: 5px;'>\u2022 5 entradas\/salidas digitales<\/li>\n<li style='margin-bottom: 5px;'>\u2022 2 entradas anal\u00f3gicas<\/li>\n<\/ul><\/div>\n<\/p><\/div>\n<p> <!-- Nota importante --> <\/p>\n<div style='margin-bottom: 30px;'>\n<p style='font-size: 15px; color: inherit; margin-bottom: 15px;'>\u2022 Si requiere solicitar informaci\u00f3n v\u00eda sms o realizar llamadas deber\u00e1 usar un SIM diferente a los que maneja SYSCOM<\/p>\n<\/p><\/div>\n<p> <!-- Secci\u00f3n de especificaciones --> <\/p>\n<div style='display: flex; flex-wrap: wrap; gap: 30px; margin-bottom: 30px;'>\n<div style='flex: 1 1 300px; min-width: 280px;'>\n<h3 style='font-size: 22px; border-bottom: 2px solid currentColor; padding-bottom: 5px; margin-top: 0; color: inherit; opacity: 0.8;'>Especificaciones<\/h3>\n<ul style='padding-left: 20px; font-size: 15px; color: inherit;'>\n<li style='margin-bottom: 5px;'>Dimensiones: 105 mm x 65 mm x 26 mm<\/li>\n<li style='margin-bottom: 5px;'>&#8211; Incluye antena GPS&comma; antena GSM&comma; cable de programaci\u00f3n y bot\u00f3n de p\u00e1nico<\/li>\n<\/ul><\/div>\n<\/p><\/div>\n<p> <!-- Secci\u00f3n de protocolo --> <\/p>\n<div style='display: flex; flex-wrap: wrap; gap: 30px; margin-bottom: 30px;'>\n<div style='flex: 1 1 300px; min-width: 280px;'>\n<h3 style='font-size: 22px; border-bottom: 2px solid currentColor; padding-bottom: 5px; margin-top: 0; color: inherit; opacity: 0.8;'>Protocolo<\/h3>\n<p style='font-size: 15px; color: inherit; margin-bottom: 15px;'>Integrar un equipo Meitrack a una plataforma de monitoreo es sencillo&comma; esto porque la informaci\u00f3n es enviada en texto plano.<\/p>\n<p style='font-size: 15px; color: inherit; margin-bottom: 15px;'>Los diferentes par\u00e1metros de la trama vienen con cada equipo o pueden ser descargados de:<\/p>\n<p style='font-size: 15px; color: inherit; margin-bottom: 15px;'><a style='color: inherit; text-decoration: underline;' href='http:\/\/ftp3.syscom.mx\/usuarios\/jvalenzuela\/MEITRACK_GPRS_PROTOCOL_V1.6.pdf'>http:\/\/ftp3.syscom.mx\/usuarios\/jvalenzuela\/MEITRACK_GPRS_PROTOCOL_V1.6.pdf<\/a><\/p>\n<\/p><\/div>\n<\/p><\/div>\n<p> <!-- Secci\u00f3n de ejemplo de trama --> <\/p>\n<div style='display: flex; flex-wrap: wrap; gap: 30px; margin-bottom: 30px;'>\n<div style='flex: 1 1 300px; min-width: 280px;'>\n<h3 style='font-size: 22px; border-bottom: 2px solid currentColor; padding-bottom: 5px; margin-top: 0; color: inherit; opacity: 0.8;'>Ejemplo de trama<\/h3>\n<p style='font-size: 15px; color: inherit; margin-bottom: 15px;'>El siguiente es un ejemplo de un trama de un equipo MVT380:<\/p>\n<div style='font-size: 14px; background-color: rgba(150&comma;150&comma;150&comma;0.1); padding: 15px; border-radius: 8px; margin-bottom: 15px; color: inherit; font-family: monospace; white-space: pre-wrap; word-wrap: break-word;'> $$A137&comma;862170016490474&comma;AAA&comma;35&comma;28.628421&comma;-106.070131&comma;140424042548&comma;V&comma;10&comma;3&comma;90&comma;61&comma;50&comma;1464&comma;8833&comma;76772&comma;334|20|1BD1|8749&comma;0000&comma;000A|000A||029C|0004&comma;*AA<\/div>\n<ul style='padding-left: 20px; font-size: 15px; color: inherit;'>\n<li style='margin-bottom: 5px;'>862170016490474 &#8211; Representa el identificador del equipo que en este caso es el n\u00famero de IMEI<\/li>\n<li style='margin-bottom: 5px;'>28.628421 &#8211; Es la latitud<\/li>\n<li style='margin-bottom: 5px;'>-106.070131 &#8211; Representa la longitud<\/li>\n<li style='margin-bottom: 5px;'>140424042548 &#8211; Fecha<\/li>\n<li style='margin-bottom: 5px;'>10 &#8211; Representa la cantidad de sat\u00e9lites visibles<\/li>\n<li style='margin-bottom: 5px;'>90 &#8211; Velocidad actual del veh\u00edculo<\/li>\n<\/ul>\n<p style='font-size: 15px; color: inherit; margin-bottom: 15px;'>El resto de par\u00e1metros puede encontrarlos en el documento que se publica arriba<\/p>\n<\/p><\/div>\n<\/p><\/div>\n<p> <!-- Secci\u00f3n de recursos --> <\/p>\n<div style='display: flex; flex-wrap: wrap; gap: 30px; margin-bottom: 30px;'>\n<div style='flex: 1 1 300px; min-width: 280px;'>\n<h3 style='font-size: 22px; border-bottom: 2px solid currentColor; padding-bottom: 5px; margin-top: 0; color: inherit; opacity: 0.8;'>Recursos<\/h3>\n<ul style='padding-left: 20px; font-size: 15px; color: inherit;'>\n<li style='margin-bottom: 5px;'><a style='color: inherit; text-decoration: underline;' href='http:\/\/www.syscom.mx\/principal\/listadoproductosazul\/gps-via-gprs-y-3g-trackersgps.html'>Listado de Equipos GPS<\/a><\/li>\n<\/ul><\/div>\n<\/p><\/div>\n<p> <!-- Imagen --> <\/p>\n<div style='margin-bottom: 30px;'> <img style='width: 100%; height: auto; border: 1px solid rgba(150&comma;150&comma;150&comma;0.3); border-radius: 8px;' src='http:\/\/ftp3.syscom.mx\/usuarios\/egomez\/MVT380\/Entradas%20MVT380.png' alt=''> <\/div>\n<p> <!-- Video --> <\/p>\n<div style='position: relative; padding-bottom: 56.25%; height: 0; overflow: hidden; margin-bottom: 30px;'>   <\/div>\n<p> <!-- Separador final --> <\/p>\n<hr style='border: 0; border-top: 1px solid rgba(150&comma; 150&comma; 150&comma; 0.3); margin: 30px 0;'> <\/div>\n","protected":false},"excerpt":{"rendered":"<p>Localizador GPS 2G v\u00eda celular con m\u00faltiples entradas y salidas digitales, entradas an\u00e1logas, opci\u00f3n para audio bidireccional,robusta carcasa de aluminio,bot\u00f3n de p\u00e1nico y cable programador incluidos.<\/p>\n","protected":false},"featured_media":53087,"comment_status":"open","ping_status":"closed","template":"","meta":[],"product_brand":[],"product_cat":[1346,1388],"product_tag":[1350,1349,1390,1389],"class_list":{"0":"post-53088","1":"product","2":"type-product","3":"status-publish","4":"has-post-thumbnail","6":"product_cat-iot","7":"product_cat-trackers-gps","8":"product_tag-gps-y-telematica","9":"product_tag-iot","10":"product_tag-meitrack","11":"product_tag-trackers-gps","13":"first","14":"outofstock","15":"sale","16":"shipping-taxable","17":"purchasable","18":"product-type-simple"},"_links":{"self":[{"href":"https:\/\/soydeaqui.ddns.net\/pachuca\/index.php\/wp-json\/wp\/v2\/product\/53088","targetHints":{"allow":["GET"]}}],"collection":[{"href":"https:\/\/soydeaqui.ddns.net\/pachuca\/index.php\/wp-json\/wp\/v2\/product"}],"about":[{"href":"https:\/\/soydeaqui.ddns.net\/pachuca\/index.php\/wp-json\/wp\/v2\/types\/product"}],"replies":[{"embeddable":true,"href":"https:\/\/soydeaqui.ddns.net\/pachuca\/index.php\/wp-json\/wp\/v2\/comments?post=53088"}],"wp:featuredmedia":[{"embeddable":true,"href":"https:\/\/soydeaqui.ddns.net\/pachuca\/index.php\/wp-json\/wp\/v2\/media\/53087"}],"wp:attachment":[{"href":"https:\/\/soydeaqui.ddns.net\/pachuca\/index.php\/wp-json\/wp\/v2\/media?parent=53088"}],"wp:term":[{"taxonomy":"product_brand","embeddable":true,"href":"https:\/\/soydeaqui.ddns.net\/pachuca\/index.php\/wp-json\/wp\/v2\/product_brand?post=53088"},{"taxonomy":"product_cat","embeddable":true,"href":"https:\/\/soydeaqui.ddns.net\/pachuca\/index.php\/wp-json\/wp\/v2\/product_cat?post=53088"},{"taxonomy":"product_tag","embeddable":true,"href":"https:\/\/soydeaqui.ddns.net\/pachuca\/index.php\/wp-json\/wp\/v2\/product_tag?post=53088"}],"curies":[{"name":"wp","href":"https:\/\/api.w.org\/{rel}","templated":true}]}}