{"id":53016,"date":"2026-03-18T23:53:49","date_gmt":"2026-03-18T23:53:49","guid":{"rendered":"https:\/\/soydeaqui.ddns.net\/pachuca\/index.php\/producto\/burbuja-rotoled-color-rojo-con-montaje-permanente\/"},"modified":"2026-03-18T23:53:56","modified_gmt":"2026-03-18T23:53:56","slug":"burbuja-rotoled-color-rojo-con-montaje-permanente","status":"publish","type":"product","link":"https:\/\/soydeaqui.ddns.net\/pachuca\/index.php\/producto\/burbuja-rotoled-color-rojo-con-montaje-permanente\/","title":{"rendered":"Burbuja rotoled color rojo, con montaje permanente"},"content":{"rendered":"<div style='width: 100%; max-width: 1200px; margin: 0 auto; font-family: sans-serif; line-height: 1.6; color: inherit; background-color: transparent;'> <!-- Secci\u00f3n de descripci\u00f3n --> <\/p>\n<div style='margin-bottom: 30px;'>\n<h3 style='font-size: 22px; border-bottom: 2px solid currentColor; padding-bottom: 5px; margin-top: 0; color: inherit; opacity: 0.8;'>Burbuja RotoLED<\/h3>\n<p style='font-size: 15px; color: inherit; margin-bottom: 15px;'>La baliza de la serie 7660 combina todos los beneficios principales de los \u00faltimos LED con la inconfundible se\u00f1al de advertencia de un rotador&comma; todo ello sin comprometer la confiabilidad. La tecnolog\u00eda h\u00edbrida LED utiliza un sistema de accionamiento magn\u00e9tico sin escobillas para girar el disco reflector&comma; reduciendo el ruido y eliminando los inconvenientes t\u00edpicos del motor \/ engranaje asociados con los rotadores convencionales. El 7660 tambi\u00e9n cuenta con ocho LED de alta intensidad y una \u00f3ptica TIR para proporcionar una salida de luz de clase I de SAE. Los beneficios adicionales incluyen un consumo de amperaje bajo&comma; vida \u00fatil prolongada sin servicio y una<\/p>\n<\/p><\/div>\n<p> <!-- Secci\u00f3n de caracter\u00edsticas --> <\/p>\n<div style='display: flex; flex-wrap: wrap; gap: 30px; margin-bottom: 30px;'>\n<div style='flex: 1 1 300px; min-width: 280px;'>\n<h3 style='font-size: 22px; border-bottom: 2px solid currentColor; padding-bottom: 5px; margin-top: 0; color: inherit; opacity: 0.8;'>Caracter\u00edsticas<\/h3>\n<ul style='padding-left: 20px; font-size: 15px; color: inherit;'>\n<li style='margin-bottom: 5px;'>1 Patrones de destello<\/li>\n<li style='margin-bottom: 5px;'>2 velocidades de rotacion diferentes<\/li>\n<li style='margin-bottom: 5px;'>Base reforzada de Polipropileno<\/li>\n<li style='margin-bottom: 5px;'>Domo de policarbonato color \u00c1mbar<\/li>\n<li style='margin-bottom: 5px;'>Cuenta con 8 LED de alta intensidad<\/li>\n<li style='margin-bottom: 5px;'>Montaje Permanente<\/li>\n<li style='margin-bottom: 5px;'>Cumplimiento Norma SAE J845 Clase I<\/li>\n<li style='margin-bottom: 5px;'>5 A\u00f1os de Garant\u00eda<\/li>\n<\/ul><\/div>\n<\/p><\/div>\n<p> <!-- Secci\u00f3n de especificaciones t\u00e9cnicas --> <\/p>\n<div style='display: flex; flex-wrap: wrap; gap: 30px; margin-bottom: 30px;'>\n<div style='flex: 1 1 300px; min-width: 280px;'>\n<h3 style='font-size: 22px; border-bottom: 2px solid currentColor; padding-bottom: 5px; margin-top: 0; color: inherit; opacity: 0.8;'>Especificaciones T\u00e9cnicas<\/h3>\n<ul style='padding-left: 20px; font-size: 15px; color: inherit;'>\n<li style='margin-bottom: 5px;'><strong>Voltaje:<\/strong> 12-24 Vcc<\/li>\n<li style='margin-bottom: 5px;'><strong>Consumo:<\/strong> 1.3 Amp<\/li>\n<li style='margin-bottom: 5px;'><strong>Medidas:<\/strong> 156mm x 165mm Di\u00e1metro<\/li>\n<\/ul><\/div>\n<\/p><\/div>\n<p> <!-- Separador --> <\/p>\n<hr style='border: 0; border-top: 1px solid rgba(150&comma; 150&comma; 150&comma; 0.3); margin: 30px 0;'> <\/div>\n","protected":false},"excerpt":{"rendered":"<p>Burbuja rotoled color rojo, con montaje permanente<\/p>\n","protected":false},"featured_media":53015,"comment_status":"open","ping_status":"closed","template":"","meta":[],"product_brand":[],"product_cat":[499],"product_tag":[502,500,501],"class_list":{"0":"post-53016","1":"product","2":"type-product","3":"status-publish","4":"has-post-thumbnail","6":"product_cat-rojo-azul-verde","7":"product_tag-ecco","8":"product_tag-estrobos-burbujas-vehiculares","9":"product_tag-rojo-azul-verde","11":"first","12":"instock","13":"sale","14":"shipping-taxable","15":"purchasable","16":"product-type-simple"},"_links":{"self":[{"href":"https:\/\/soydeaqui.ddns.net\/pachuca\/index.php\/wp-json\/wp\/v2\/product\/53016","targetHints":{"allow":["GET"]}}],"collection":[{"href":"https:\/\/soydeaqui.ddns.net\/pachuca\/index.php\/wp-json\/wp\/v2\/product"}],"about":[{"href":"https:\/\/soydeaqui.ddns.net\/pachuca\/index.php\/wp-json\/wp\/v2\/types\/product"}],"replies":[{"embeddable":true,"href":"https:\/\/soydeaqui.ddns.net\/pachuca\/index.php\/wp-json\/wp\/v2\/comments?post=53016"}],"wp:featuredmedia":[{"embeddable":true,"href":"https:\/\/soydeaqui.ddns.net\/pachuca\/index.php\/wp-json\/wp\/v2\/media\/53015"}],"wp:attachment":[{"href":"https:\/\/soydeaqui.ddns.net\/pachuca\/index.php\/wp-json\/wp\/v2\/media?parent=53016"}],"wp:term":[{"taxonomy":"product_brand","embeddable":true,"href":"https:\/\/soydeaqui.ddns.net\/pachuca\/index.php\/wp-json\/wp\/v2\/product_brand?post=53016"},{"taxonomy":"product_cat","embeddable":true,"href":"https:\/\/soydeaqui.ddns.net\/pachuca\/index.php\/wp-json\/wp\/v2\/product_cat?post=53016"},{"taxonomy":"product_tag","embeddable":true,"href":"https:\/\/soydeaqui.ddns.net\/pachuca\/index.php\/wp-json\/wp\/v2\/product_tag?post=53016"}],"curies":[{"name":"wp","href":"https:\/\/api.w.org\/{rel}","templated":true}]}}