{"id":52992,"date":"2026-03-18T23:52:59","date_gmt":"2026-03-18T23:52:59","guid":{"rendered":"https:\/\/soydeaqui.ddns.net\/pachuca\/index.php\/producto\/arnes-para-conector-obd-compatible-con-modelos-tco4lcv-y-tco4lcv3g\/"},"modified":"2026-03-18T23:53:09","modified_gmt":"2026-03-18T23:53:09","slug":"arnes-para-conector-obd-compatible-con-modelos-tco4lcv-y-tco4lcv3g","status":"publish","type":"product","link":"https:\/\/soydeaqui.ddns.net\/pachuca\/index.php\/producto\/arnes-para-conector-obd-compatible-con-modelos-tco4lcv-y-tco4lcv3g\/","title":{"rendered":"Arnes para conector OBD compatible con modelos TCO4LCV y TCO4LCV3G"},"content":{"rendered":"<div style='width: 100%; max-width: 1200px; margin: 0 auto; font-family: sans-serif; line-height: 1.6; color: inherit; background-color: transparent;'>\n<div style='display: flex; flex-wrap: wrap; gap: 30px; margin-bottom: 30px;'>\n<div style='flex: 1 1 300px; min-width: 280px;'>\n<h3 style='font-size: 22px; border-bottom: 2px solid currentColor; padding-bottom: 5px; margin-top: 0; color: inherit; opacity: 0.8;'>Caracter\u00edsticas principales<\/h3>\n<ul style='padding-left: 20px; font-size: 15px; color: inherit;'>\n<li style='margin-bottom: 5px;'>Localizador vehicular 3G<\/li>\n<li style='margin-bottom: 5px;'>Instalaci\u00f3n r\u00e1pida y sencilla en veh\u00edculos comerciales ligeros<\/li>\n<li style='margin-bottom: 5px;'>Lectura de datos CANbus mediante conexi\u00f3n OBD2<\/li>\n<li style='margin-bottom: 5px;'>Puede utilizarse como fuente de alimentaci\u00f3n<\/li>\n<li style='margin-bottom: 5px;'>Instalaci\u00f3n profesional con minimizaci\u00f3n de riesgos<\/li>\n<\/ul><\/div>\n<div style='flex: 1 1 300px; min-width: 280px;'>\n<h3 style='font-size: 22px; border-bottom: 2px solid currentColor; padding-bottom: 5px; margin-top: 0; color: inherit; opacity: 0.8;'>Especificaciones el\u00e9ctricas<\/h3>\n<ul style='padding-left: 20px; font-size: 15px; color: inherit;'>\n<li style='margin-bottom: 5px;'><strong>Rango de voltaje:<\/strong> Hasta 32V DC<\/li>\n<li style='margin-bottom: 5px;'><strong>\u00c1rea de secci\u00f3n transversal del cable:<\/strong> 0.5 mm\u00b2 (20 AWG)<\/li>\n<\/ul><\/div>\n<div style='flex: 1 1 300px; min-width: 280px;'>\n<h3 style='font-size: 22px; border-bottom: 2px solid currentColor; padding-bottom: 5px; margin-top: 0; color: inherit; opacity: 0.8;'>Especificaciones f\u00edsicas<\/h3>\n<ul style='padding-left: 20px; font-size: 15px; color: inherit;'>\n<li style='margin-bottom: 5px;'><strong>Conector:<\/strong> OBD2 (Tipo B 24V&comma; 16 pines)<\/li>\n<li style='margin-bottom: 5px;'><strong>Longitud del cable:<\/strong> 1 metro<\/li>\n<li style='margin-bottom: 5px;'><strong>Longitud del cable de accesorio:<\/strong> 1 metro<\/li>\n<\/ul><\/div>\n<div style='flex: 1 1 300px; min-width: 280px;'>\n<h3 style='font-size: 22px; border-bottom: 2px solid currentColor; padding-bottom: 5px; margin-top: 0; color: inherit; opacity: 0.8;'>Especificaciones ambientales<\/h3>\n<ul style='padding-left: 20px; font-size: 15px; color: inherit;'>\n<li style='margin-bottom: 5px;'><strong>Rango de temperatura:<\/strong> -35\u00b0C a +75\u00b0C<\/li>\n<\/ul><\/div>\n<\/p><\/div>\n<div style='display: flex; flex-wrap: wrap; gap: 20px; margin-bottom: 30px;'>\n<div style='flex: 1 1 250px; border: 1px solid rgba(150&comma; 150&comma; 150&comma; 0.4); border-radius: 8px; overflow: hidden; display: flex; flex-direction: column;'>\n<div style='padding: 15px; border-bottom: 1px solid rgba(150&comma; 150&comma; 150&comma; 0.2); font-weight: bold; font-size: 18px; color: inherit;'>Compatibilidad<\/div>\n<div style='padding: 15px; color: inherit;'>\n<ul style='padding-left: 20px; margin: 0; font-size: 14px; list-style-type: disc; color: inherit;'>\n<li style='margin-bottom: 5px;'>FM-Tco4 LCV: S\u00ed<\/li>\n<li style='margin-bottom: 5px;'>FM-Tco4 LCV3G: S\u00ed<\/li>\n<li style='margin-bottom: 5px;'>FM-Pro4: No<\/li>\n<li style='margin-bottom: 5px;'>FM-Eco4: No<\/li>\n<li style='margin-bottom: 5px;'>FM-Eco4 S: No<\/li>\n<li style='margin-bottom: 5px;'>FM-Eco4 light: No<\/li>\n<li style='margin-bottom: 5px;'>FM-Eco4 light S: No<\/li>\n<li style='margin-bottom: 5px;'>FM-Plug4: No<\/li>\n<\/ul><\/div>\n<\/p><\/div>\n<div style='flex: 1 1 250px; border: 1px solid rgba(150&comma; 150&comma; 150&comma; 0.4); border-radius: 8px; overflow: hidden; display: flex; flex-direction: column;'>\n<div style='padding: 15px; border-bottom: 1px solid rgba(150&comma; 150&comma; 150&comma; 0.2); font-weight: bold; font-size: 18px; color: inherit;'>Conector OBD2<\/div>\n<div style='padding: 15px; color: inherit;'>\n<ul style='padding-left: 20px; margin: 0; font-size: 14px; list-style-type: disc; color: inherit;'>\n<li style='margin-bottom: 5px;'><strong>Conector:<\/strong> 12 pines<\/li>\n<li style='margin-bottom: 5px;'><strong>Pines:<\/strong><\/li>\n<\/ul>\n<ul style='padding-left: 40px; margin: 0; font-size: 14px; list-style-type: circle; color: inherit;'>\n<li style='margin-bottom: 5px;'>1 &#8211; Amarillo &#8211; Ignici\u00f3n<\/li>\n<li style='margin-bottom: 5px;'>4 &#8211; Negro &#8211; Tierra<\/li>\n<li style='margin-bottom: 5px;'>6 &#8211; Blanco\/Rojo &#8211; CAN High<\/li>\n<li style='margin-bottom: 5px;'>14 &#8211; Azul\/Rojo &#8211; CAN Low<\/li>\n<li style='margin-bottom: 5px;'>16 &#8211; Rojo &#8211; Alimentaci\u00f3n<\/li>\n<\/ul><\/div>\n<\/p><\/div>\n<\/p><\/div>\n<hr style='border: 0; border-top: 1px solid rgba(150&comma; 150&comma; 150&comma; 0.3); margin: 30px 0;'>\n<div style='margin-bottom: 30px;'>\n<h3 style='font-size: 22px; border-bottom: 2px solid currentColor; padding-bottom: 5px; margin-top: 0; color: inherit; opacity: 0.8;'>Advertencias<\/h3>\n<p style='color: inherit; font-size: 15px; margin-bottom: 15px;'>El equipo en desuso no debe eliminarse junto con otros residuos dom\u00e9sticos. El producto debe llevarse a puntos de recogida separados al finalizar su vida \u00fatil.<\/p>\n<\/p><\/div>\n<\/p><\/div>\n","protected":false},"excerpt":{"rendered":"<p>Arnes para conector OBD compatible con modelos TCO4LCV y TCO4LCV3G<\/p>\n","protected":false},"featured_media":52991,"comment_status":"open","ping_status":"closed","template":"","meta":[],"product_brand":[],"product_cat":[1348,1346],"product_tag":[93,1350,1349,1351],"class_list":{"0":"post-52992","1":"product","2":"type-product","3":"status-publish","4":"has-post-thumbnail","6":"product_cat-accesorios-gps-y-telematica","7":"product_cat-iot","8":"product_tag-accesorios","9":"product_tag-gps-y-telematica","10":"product_tag-iot","11":"product_tag-ruptela","13":"first","14":"outofstock","15":"sale","16":"shipping-taxable","17":"purchasable","18":"product-type-simple"},"_links":{"self":[{"href":"https:\/\/soydeaqui.ddns.net\/pachuca\/index.php\/wp-json\/wp\/v2\/product\/52992","targetHints":{"allow":["GET"]}}],"collection":[{"href":"https:\/\/soydeaqui.ddns.net\/pachuca\/index.php\/wp-json\/wp\/v2\/product"}],"about":[{"href":"https:\/\/soydeaqui.ddns.net\/pachuca\/index.php\/wp-json\/wp\/v2\/types\/product"}],"replies":[{"embeddable":true,"href":"https:\/\/soydeaqui.ddns.net\/pachuca\/index.php\/wp-json\/wp\/v2\/comments?post=52992"}],"wp:featuredmedia":[{"embeddable":true,"href":"https:\/\/soydeaqui.ddns.net\/pachuca\/index.php\/wp-json\/wp\/v2\/media\/52991"}],"wp:attachment":[{"href":"https:\/\/soydeaqui.ddns.net\/pachuca\/index.php\/wp-json\/wp\/v2\/media?parent=52992"}],"wp:term":[{"taxonomy":"product_brand","embeddable":true,"href":"https:\/\/soydeaqui.ddns.net\/pachuca\/index.php\/wp-json\/wp\/v2\/product_brand?post=52992"},{"taxonomy":"product_cat","embeddable":true,"href":"https:\/\/soydeaqui.ddns.net\/pachuca\/index.php\/wp-json\/wp\/v2\/product_cat?post=52992"},{"taxonomy":"product_tag","embeddable":true,"href":"https:\/\/soydeaqui.ddns.net\/pachuca\/index.php\/wp-json\/wp\/v2\/product_tag?post=52992"}],"curies":[{"name":"wp","href":"https:\/\/api.w.org\/{rel}","templated":true}]}}