{"id":52972,"date":"2026-03-18T23:52:19","date_gmt":"2026-03-18T23:52:19","guid":{"rendered":"https:\/\/soydeaqui.ddns.net\/pachuca\/index.php\/producto\/rastreador-gps-2g-y-3g-sos-relay-microfono-y-primer-ano-de-plataforma-tracksolid-incluida-compatible-con-usfscx-sensor-de-combustible-ultrasonico\/"},"modified":"2026-03-18T23:52:22","modified_gmt":"2026-03-18T23:52:22","slug":"rastreador-gps-2g-y-3g-sos-relay-microfono-y-primer-ano-de-plataforma-tracksolid-incluida-compatible-con-usfscx-sensor-de-combustible-ultrasonico","status":"publish","type":"product","link":"https:\/\/soydeaqui.ddns.net\/pachuca\/index.php\/producto\/rastreador-gps-2g-y-3g-sos-relay-microfono-y-primer-ano-de-plataforma-tracksolid-incluida-compatible-con-usfscx-sensor-de-combustible-ultrasonico\/","title":{"rendered":"Rastreador GPS 2G y 3G \/ SOS \/ Relay &#8211; Microfono y primer a\u00f1o de plataforma TrackSolid incluida \/ Compatible con USFSCX (Sensor de Combustible Ultrasonico)"},"content":{"rendered":"<div style='width: 100%; max-width: 1200px; margin: 0 auto; font-family: sans-serif; line-height: 1.6; color: inherit; background-color: transparent;'> <!-- Aviso de licencia --> <\/p>\n<div style='background-color: #fff8e6; border-left: 4px solid #d35400; padding: 15px; margin-bottom: 20px; border-radius: 8px;'>\n<p style='margin: 0; font-size: 15px; color: inherit;'> <strong>NOTA:<\/strong> La licencia gratuita se activar\u00e1 de 24 a 48 horas h\u00e1biles despu\u00e9s de enviar la solicitud a <a href='mailto:licencias@syscom.mx' style='color: #0070c0; text-decoration: underline;'>licencias@syscom.mx<\/a> <\/p>\n<\/p><\/div>\n<p> <!-- Enlace p\u00e1gina de ayuda --> <\/p>\n<div style='margin-bottom: 20px;'> <a href='https:\/\/www.syscom.mx\/singlepage\/concox' style='display: block; font-size: 18px; color: #0070c0; text-decoration: none; font-weight: bold;'> P\u00e1gina de ayuda Concox (Dar clic aqu\u00ed) <\/a> <\/div>\n<p> <!-- Enlace certificaci\u00f3n --> <\/p>\n<div style='margin-bottom: 20px;'> <a href='https:\/\/www.syscom.mx\/producto\/EXPERTGPS-SYSCOM-75217.html' style='display: block; font-size: 18px; color: #0070c0; text-decoration: none; font-weight: bold;'> \u00bfQuieres certificarte en dispositivos Concox? (Dar clic aqu\u00ed) <\/a> <\/div>\n<p> <!-- Descripci\u00f3n principal --> <\/p>\n<div style='margin-bottom: 30px;'>\n<p style='font-size: 15px; margin: 0 0 15px; color: inherit;'> Concox GT06E es un rastreador inteligente con tecnolog\u00eda de red 3G&comma; antena satelital y antena GSM internas&comma; relevador&comma; bot\u00f3n de p\u00e1nico y micr\u00f3fono incluido. Estas caracter\u00edsticas lo hacen perfecto para la log\u00edstica&comma; flota y gesti\u00f3n de autom\u00f3viles de renta. <\/p>\n<p> <!-- Caracter\u00edsticas principales --> <\/p>\n<div style='display: flex; flex-wrap: wrap; gap: 15px; margin-top: 15px;'>\n<div style='flex: 1 1 200px; min-width: 150px; background: rgba(150&comma;150&comma;150&comma;0.05); border: 1px solid rgba(150&comma;150&comma;150&comma;0.2); border-radius: 8px; padding: 15px;'>\n<h3 style='font-size: 16px; margin-top: 0; margin-bottom: 10px; color: inherit;'>Caracter\u00edsticas<\/h3>\n<ul style='padding-left: 20px; margin: 0; font-size: 14px; list-style-type: disc; color: inherit;'>\n<li style='margin-bottom: 5px;'>Alarmas m\u00faltiples<\/li>\n<li style='margin-bottom: 5px;'>Paro de motor v\u00eda remota<\/li>\n<li style='margin-bottom: 5px;'>Llamada de emergencia SOS<\/li>\n<li style='margin-bottom: 5px;'>Monitoreo de voz<\/li>\n<li style='margin-bottom: 0;'>Funci\u00f3n Find<\/li>\n<\/ul><\/div>\n<div style='flex: 1 1 200px; min-width: 150px; background: rgba(150&comma;150&comma;150&comma;0.05); border: 1px solid rgba(150&comma;150&comma;150&comma;0.2); border-radius: 8px; padding: 15px;'>\n<h3 style='font-size: 16px; margin-top: 0; margin-bottom: 10px; color: inherit;'>Requisito SIM<\/h3>\n<p style='margin: 0; font-size: 14px; color: inherit;'> Utiliza un SIM de datos tama\u00f1o est\u00e1ndar para la comunicaci\u00f3n <\/p>\n<\/p><\/div>\n<div style='flex: 1 1 200px; min-width: 150px; background: rgba(150&comma;150&comma;150&comma;0.05); border: 1px solid rgba(150&comma;150&comma;150&comma;0.2); border-radius: 8px; padding: 15px;'>\n<h3 style='font-size: 16px; margin-top: 0; margin-bottom: 10px; color: inherit;'>Programaci\u00f3n<\/h3>\n<p style='margin: 0; font-size: 14px; color: inherit;'> Programaci\u00f3n de 2 v\u00edas con software y cable <a href='https:\/\/www.syscom.mx\/producto\/GT06EUSB-CONCOX-174636.html' style='color: #0070c0; text-decoration: underline;'>GT06EUSB<\/a> y SMS <\/p>\n<p style='margin-top: 10px; font-size: 14px; color: inherit;'> Nota: no incluye cable de programaci\u00f3n <a href='https:\/\/www.syscom.mx\/producto\/GT06EUSB-CONCOX-174636.html' style='color: #0070c0; text-decoration: underline;'>GT06EUSB<\/a> <\/p>\n<\/p><\/div>\n<\/p><\/div>\n<p> <!-- Funci\u00f3n FIND --> <\/p>\n<div style='margin-top: 15px;'>\n<p style='font-size: 14px; margin: 0; color: inherit;'> La funci\u00f3n FIND te ayudar\u00e1 a encontrar tu veh\u00edculo en estacionamientos ya que por medio de conexiones encender\u00e1 luces y claxon del veh\u00edculo. <\/p>\n<\/p><\/div>\n<\/p><\/div>\n<p> <!-- Alertas --> <\/p>\n<div style='margin-bottom: 30px;'>\n<h3 style='font-size: 18px; margin-top: 0; margin-bottom: 15px; color: inherit; border-bottom: 2px solid rgba(150&comma;150&comma;150&comma;0.3); padding-bottom: 5px;'> Tipos de alertas <\/h3>\n<ul style='padding-left: 20px; margin: 0; font-size: 14px; list-style-type: disc; color: inherit;'>\n<li style='margin-bottom: 5px;'>Alerta por vibraci\u00f3n<\/li>\n<li style='margin-bottom: 5px;'>Alerta por movimiento<\/li>\n<li style='margin-bottom: 5px;'>Alerta de p\u00e1nico<\/li>\n<li style='margin-bottom: 5px;'>Alerta por giro brusco<\/li>\n<li style='margin-bottom: 5px;'>Alerta por aceleraci\u00f3n brusca<\/li>\n<li style='margin-bottom: 5px;'>Alerta por apertura de puerta<\/li>\n<li style='margin-bottom: 5px;'>Alerta por exceso de velocidad<\/li>\n<li style='margin-bottom: 5px;'>Alerta por encendido de su veh\u00edculo<\/li>\n<li style='margin-bottom: 5px;'>Alerta por bater\u00eda baja<\/li>\n<li style='margin-bottom: 5px;'>Entre otras<\/li>\n<\/ul>\n<p style='margin-top: 15px; font-size: 14px; color: inherit;'> Estas alertas las recibir\u00e1 por medio de mensaje SMS&comma; notificaci\u00f3n en la aplicaci\u00f3n m\u00f3vil utilizando la plataforma de rastreo&comma; o bien por llamada&comma; seg\u00fan la programaci\u00f3n del dispositivo deseada. <\/p>\n<\/p><\/div>\n<p> <!-- Especificaciones --> <\/p>\n<div style='margin-bottom: 30px;'>\n<h3 style='font-size: 18px; margin-top: 0; margin-bottom: 15px; color: inherit; border-bottom: 2px solid rgba(150&comma;150&comma;150&comma;0.3); padding-bottom: 5px;'> Especificaciones <\/h3>\n<ul style='padding-left: 20px; margin: 0; font-size: 14px; list-style-type: disc; color: inherit;'>\n<li style='margin-bottom: 5px;'>1 Entrada Digital para sensar ignici\u00f3n<\/li>\n<li style='margin-bottom: 5px;'>1 Entrada Digital para sensar puerta<\/li>\n<li style='margin-bottom: 5px;'>1 Entrada An\u00e1loga<\/li>\n<li style='margin-bottom: 5px;'>1 Salida para Corte de Motor<\/li>\n<li style='margin-bottom: 5px;'>1 Salida para funci\u00f3n FIND<\/li>\n<li style='margin-bottom: 5px;'>Voltaje 9 a 36 Vcc<\/li>\n<li style='margin-bottom: 5px;'>300mA<\/li>\n<li style='margin-bottom: 5px;'>Dimensiones 98.5 x 52 x 15 mm<\/li>\n<li style='margin-bottom: 5px;'>Frecuencias 850\/ 900\/ 1800\/ 1900MHz<\/li>\n<li style='margin-bottom: 5px;'>Peso 80g<\/li>\n<li style='margin-bottom: 5px;'>Bater\u00eda de respaldo interna de 450mAh<\/li>\n<\/ul><\/div>\n<p> <!-- Plataformas de conexi\u00f3n --> <\/p>\n<div style='margin-bottom: 30px;'>\n<h3 style='font-size: 18px; margin-top: 0; margin-bottom: 15px; color: inherit; border-bottom: 2px solid rgba(150&comma;150&comma;150&comma;0.3); padding-bottom: 5px;'> Conexi\u00f3n a plataforma <\/h3>\n<div style='display: flex; flex-wrap: wrap; gap: 20px;'>\n<div style='flex: 1 1 250px; min-width: 200px;'>\n<h4 style='margin-top: 0; margin-bottom: 8px; font-size: 16px; color: inherit;'>TRACKSOLIDPRO<\/h4>\n<ul style='padding-left: 20px; margin: 0; font-size: 14px; list-style-type: none; color: inherit;'>\n<li style='margin-bottom: 5px;'>IP: 47.89.58.215<\/li>\n<li style='margin-bottom: 5px;'>Puerto para GT06E: 21100<\/li>\n<\/ul><\/div>\n<div style='flex: 1 1 250px; min-width: 200px;'>\n<h4 style='margin-top: 0; margin-bottom: 8px; font-size: 16px; color: inherit;'>EPCOMGPS<\/h4>\n<ul style='padding-left: 20px; margin: 0; font-size: 14px; list-style-type: none; color: inherit;'>\n<li style='margin-bottom: 5px;'>IP: 193.193.165.165<\/li>\n<li style='margin-bottom: 5px;'>Puerto para GT06E: 21143<\/li>\n<\/ul><\/div>\n<\/p><\/div>\n<\/p><\/div>\n<p> <!-- Nota SIM --> <\/p>\n<div style='margin-bottom: 30px;'>\n<p style='font-size: 14px; margin: 0; color: inherit; font-weight: bold;'> NOTA: Para productos Concox no se recomienda el SIM30M2M&comma; MICSIM30M2M <\/p>\n<\/p><\/div>\n<p> <!-- Videos de YouTube --> <\/p>\n<div style='margin-bottom: 30px;'>\n<h3 style='font-size: 18px; margin-top: 0; margin-bottom: 15px; color: inherit; border-bottom: 2px solid rgba(150&comma;150&comma;150&comma;0.3); padding-bottom: 5px;'> Videos de referencia <\/h3>\n<div style='display: flex; flex-wrap: wrap; gap: 20px;'>\n<div style='flex: 1 1 560px; min-width: 300px;'>\n<div style='position: relative; padding-bottom: 56.25%; height: 0; overflow: hidden;'>   <\/div>\n<\/p><\/div>\n<div style='flex: 1 1 560px; min-width: 300px;'>\n<div style='position: relative; padding-bottom: 56.25%; height: 0; overflow: hidden;'>   <\/div>\n<\/p><\/div>\n<div style='flex: 1 1 560px; min-width: 300px;'>\n<div style='position: relative; padding-bottom: 56.25%; height: 0; overflow: hidden;'>   <\/div>\n<\/p><\/div>\n<div style='flex: 1 1 560px; min-width: 300px;'>\n<div style='position: relative; padding-bottom: 56.25%; height: 0; overflow: hidden;'>   <\/div>\n<\/p><\/div>\n<\/p><\/div>\n<\/p><\/div>\n<\/p><\/div>\n","protected":false},"excerpt":{"rendered":"<p>Rastreador GPS 2G y 3G \/ SOS \/ Relay &#8211; Microfono y primer a\u00f1o de plataforma TrackSolid incluida \/ Compatible con USFSCX (Sensor de Combustible Ultrasonico)<\/p>\n","protected":false},"featured_media":52971,"comment_status":"open","ping_status":"closed","template":"","meta":[],"product_brand":[],"product_cat":[1346,1388],"product_tag":[1350,1349,1420,1389],"class_list":{"0":"post-52972","1":"product","2":"type-product","3":"status-publish","4":"has-post-thumbnail","6":"product_cat-iot","7":"product_cat-trackers-gps","8":"product_tag-gps-y-telematica","9":"product_tag-iot","10":"product_tag-jimiiot","11":"product_tag-trackers-gps","13":"first","14":"outofstock","15":"sale","16":"shipping-taxable","17":"purchasable","18":"product-type-simple"},"_links":{"self":[{"href":"https:\/\/soydeaqui.ddns.net\/pachuca\/index.php\/wp-json\/wp\/v2\/product\/52972","targetHints":{"allow":["GET"]}}],"collection":[{"href":"https:\/\/soydeaqui.ddns.net\/pachuca\/index.php\/wp-json\/wp\/v2\/product"}],"about":[{"href":"https:\/\/soydeaqui.ddns.net\/pachuca\/index.php\/wp-json\/wp\/v2\/types\/product"}],"replies":[{"embeddable":true,"href":"https:\/\/soydeaqui.ddns.net\/pachuca\/index.php\/wp-json\/wp\/v2\/comments?post=52972"}],"wp:featuredmedia":[{"embeddable":true,"href":"https:\/\/soydeaqui.ddns.net\/pachuca\/index.php\/wp-json\/wp\/v2\/media\/52971"}],"wp:attachment":[{"href":"https:\/\/soydeaqui.ddns.net\/pachuca\/index.php\/wp-json\/wp\/v2\/media?parent=52972"}],"wp:term":[{"taxonomy":"product_brand","embeddable":true,"href":"https:\/\/soydeaqui.ddns.net\/pachuca\/index.php\/wp-json\/wp\/v2\/product_brand?post=52972"},{"taxonomy":"product_cat","embeddable":true,"href":"https:\/\/soydeaqui.ddns.net\/pachuca\/index.php\/wp-json\/wp\/v2\/product_cat?post=52972"},{"taxonomy":"product_tag","embeddable":true,"href":"https:\/\/soydeaqui.ddns.net\/pachuca\/index.php\/wp-json\/wp\/v2\/product_tag?post=52972"}],"curies":[{"name":"wp","href":"https:\/\/api.w.org\/{rel}","templated":true}]}}