{"id":5290,"date":"2026-03-18T06:29:31","date_gmt":"2026-03-18T06:29:31","guid":{"rendered":"https:\/\/soydeaqui.ddns.net\/pachuca\/index.php\/producto\/modulo-de-relevador-contacto-seco-con-tecnologia-inalambrica-z-wave-compatible-con-hub-hc7-panel-de-alarma-l5210-l7000-total-connect-y-alarm-com\/"},"modified":"2026-03-18T06:29:31","modified_gmt":"2026-03-18T06:29:31","slug":"modulo-de-relevador-contacto-seco-con-tecnologia-inalambrica-z-wave-compatible-con-hub-hc7-panel-de-alarma-l5210-l7000-total-connect-y-alarm-com","status":"publish","type":"product","link":"https:\/\/soydeaqui.ddns.net\/pachuca\/index.php\/producto\/modulo-de-relevador-contacto-seco-con-tecnologia-inalambrica-z-wave-compatible-con-hub-hc7-panel-de-alarma-l5210-l7000-total-connect-y-alarm-com\/","title":{"rendered":"Modulo de relevador contacto seco con tecnologia inalambrica Z-WAVE, compatible con HUB HC7, panel de alarma L5210, L7000, Total Connect  y Alarm.Com"},"content":{"rendered":"<div style='width: 100%; max-width: 1200px; margin: 0 auto; font-family: sans-serif; line-height: 1.6; color: inherit; background-color: transparent;'>\n<div style='display: flex; flex-wrap: wrap; gap: 30px; margin-bottom: 30px;'>\n<div style='flex: 1 1 300px; min-width: 280px;'>\n<h3 style='font-size: 22px; border-bottom: 2px solid currentColor; padding-bottom: 5px; margin-top: 0; color: inherit; opacity: 0.8;'>Caracter\u00edsticas del equipo<\/h3>\n<ul style='padding-left: 20px; font-size: 15px; color: inherit;'>\n<li style='margin-bottom: 5px;'>Relevador con salida de contacto seco.<\/li>\n<li style='margin-bottom: 5px;'>Oculto en pared u caja electrica.<\/li>\n<li style='margin-bottom: 5px;'>Para uso en interior.<\/li>\n<li style='margin-bottom: 5px;'>Color blanco.<\/li>\n<li style='margin-bottom: 5px;'>Dimersiones: 47.5&#215;39.0x15.6mm<\/li>\n<li style='margin-bottom: 5px;'>Dise\u00f1o compacto y facil de instalar.<\/li>\n<\/ul><\/div>\n<div style='flex: 1 1 300px; min-width: 280px;'>\n<h3 style='font-size: 22px; border-bottom: 2px solid currentColor; padding-bottom: 5px; margin-top: 0; color: inherit; opacity: 0.8;'>Caracter\u00edsticas El\u00e9ctricas<\/h3>\n<ul style='padding-left: 20px; font-size: 15px; color: inherit;'>\n<li style='margin-bottom: 5px;'>Energ\u00eda: AC100~240V \/ DC24~60V.<\/li>\n<li style='margin-bottom: 5px;'>Maxima carga: 6A x 2<\/li>\n<li style='margin-bottom: 5px;'>Se\u00f1al (Frecuencia): 868.42\/ 908.42Mhz<\/li>\n<li style='margin-bottom: 5px;'>Rango de temperatura de funcionamiento: 0-40\u00b0C.<\/li>\n<li style='margin-bottom: 5px;'>Tecnologia inalambrica Zwave.<\/li>\n<li style='margin-bottom: 5px;'>Alcance: Hasta 20.5m en l\u00ednea de visi\u00f3n directa entre el control remoto inal\u00e1mbrico y el m\u00f3dulo receptor Z&#8211; Wave m\u00e1s cercano.<\/li>\n<\/ul><\/div>\n<div style='flex: 1 1 300px; min-width: 280px;'>\n<h3 style='font-size: 22px; border-bottom: 2px solid currentColor; padding-bottom: 5px; margin-top: 0; color: inherit; opacity: 0.8;'>Compatibilidad en Controladores HUB<\/h3>\n<ul style='padding-left: 20px; font-size: 15px; color: inherit;'>\n<li style='margin-bottom: 5px;'>Compatible con HUBITAT modelo <strong>HC7<\/strong>.<\/li>\n<li style='margin-bottom: 5px;'>Serie panel <strong>Lynx L700<\/strong> y sus elementos de Totacl Connect.<\/li>\n<li style='margin-bottom: 5px;'>Compatible con plataforma Alarm.com <strong>VISTA20P\/ALARM.COM<\/strong><\/li>\n<li style='margin-bottom: 5px;'>Y otros en el mercado.<\/li>\n<\/ul><\/div>\n<\/p><\/div>\n<div style='position: relative; padding-bottom: 56.25%; height: 0; overflow: hidden; margin-bottom: 30px;'>   <\/div>\n<div style='text-align: center; margin: 30px 0;'> <img style='width: 100%; height: auto; border: 1px solid rgba(150&comma;150&comma;150&comma;0.3); border-radius: 8px;' src='http:\/\/ftp3.syscom.mx\/usuarios\/mbarrio\/jasco\/alc2.jpg' alt=''> <\/div>\n<hr style='border: 0; border-top: 1px solid rgba(150&comma; 150&comma; 150&comma; 0.3); margin: 30px 0;'> <\/div>\n","protected":false},"excerpt":{"rendered":"<p>Modulo de relevador contacto seco con tecnologia inalambrica Z-WAVE, compatible con HUB HC7, panel de alarma L5210, L7000, Total Connect  y Alarm.Com<\/p>\n","protected":false},"featured_media":5289,"comment_status":"open","ping_status":"closed","template":"","meta":[],"product_brand":[],"product_cat":[407],"product_tag":[408,79,180],"class_list":{"0":"post-5290","1":"product","2":"type-product","3":"status-publish","4":"has-post-thumbnail","6":"product_cat-automatizacion-z-wave","7":"product_tag-automatizacion-z-wave","8":"product_tag-sfire","9":"product_tag-total-connect-honeywell","11":"first","12":"outofstock","13":"sale","14":"shipping-taxable","15":"purchasable","16":"product-type-simple"},"_links":{"self":[{"href":"https:\/\/soydeaqui.ddns.net\/pachuca\/index.php\/wp-json\/wp\/v2\/product\/5290","targetHints":{"allow":["GET"]}}],"collection":[{"href":"https:\/\/soydeaqui.ddns.net\/pachuca\/index.php\/wp-json\/wp\/v2\/product"}],"about":[{"href":"https:\/\/soydeaqui.ddns.net\/pachuca\/index.php\/wp-json\/wp\/v2\/types\/product"}],"replies":[{"embeddable":true,"href":"https:\/\/soydeaqui.ddns.net\/pachuca\/index.php\/wp-json\/wp\/v2\/comments?post=5290"}],"wp:featuredmedia":[{"embeddable":true,"href":"https:\/\/soydeaqui.ddns.net\/pachuca\/index.php\/wp-json\/wp\/v2\/media\/5289"}],"wp:attachment":[{"href":"https:\/\/soydeaqui.ddns.net\/pachuca\/index.php\/wp-json\/wp\/v2\/media?parent=5290"}],"wp:term":[{"taxonomy":"product_brand","embeddable":true,"href":"https:\/\/soydeaqui.ddns.net\/pachuca\/index.php\/wp-json\/wp\/v2\/product_brand?post=5290"},{"taxonomy":"product_cat","embeddable":true,"href":"https:\/\/soydeaqui.ddns.net\/pachuca\/index.php\/wp-json\/wp\/v2\/product_cat?post=5290"},{"taxonomy":"product_tag","embeddable":true,"href":"https:\/\/soydeaqui.ddns.net\/pachuca\/index.php\/wp-json\/wp\/v2\/product_tag?post=5290"}],"curies":[{"name":"wp","href":"https:\/\/api.w.org\/{rel}","templated":true}]}}