{"id":52752,"date":"2026-03-18T23:45:48","date_gmt":"2026-03-18T23:45:48","guid":{"rendered":"https:\/\/soydeaqui.ddns.net\/pachuca\/index.php\/producto\/adaptador-avanzado-de-canbus-para-modelo-fm3612\/"},"modified":"2026-03-18T23:45:49","modified_gmt":"2026-03-18T23:45:49","slug":"adaptador-avanzado-de-canbus-para-modelo-fm3612","status":"publish","type":"product","link":"https:\/\/soydeaqui.ddns.net\/pachuca\/index.php\/producto\/adaptador-avanzado-de-canbus-para-modelo-fm3612\/","title":{"rendered":"ADAPTADOR AVANZADO DE CANBUS PARA MODELO FM3612"},"content":{"rendered":"<div style='width: 100%; max-width: 1200px; margin: 0 auto; font-family: sans-serif; line-height: 1.6; color: inherit; background-color: transparent;'>\n<div style='display: flex; flex-wrap: wrap; gap: 30px; margin-bottom: 30px;'>\n<div style='flex: 1 1 300px; min-width: 280px;'>\n<h3 style='font-size: 22px; border-bottom: 2px solid currentColor; padding-bottom: 5px; margin-top: 0; color: inherit; opacity: 0.8;'>Caracter\u00edsticas t\u00e9cnicas<\/h3>\n<ul style='padding-left: 20px; font-size: 15px; color: inherit;'>\n<li style='margin-bottom: 5px;'><strong>Alimentaci\u00f3n:<\/strong> +9\u2026 +50V DC<\/li>\n<li style='margin-bottom: 5px;'><strong>Consumo en modo activo:<\/strong> M\u00e1x. 50mA<\/li>\n<li style='margin-bottom: 5px;'><strong>Consumo en modo standby:<\/strong> M\u00e1x. 2mA<\/li>\n<li style='margin-bottom: 5px;'><strong>Temperatura de operaci\u00f3n:<\/strong> -40\u00b0C a 85\u00b0C<\/li>\n<li style='margin-bottom: 5px;'><strong>Humedad m\u00e1xima:<\/strong> 85% (no condensante)<\/li>\n<li style='margin-bottom: 5px;'><strong>Indicaci\u00f3n:<\/strong> LED de estado<\/li>\n<\/ul><\/div>\n<div style='flex: 1 1 300px; min-width: 280px;'>\n<h3 style='font-size: 22px; border-bottom: 2px solid currentColor; padding-bottom: 5px; margin-top: 0; color: inherit; opacity: 0.8;'>Aplicaciones<\/h3>\n<ul style='padding-left: 20px; font-size: 15px; color: inherit;'>\n<li style='margin-bottom: 5px;'>M\u00e1s de 1500 veh\u00edculos soportados<\/li>\n<li style='margin-bottom: 5px;'>M\u00e1s de 100 par\u00e1metros disponibles<\/li>\n<li style='margin-bottom: 5px;'>Compatibilidad con veh\u00edculos ligeros&comma; camiones&comma; autobuses&comma; transporte especial y maquinaria agr\u00edcola<\/li>\n<li style='margin-bottom: 5px;'>Integraci\u00f3n con computadoras de abordo<\/li>\n<\/ul><\/div>\n<\/p><\/div>\n<div style='display: flex; flex-wrap: wrap; gap: 20px; margin-bottom: 30px;'>\n<div style='flex: 1 1 250px; border: 1px solid rgba(150&comma; 150&comma; 150&comma; 0.4); border-radius: 8px; overflow: hidden; display: flex; flex-direction: column;'>\n<div style='padding: 15px; border-bottom: 1px solid rgba(150&comma; 150&comma; 150&comma; 0.2); font-weight: bold; font-size: 18px; color: inherit;'>Datos disponibles<\/div>\n<div style='padding: 15px; color: inherit;'>\n<ul style='padding-left: 20px; margin: 0; font-size: 14px; list-style-type: disc;'>\n<li style='margin-bottom: 5px;'>Indicaci\u00f3n de encendido<\/li>\n<li style='margin-bottom: 5px;'>Estado del motor<\/li>\n<li style='margin-bottom: 5px;'>Estado del airbag<\/li>\n<li style='margin-bottom: 5px;'>Kilometraje del veh\u00edculo<\/li>\n<li style='margin-bottom: 5px;'>Tiempo de vida del motor<\/li>\n<li style='margin-bottom: 5px;'>Aviso de check engine<\/li>\n<\/ul><\/div>\n<\/p><\/div>\n<div style='flex: 1 1 250px; border: 1px solid rgba(150&comma; 150&comma; 150&comma; 0.4); border-radius: 8px; overflow: hidden; display: flex; flex-direction: column;'>\n<div style='padding: 15px; border-bottom: 1px solid rgba(150&comma; 150&comma; 150&comma; 0.2); font-weight: bold; font-size: 18px; color: inherit;'>Datos adicionales<\/div>\n<div style='padding: 15px; color: inherit;'>\n<ul style='padding-left: 20px; margin: 0; font-size: 14px; list-style-type: disc;'>\n<li style='margin-bottom: 5px;'>Velocidad del veh\u00edculo<\/li>\n<li style='margin-bottom: 5px;'>Alarma<\/li>\n<li style='margin-bottom: 5px;'>Aviso de bajo nivel de combustible<\/li>\n<li style='margin-bottom: 5px;'>Consumo total de combustible<\/li>\n<li style='margin-bottom: 5px;'>Cintur\u00f3n del conductor<\/li>\n<li style='margin-bottom: 5px;'>Puerta trasera izquierda<\/li>\n<\/ul><\/div>\n<\/p><\/div>\n<div style='flex: 1 1 250px; border: 1px solid rgba(150&comma; 150&comma; 150&comma; 0.4); border-radius: 8px; overflow: hidden; display: flex; flex-direction: column;'>\n<div style='padding: 15px; border-bottom: 1px solid rgba(150&comma; 150&comma; 150&comma; 0.2); font-weight: bold; font-size: 18px; color: inherit;'>M\u00e1s datos<\/div>\n<div style='padding: 15px; color: inherit;'>\n<ul style='padding-left: 20px; margin: 0; font-size: 14px; list-style-type: disc;'>\n<li style='margin-bottom: 5px;'>Posici\u00f3n del acelerador<\/li>\n<li style='margin-bottom: 5px;'>Estacionamiento<\/li>\n<li style='margin-bottom: 5px;'>Presi\u00f3n\/nivel de aceite<\/li>\n<li style='margin-bottom: 5px;'>Nivel de combustible (tablero)<\/li>\n<li style='margin-bottom: 5px;'>Cintur\u00f3n del pasajero<\/li>\n<\/ul><\/div>\n<\/p><\/div>\n<\/p><\/div>\n<div style='margin-bottom: 30px;'>\n<h3 style='font-size: 22px; border-bottom: 2px solid currentColor; padding-bottom: 5px; margin-top: 0; color: inherit; opacity: 0.8;'>Nota importante<\/h3>\n<p style='font-size: 15px; color: inherit; margin-bottom: 15px;'>La disponibilidad de datos depende del equipamiento del veh\u00edculo&comma; tipo de m\u00f3dulo&comma; fabricante y a\u00f1o de fabricaci\u00f3n.<\/p>\n<\/p><\/div>\n<hr style='border: 0; border-top: 1px solid rgba(150&comma; 150&comma; 150&comma; 0.3); margin: 30px 0;'> <\/div>\n","protected":false},"excerpt":{"rendered":"<p>ADAPTADOR AVANZADO DE CANBUS PARA MODELO FM3612<\/p>\n","protected":false},"featured_media":52751,"comment_status":"open","ping_status":"closed","template":"","meta":[],"product_brand":[],"product_cat":[1348,1346],"product_tag":[93,1350,1349,1430],"class_list":{"0":"post-52752","1":"product","2":"type-product","3":"status-publish","4":"has-post-thumbnail","6":"product_cat-accesorios-gps-y-telematica","7":"product_cat-iot","8":"product_tag-accesorios","9":"product_tag-gps-y-telematica","10":"product_tag-iot","11":"product_tag-teltonika","13":"first","14":"outofstock","15":"sale","16":"shipping-taxable","17":"purchasable","18":"product-type-simple"},"_links":{"self":[{"href":"https:\/\/soydeaqui.ddns.net\/pachuca\/index.php\/wp-json\/wp\/v2\/product\/52752","targetHints":{"allow":["GET"]}}],"collection":[{"href":"https:\/\/soydeaqui.ddns.net\/pachuca\/index.php\/wp-json\/wp\/v2\/product"}],"about":[{"href":"https:\/\/soydeaqui.ddns.net\/pachuca\/index.php\/wp-json\/wp\/v2\/types\/product"}],"replies":[{"embeddable":true,"href":"https:\/\/soydeaqui.ddns.net\/pachuca\/index.php\/wp-json\/wp\/v2\/comments?post=52752"}],"wp:featuredmedia":[{"embeddable":true,"href":"https:\/\/soydeaqui.ddns.net\/pachuca\/index.php\/wp-json\/wp\/v2\/media\/52751"}],"wp:attachment":[{"href":"https:\/\/soydeaqui.ddns.net\/pachuca\/index.php\/wp-json\/wp\/v2\/media?parent=52752"}],"wp:term":[{"taxonomy":"product_brand","embeddable":true,"href":"https:\/\/soydeaqui.ddns.net\/pachuca\/index.php\/wp-json\/wp\/v2\/product_brand?post=52752"},{"taxonomy":"product_cat","embeddable":true,"href":"https:\/\/soydeaqui.ddns.net\/pachuca\/index.php\/wp-json\/wp\/v2\/product_cat?post=52752"},{"taxonomy":"product_tag","embeddable":true,"href":"https:\/\/soydeaqui.ddns.net\/pachuca\/index.php\/wp-json\/wp\/v2\/product_tag?post=52752"}],"curies":[{"name":"wp","href":"https:\/\/api.w.org\/{rel}","templated":true}]}}