{"id":52678,"date":"2026-03-18T23:43:37","date_gmt":"2026-03-18T23:43:37","guid":{"rendered":"https:\/\/soydeaqui.ddns.net\/pachuca\/index.php\/producto\/curso-comercial-de-seguridad-vehicular-para-varias-industrias\/"},"modified":"2026-03-18T23:43:38","modified_gmt":"2026-03-18T23:43:38","slug":"curso-comercial-de-seguridad-vehicular-para-varias-industrias","status":"publish","type":"product","link":"https:\/\/soydeaqui.ddns.net\/pachuca\/index.php\/producto\/curso-comercial-de-seguridad-vehicular-para-varias-industrias\/","title":{"rendered":"Curso Comercial de Seguridad Vehicular para Varias Industrias"},"content":{"rendered":"<div style='width: 100%; max-width: 1200px; margin: 0 auto; font-family: sans-serif; line-height: 1.6; color: inherit; background-color: transparent;'> <!-- Secci\u00f3n de t\u00edtulo --> <\/p>\n<div style='margin-bottom: 30px;'>\n<h2 style='font-size: 24px; color: inherit; margin: 0 0 15px; border-bottom: 2px solid currentColor; padding-bottom: 8px;'>Curso Comercial de Seguridad Vehicular para Varias Industrias<\/h2>\n<\/p><\/div>\n<p> <!-- Secci\u00f3n de informaci\u00f3n general --> <\/p>\n<div style='display: flex; flex-wrap: wrap; gap: 30px; margin-bottom: 30px;'>\n<div style='flex: 1 1 300px; min-width: 280px;'>\n<h3 style='font-size: 20px; border-bottom: 2px solid currentColor; padding-bottom: 5px; margin-top: 0; color: inherit; opacity: 0.8;'>Informaci\u00f3n General<\/h3>\n<ul style='padding-left: 20px; font-size: 15px; color: inherit; list-style-type: none; padding-left: 0;'>\n<li style='margin-bottom: 8px; padding-left: 15px; position: relative;'><span style='position: absolute; left: 0; font-weight: bold;'>Dirigido a:<\/span> Integradores interesados en dise\u00f1ar y desarrollar proyectos exitosos de sistemas de se\u00f1alizaci\u00f3n audiovisual.<\/li>\n<li style='margin-bottom: 8px; padding-left: 15px; position: relative;'><span style='position: absolute; left: 0; font-weight: bold;'>Objetivo:<\/span> El asistente conocer\u00e1 de manera pr\u00e1ctica las nuevas tecnolog\u00edas de Se\u00f1alizaci\u00f3n&comma; as\u00ed como las diferentes soluciones en la industria en la marca <strong>ECCO<\/strong>.<\/li>\n<li style='margin-bottom: 8px; padding-left: 15px; position: relative;'><span style='position: absolute; left: 0; font-weight: bold;'>Requisitos:<\/span> Ser Distribuidor de Syscom.<\/li>\n<li style='margin-bottom: 8px; padding-left: 15px; position: relative;'><span style='position: absolute; left: 0; font-weight: bold;'>Duraci\u00f3n:<\/span> 1 D\u00eda<\/li>\n<li style='margin-bottom: 8px; padding-left: 15px; position: relative;'><span style='position: absolute; left: 0; font-weight: bold;'>Horario:<\/span>\n<ul style='margin: 5px 0 0 20px; padding-left: 0; list-style-type: disc; font-size: 14px;'>\n<li style='margin-bottom: 5px;'>(4 horas&comma; 8 am &#8211; 12:00:00 PM) Grupo por la ma\u00f1ana<\/li>\n<li style='margin-bottom: 5px;'>(4 horas&comma; 14:00:00 pm &#8211; 18:00:00 PM) Grupo por la tarde<\/li>\n<\/ul>\n<\/li>\n<\/ul><\/div>\n<\/p><\/div>\n<p> <!-- Secci\u00f3n de temario --> <\/p>\n<div style='display: flex; flex-wrap: wrap; gap: 30px; margin-bottom: 30px;'>\n<div style='flex: 1 1 300px; min-width: 280px;'>\n<h3 style='font-size: 20px; border-bottom: 2px solid currentColor; padding-bottom: 5px; margin-top: 0; color: inherit; opacity: 0.8;'>Temario<\/h3>\n<ol style='padding-left: 20px; font-size: 15px; color: inherit;'>\n<li style='margin-bottom: 10px;'>Breve repaso e introducci\u00f3n de ECCO.<\/li>\n<li style='margin-bottom: 10px;'>Casos pr\u00e1cticos de qu\u00e9 producto y a qui\u00e9n se le puede vender ECCO.<\/li>\n<li style='margin-bottom: 10px;'>Repaso de las diferentes industrias donde figura ECCO.<\/li>\n<li style='margin-bottom: 10px;'>Presentaci\u00f3n y demostraci\u00f3n de producto en F\u00edsico.<\/li>\n<li style='margin-bottom: 10px;'>El tema de Garant\u00edas en ECCO.<\/li>\n<li style='margin-bottom: 10px;'>Preguntas<\/li>\n<\/ol><\/div>\n<\/p><\/div>\n<\/p><\/div>\n","protected":false},"excerpt":{"rendered":"<p>Curso Comercial de Seguridad Vehicular para Varias Industrias<\/p>\n","protected":false},"featured_media":52677,"comment_status":"open","ping_status":"closed","template":"","meta":[],"product_brand":[],"product_cat":[1358],"product_tag":[1356,1359,63],"class_list":{"0":"post-52678","1":"product","2":"type-product","3":"status-publish","4":"has-post-thumbnail","6":"product_cat-rojo-azul","7":"product_tag-barras-de-luz-torretas-vehiculares","8":"product_tag-rojo-azul","9":"product_tag-syscom","11":"first","12":"outofstock","13":"sale","14":"shipping-taxable","15":"purchasable","16":"product-type-simple"},"_links":{"self":[{"href":"https:\/\/soydeaqui.ddns.net\/pachuca\/index.php\/wp-json\/wp\/v2\/product\/52678","targetHints":{"allow":["GET"]}}],"collection":[{"href":"https:\/\/soydeaqui.ddns.net\/pachuca\/index.php\/wp-json\/wp\/v2\/product"}],"about":[{"href":"https:\/\/soydeaqui.ddns.net\/pachuca\/index.php\/wp-json\/wp\/v2\/types\/product"}],"replies":[{"embeddable":true,"href":"https:\/\/soydeaqui.ddns.net\/pachuca\/index.php\/wp-json\/wp\/v2\/comments?post=52678"}],"wp:featuredmedia":[{"embeddable":true,"href":"https:\/\/soydeaqui.ddns.net\/pachuca\/index.php\/wp-json\/wp\/v2\/media\/52677"}],"wp:attachment":[{"href":"https:\/\/soydeaqui.ddns.net\/pachuca\/index.php\/wp-json\/wp\/v2\/media?parent=52678"}],"wp:term":[{"taxonomy":"product_brand","embeddable":true,"href":"https:\/\/soydeaqui.ddns.net\/pachuca\/index.php\/wp-json\/wp\/v2\/product_brand?post=52678"},{"taxonomy":"product_cat","embeddable":true,"href":"https:\/\/soydeaqui.ddns.net\/pachuca\/index.php\/wp-json\/wp\/v2\/product_cat?post=52678"},{"taxonomy":"product_tag","embeddable":true,"href":"https:\/\/soydeaqui.ddns.net\/pachuca\/index.php\/wp-json\/wp\/v2\/product_tag?post=52678"}],"curies":[{"name":"wp","href":"https:\/\/api.w.org\/{rel}","templated":true}]}}