{"id":52557,"date":"2026-03-18T23:40:02","date_gmt":"2026-03-18T23:40:02","guid":{"rendered":"https:\/\/soydeaqui.ddns.net\/pachuca\/index.php\/producto\/candado-inteligente-con-gps-3g-y-lora\/"},"modified":"2026-03-18T23:40:07","modified_gmt":"2026-03-18T23:40:07","slug":"candado-inteligente-con-gps-3g-y-lora","status":"publish","type":"product","link":"https:\/\/soydeaqui.ddns.net\/pachuca\/index.php\/producto\/candado-inteligente-con-gps-3g-y-lora\/","title":{"rendered":"Candado Inteligente con GPS 3G y LoRa"},"content":{"rendered":"<div style='width: 100%; max-width: 1200px; margin: 0 auto; font-family: sans-serif; line-height: 1.6; color: inherit; background-color: transparent;'> <!-- Secci\u00f3n de descripci\u00f3n principal --> <\/p>\n<div style='margin-bottom: 30px;'>\n<h2 style='font-size: 24px; margin-top: 0; color: inherit; opacity: 0.9;'>Candado Inteligente con GPS 3G y LoRa<\/h2>\n<p style='font-size: 15px; color: inherit; margin-top: 10px; margin-bottom: 20px;'>Candado especializado para contenedores y remolques de carga con comunicaci\u00f3n LoRa para interconexi\u00f3n inal\u00e1mbrica con T399G. Dise\u00f1o especializado con carcasa resistente que soporta condiciones clim\u00e1ticas adversas.<\/p>\n<\/p><\/div>\n<p> <!-- Secci\u00f3n de caracter\u00edsticas principales --> <\/p>\n<div style='display: flex; flex-wrap: wrap; gap: 20px; margin-bottom: 30px;'>\n<div style='flex: 1 1 250px; min-width: 200px; border: 1px solid rgba(150&comma; 150&comma; 150&comma; 0.4); border-radius: 8px; padding: 15px;'>\n<h3 style='font-size: 18px; margin-top: 0; margin-bottom: 10px; color: inherit; opacity: 0.8;'>Caracter\u00edsticas<\/h3>\n<ul style='padding-left: 20px; margin: 0; font-size: 14px; color: inherit; list-style-type: disc;'>\n<li style='margin-bottom: 5px;'>Comunicaci\u00f3n LoRa para interconexi\u00f3n inal\u00e1mbrica con T399G<\/li>\n<li style='margin-bottom: 5px;'>Soporta doble tarjeta SIMCARD para mayor redundancia<\/li>\n<li style='margin-bottom: 5px;'>Protecci\u00f3n IP67 contra polvo y agua<\/li>\n<li style='margin-bottom: 5px;'>Bloqueo y desbloqueo mediante RFID<\/li>\n<li style='margin-bottom: 5px;'>Bater\u00eda interna de 14000 mAh \/ 3.7 V 2 A<\/li>\n<li style='margin-bottom: 5px;'>Consumo de corriente de 9 mA en STDBY y 95 mA en modo normal<\/li>\n<\/ul><\/div>\n<div style='flex: 1 1 250px; min-width: 200px; border: 1px solid rgba(150&comma; 150&comma; 150&comma; 0.4); border-radius: 8px; padding: 15px;'>\n<h3 style='font-size: 18px; margin-top: 0; margin-bottom: 10px; color: inherit; opacity: 0.8;'>Aplicaciones<\/h3>\n<ul style='padding-left: 20px; margin: 0; font-size: 14px; color: inherit; list-style-type: disc;'>\n<li style='margin-bottom: 5px;'>Contenedores de carga<\/li>\n<li style='margin-bottom: 5px;'>Remolques<\/li>\n<li style='margin-bottom: 5px;'>Tractocamiones<\/li>\n<\/ul><\/div>\n<\/p><\/div>\n<p> <!-- Secci\u00f3n de especificaciones t\u00e9cnicas --> <\/p>\n<div style='display: flex; flex-wrap: wrap; gap: 20px; margin-bottom: 30px;'>\n<div style='flex: 1 1 250px; border: 1px solid rgba(150&comma; 150&comma; 150&comma; 0.4); border-radius: 8px; overflow: hidden; display: flex; flex-direction: column;'>\n<div style='padding: 15px; border-bottom: 1px solid rgba(150&comma; 150&comma; 150&comma; 0.2); font-weight: bold; font-size: 18px; color: inherit;'>Especificaciones T\u00e9cnicas<\/div>\n<div style='padding: 15px; color: inherit;'>\n<ul style='padding-left: 20px; margin: 0; font-size: 14px; list-style-type: disc;'>\n<li style='margin-bottom: 5px;'><strong>Dimensiones:<\/strong> 112 mm x 195 mm x 37 mm<\/li>\n<li style='margin-bottom: 5px;'><strong>Cable del candado:<\/strong> 300 mm (personalizable)<\/li>\n<li style='margin-bottom: 5px;'><strong>Peso:<\/strong> 800g<\/li>\n<li style='margin-bottom: 5px;'><strong>Fuente de alimentaci\u00f3n:<\/strong> DC 9\u201314 V; 2 A<\/li>\n<li style='margin-bottom: 5px;'><strong>Material:<\/strong> PC (policarbonato)<\/li>\n<li style='margin-bottom: 5px;'><strong>Bater\u00eda de respaldo:<\/strong> 14000 mAh\/3.7 V<\/li>\n<li style='margin-bottom: 5px;'><strong>Tiempo de carga:<\/strong> 7.5\u20138 horas<\/li>\n<li style='margin-bottom: 5px;'><strong>Temperatura de operaci\u00f3n:<\/strong> -20\u00b0C a 55\u00b0C<\/li>\n<li style='margin-bottom: 5px;'><strong>Humedad de operaci\u00f3n:<\/strong> 5%\u201395% sin condensaci\u00f3n<\/li>\n<\/ul><\/div>\n<\/p><\/div>\n<div style='flex: 1 1 250px; border: 1px solid rgba(150&comma; 150&comma; 150&comma; 0.4); border-radius: 8px; overflow: hidden; display: flex; flex-direction: column;'>\n<div style='padding: 15px; border-bottom: 1px solid rgba(150&comma; 150&comma; 150&comma; 0.2); font-weight: bold; font-size: 18px; color: inherit;'>Comunicaciones<\/div>\n<div style='padding: 15px; color: inherit;'>\n<ul style='padding-left: 20px; margin: 0; font-size: 14px; list-style-type: disc;'>\n<li style='margin-bottom: 5px;'><strong>Comunicaci\u00f3n LoRa:<\/strong> Hasta 20 metros (pruebas reales en contenedores de camiones)<\/li>\n<li style='margin-bottom: 5px;'><strong>Frecuencia LoRa:<\/strong> 137\u20131020 MHz (433 MHz por defecto)<\/li>\n<li style='margin-bottom: 5px;'><strong>Antena LoRa:<\/strong> Interna de resorte<\/li>\n<li style='margin-bottom: 5px;'><strong>M\u00f3dulo RFID:<\/strong> 125 KHz<\/li>\n<li style='margin-bottom: 5px;'><strong>Frecuencia GPS:<\/strong> Banda GPS<\/li>\n<li style='margin-bottom: 5px;'><strong>Sensibilidad GPS:<\/strong> -161 dB<\/li>\n<li style='margin-bottom: 5px;'><strong>Precisi\u00f3n de posicionamiento:<\/strong> 2.5 metros<\/li>\n<\/ul><\/div>\n<\/p><\/div>\n<div style='flex: 1 1 250px; border: 1px solid rgba(150&comma; 150&comma; 150&comma; 0.4); border-radius: 8px; overflow: hidden; display: flex; flex-direction: column;'>\n<div style='padding: 15px; border-bottom: 1px solid rgba(150&comma; 150&comma; 150&comma; 0.2); font-weight: bold; font-size: 18px; color: inherit;'>Otras Especificaciones<\/div>\n<div style='padding: 15px; color: inherit;'>\n<ul style='padding-left: 20px; margin: 0; font-size: 14px; list-style-type: disc;'>\n<li style='margin-bottom: 5px;'><strong>Memoria:<\/strong> 8 MB<\/li>\n<li style='margin-bottom: 5px;'><strong>Instalaci\u00f3n SIM:<\/strong> Doble SIM card Micro SIM<\/li>\n<li style='margin-bottom: 5px;'><strong>Tiempo de trabajo:<\/strong> Modo ahorro de energ\u00eda: 78 d\u00edas \/ Modo normal: 150 horas<\/li>\n<li style='margin-bottom: 5px;'><strong>Carga:<\/strong> Magn\u00e9tica (DC 9 V; 2 A; carga r\u00e1pida)<\/li>\n<\/ul><\/div>\n<\/p><\/div>\n<\/p><\/div>\n<p> <!-- Secci\u00f3n de accesorios incluidos --> <\/p>\n<div style='margin-bottom: 30px;'>\n<h3 style='font-size: 18px; border-bottom: 2px solid currentColor; padding-bottom: 5px; margin-top: 0; color: inherit; opacity: 0.8;'>Accesorios Incluidos<\/h3>\n<ul style='padding-left: 20px; font-size: 14px; color: inherit; list-style-type: disc;'>\n<li style='margin-bottom: 5px;'>Candado GPS con bater\u00eda<\/li>\n<li style='margin-bottom: 5px;'>Cable de candado (30 cm)<\/li>\n<li style='margin-bottom: 5px;'>Tarjeta RFID<\/li>\n<li style='margin-bottom: 5px;'>Adaptador de corriente (9V)<\/li>\n<li style='margin-bottom: 5px;'>Cable de carga USB magn\u00e9tico<\/li>\n<li style='margin-bottom: 5px;'>Cable USB<\/li>\n<li style='margin-bottom: 5px;'>Tarjeta con CD de descarga<\/li>\n<\/ul><\/div>\n<p> <!-- Separador final --> <\/p>\n<hr style='border: 0; border-top: 1px solid rgba(150&comma; 150&comma; 150&comma; 0.3); margin: 30px 0;'> <\/div>\n","protected":false},"excerpt":{"rendered":"<p>Candado Inteligente con GPS 3G y LoRa<\/p>\n","protected":false},"featured_media":52556,"comment_status":"open","ping_status":"closed","template":"","meta":[],"product_brand":[],"product_cat":[1346,1388],"product_tag":[1350,1349,1390,1389],"class_list":{"0":"post-52557","1":"product","2":"type-product","3":"status-publish","4":"has-post-thumbnail","6":"product_cat-iot","7":"product_cat-trackers-gps","8":"product_tag-gps-y-telematica","9":"product_tag-iot","10":"product_tag-meitrack","11":"product_tag-trackers-gps","13":"first","14":"outofstock","15":"sale","16":"shipping-taxable","17":"purchasable","18":"product-type-simple"},"_links":{"self":[{"href":"https:\/\/soydeaqui.ddns.net\/pachuca\/index.php\/wp-json\/wp\/v2\/product\/52557","targetHints":{"allow":["GET"]}}],"collection":[{"href":"https:\/\/soydeaqui.ddns.net\/pachuca\/index.php\/wp-json\/wp\/v2\/product"}],"about":[{"href":"https:\/\/soydeaqui.ddns.net\/pachuca\/index.php\/wp-json\/wp\/v2\/types\/product"}],"replies":[{"embeddable":true,"href":"https:\/\/soydeaqui.ddns.net\/pachuca\/index.php\/wp-json\/wp\/v2\/comments?post=52557"}],"wp:featuredmedia":[{"embeddable":true,"href":"https:\/\/soydeaqui.ddns.net\/pachuca\/index.php\/wp-json\/wp\/v2\/media\/52556"}],"wp:attachment":[{"href":"https:\/\/soydeaqui.ddns.net\/pachuca\/index.php\/wp-json\/wp\/v2\/media?parent=52557"}],"wp:term":[{"taxonomy":"product_brand","embeddable":true,"href":"https:\/\/soydeaqui.ddns.net\/pachuca\/index.php\/wp-json\/wp\/v2\/product_brand?post=52557"},{"taxonomy":"product_cat","embeddable":true,"href":"https:\/\/soydeaqui.ddns.net\/pachuca\/index.php\/wp-json\/wp\/v2\/product_cat?post=52557"},{"taxonomy":"product_tag","embeddable":true,"href":"https:\/\/soydeaqui.ddns.net\/pachuca\/index.php\/wp-json\/wp\/v2\/product_tag?post=52557"}],"curies":[{"name":"wp","href":"https:\/\/api.w.org\/{rel}","templated":true}]}}