{"id":52475,"date":"2026-03-18T23:37:41","date_gmt":"2026-03-18T23:37:41","guid":{"rendered":"https:\/\/soydeaqui.ddns.net\/pachuca\/index.php\/producto\/curso-comercial-de-senalizacion-audiovisual-para-la-distintas-soluciones-vehiculares-que-hay-en-el-mercado-en-la-marca-epcom-industrial\/"},"modified":"2026-03-18T23:37:42","modified_gmt":"2026-03-18T23:37:42","slug":"curso-comercial-de-senalizacion-audiovisual-para-la-distintas-soluciones-vehiculares-que-hay-en-el-mercado-en-la-marca-epcom-industrial","status":"publish","type":"product","link":"https:\/\/soydeaqui.ddns.net\/pachuca\/index.php\/producto\/curso-comercial-de-senalizacion-audiovisual-para-la-distintas-soluciones-vehiculares-que-hay-en-el-mercado-en-la-marca-epcom-industrial\/","title":{"rendered":"Curso Comercial de Se\u00f1alizaci\u00f3n Audiovisual Para la distintas Soluciones Vehiculares que hay en el mercado en la marca Epcom Industrial"},"content":{"rendered":"<div style='width: 100%; max-width: 1200px; margin: 0 auto; font-family: sans-serif; line-height: 1.6; color: inherit; background-color: transparent;'> <!-- T\u00edtulo y subt\u00edtulo --> <\/p>\n<div style='text-align: center; margin-bottom: 30px;'>\n<h2 style='font-size: 24px; margin: 0; color: inherit;'>EPCOM INDUSTRIAL<\/h2>\n<h3 style='font-size: 20px; margin: 10px 0 0 0; color: inherit; opacity: 0.8;'>Curso Comercial de Se\u00f1alizaci\u00f3n Audiovisual Para las distintas Soluciones Vehiculares que hay en el mercado en la marca Epcom Industrial<\/h3>\n<h4 style='font-size: 18px; margin: 10px 0 0 0; color: inherit; opacity: 0.7;'>Dise\u00f1a tus proyectos con las mejores tecnolog\u00edas de Se\u00f1alizaci\u00f3n Audiovisual<\/h4>\n<\/p><\/div>\n<p> <!-- Secci\u00f3n de informaci\u00f3n --> <\/p>\n<div style='display: flex; flex-wrap: wrap; gap: 30px; margin-bottom: 30px;'>\n<div style='flex: 1 1 300px; min-width: 280px;'>\n<h3 style='font-size: 22px; border-bottom: 2px solid currentColor; padding-bottom: 5px; margin-top: 0; color: inherit; opacity: 0.8;'>Informaci\u00f3n General<\/h3>\n<ul style='padding-left: 20px; font-size: 15px; color: inherit;'>\n<li style='margin-bottom: 5px;'><strong>Dirigido a:<\/strong> Integradores interesados en dise\u00f1ar y desarrollar proyectos exitosos de sistemas de se\u00f1alizaci\u00f3n audiovisual<\/li>\n<li style='margin-bottom: 5px;'><strong>Requisitos:<\/strong> Ser Distribuidor de Syscom<\/li>\n<li style='margin-bottom: 5px;'><strong>Duraci\u00f3n:<\/strong> 1 D\u00eda<\/li>\n<li style='margin-bottom: 5px;'><strong>Horario:<\/strong> 8:00 am &#8211; 12:00 PM (Grupo por la ma\u00f1ana) y 2:00 pm &#8211; 6:00 PM (Grupo por la tarde)<\/li>\n<\/ul><\/div>\n<p> <!-- Secci\u00f3n de Aplicaciones --> <\/p>\n<div style='flex: 1 1 300px; min-width: 280px;'>\n<h3 style='font-size: 22px; border-bottom: 2px solid currentColor; padding-bottom: 5px; margin-top: 0; color: inherit; opacity: 0.8;'>Aplicaciones<\/h3>\n<ul style='padding-left: 20px; font-size: 15px; color: inherit;'>\n<li style='margin-bottom: 5px;'>Veh\u00edculos en Seguridad P\u00fablica<\/li>\n<li style='margin-bottom: 5px;'>Hospitales<\/li>\n<li style='margin-bottom: 5px;'>Bomberos<\/li>\n<li style='margin-bottom: 5px;'>Seguridad Privada<\/li>\n<li style='margin-bottom: 5px;'>Minas<\/li>\n<li style='margin-bottom: 5px;'>Construcci\u00f3n<\/li>\n<li style='margin-bottom: 5px;'>Vialidad<\/li>\n<li style='margin-bottom: 5px;'>Industria<\/li>\n<li style='margin-bottom: 5px;'>Almacenes<\/li>\n<li style='margin-bottom: 5px;'>Carreteras<\/li>\n<li style='margin-bottom: 5px;'>Maquinaria Pesada<\/li>\n<li>Veh\u00edculos de Reparto<\/li>\n<\/ul><\/div>\n<\/p><\/div>\n<p> <!-- Secci\u00f3n de Temario --> <\/p>\n<div style='margin-bottom: 30px;'>\n<h3 style='font-size: 22px; border-bottom: 2px solid currentColor; padding-bottom: 5px; margin-top: 0; color: inherit; opacity: 0.8;'>Temario<\/h3>\n<ol style='padding-left: 20px; font-size: 15px; color: inherit;'>\n<li style='margin-bottom: 8px;'><strong>Presentaci\u00f3n Epcom Industrial<\/strong><\/li>\n<li style='margin-bottom: 8px;'><strong>Conceptos generales<\/strong><\/li>\n<li style='margin-bottom: 8px;'><strong>Tipos de Soluciones<\/strong><\/li>\n<li style='margin-bottom: 8px;'><strong>Presentaci\u00f3n y Demostraci\u00f3n de productos en F\u00edsico<\/strong><\/li>\n<li style='margin-bottom: 8px;'><strong>Consideraciones de Instalaci\u00f3n de equipos<\/strong><\/li>\n<li style='margin-bottom: 8px;'><strong>Garant\u00edas en Epcom Industrial<\/strong><\/li>\n<li style='margin-bottom: 8px;'><strong>Preguntas<\/strong><\/li>\n<\/ol><\/div>\n<p> <!-- Separador --> <\/p>\n<hr style='border: 0; border-top: 1px solid rgba(150&comma; 150&comma; 150&comma; 0.3); margin: 30px 0;'> <\/div>\n","protected":false},"excerpt":{"rendered":"<p>Curso Comercial de Se\u00f1alizaci\u00f3n Audiovisual Para la distintas Soluciones Vehiculares que hay en el mercado en la marca Epcom Industrial<\/p>\n","protected":false},"featured_media":52474,"comment_status":"open","ping_status":"closed","template":"","meta":[],"product_brand":[],"product_cat":[1355],"product_tag":[1357,1356,63],"class_list":{"0":"post-52475","1":"product","2":"type-product","3":"status-publish","4":"has-post-thumbnail","6":"product_cat-accesorios-refacciones","7":"product_tag-accesorios-refacciones","8":"product_tag-barras-de-luz-torretas-vehiculares","9":"product_tag-syscom","11":"first","12":"outofstock","13":"sale","14":"shipping-taxable","15":"purchasable","16":"product-type-simple"},"_links":{"self":[{"href":"https:\/\/soydeaqui.ddns.net\/pachuca\/index.php\/wp-json\/wp\/v2\/product\/52475","targetHints":{"allow":["GET"]}}],"collection":[{"href":"https:\/\/soydeaqui.ddns.net\/pachuca\/index.php\/wp-json\/wp\/v2\/product"}],"about":[{"href":"https:\/\/soydeaqui.ddns.net\/pachuca\/index.php\/wp-json\/wp\/v2\/types\/product"}],"replies":[{"embeddable":true,"href":"https:\/\/soydeaqui.ddns.net\/pachuca\/index.php\/wp-json\/wp\/v2\/comments?post=52475"}],"wp:featuredmedia":[{"embeddable":true,"href":"https:\/\/soydeaqui.ddns.net\/pachuca\/index.php\/wp-json\/wp\/v2\/media\/52474"}],"wp:attachment":[{"href":"https:\/\/soydeaqui.ddns.net\/pachuca\/index.php\/wp-json\/wp\/v2\/media?parent=52475"}],"wp:term":[{"taxonomy":"product_brand","embeddable":true,"href":"https:\/\/soydeaqui.ddns.net\/pachuca\/index.php\/wp-json\/wp\/v2\/product_brand?post=52475"},{"taxonomy":"product_cat","embeddable":true,"href":"https:\/\/soydeaqui.ddns.net\/pachuca\/index.php\/wp-json\/wp\/v2\/product_cat?post=52475"},{"taxonomy":"product_tag","embeddable":true,"href":"https:\/\/soydeaqui.ddns.net\/pachuca\/index.php\/wp-json\/wp\/v2\/product_tag?post=52475"}],"curies":[{"name":"wp","href":"https:\/\/api.w.org\/{rel}","templated":true}]}}