{"id":52395,"date":"2026-03-18T23:35:18","date_gmt":"2026-03-18T23:35:18","guid":{"rendered":"https:\/\/soydeaqui.ddns.net\/pachuca\/index.php\/producto\/barra-de-luces-led-de-46-rojo-azul-de-132-leds-controlador-incluido-ideal-para-equipar-unidades-de-seguridad-publica\/"},"modified":"2026-03-18T23:35:29","modified_gmt":"2026-03-18T23:35:29","slug":"barra-de-luces-led-de-46-rojo-azul-de-132-leds-controlador-incluido-ideal-para-equipar-unidades-de-seguridad-publica","status":"publish","type":"product","link":"https:\/\/soydeaqui.ddns.net\/pachuca\/index.php\/producto\/barra-de-luces-led-de-46-rojo-azul-de-132-leds-controlador-incluido-ideal-para-equipar-unidades-de-seguridad-publica\/","title":{"rendered":"Barra de luces LED de 46&#8243; Rojo\/Azul , De 132 LEDs, Controlador Incluido, Ideal para Equipar Unidades de Seguridad Publica"},"content":{"rendered":"<p><strong>Barra de luces EPCOM Industrial Ultra Brillante <\/strong><\/p>\n<p>La torreta EPCOM Industrial<strong> <\/strong>es una barra de luces vers\u00e1til&comma; potente y de bajo perfil; adecuada para una gama amplia de veh\u00edculos como Seguridad P\u00fablica&comma; etc.<\/p>\n<p><strong>Configuracion:<\/strong><\/p>\n<p><strong>Contiene Tiene 7 m\u00f3dulos de 6 LED rojos&comma; 7 m\u00f3dulos de 6 LED azules&comma; 2 m\u00f3dulos de esquina de 6 LED rojos&comma; 2 m\u00f3dulos de esquina de 6 LED azules&comma; 2 m\u00f3dulos de luz de penetraci\u00f3n de 6 LED en color blanco&comma; 2 m\u00f3dulos de luz de callej\u00f3n con 6 LED en color blanco.<\/strong><\/p>\n<\/p>\n<p><img src='data:image\/png;base64&comma;iVBORw0KGgoAAAANSUhEUgAAAVMAAABdCAYAAAAYNoWwAAAgAElEQVR4nO2d2Y8c13n2f6e23tfp7pkRd4qSJWuhZUqWbNgwvMHZZHyIowROLoJc5C5XyV8SIECCJEAuPwTxggD5DEte4EUyLMuKJJuSLIkSyeFw9q27q7trP9\/FqZppDocSNWLXSK16gAY5PT1Vb9d5z3Pe7bxHSCkldxgRID0Psb2N6PcR3S7h2hruxgbO1hZ528bxPF6TkuV2G+fYMWbyeYydHbbfeYfA8xBCoAmBAO64gDEEEElJICWGYZAvlSi323jDITvLy0gp0TQNLf7sJOUIpSSUklyhQKFaJVevM9zcxN7YuOFZTArJtf0oAiEolcvkOh1Eu409HOI6DpqmIYRAiElKAlJKgiBA13VKpRKWZSGlpNfr7b4\/aRkAoigiCHyKxTzlco21tZDVVZfBwCGKlG4wsVFJNE4SRSFRFNFslmk0SjhOiG072PYQEAihT0iGcTkioigC4NixGpVKnq0th35\/xGjkIYSOEBqTnSUSCAmCENPUOXOmTatlIESfhYUuS0s+UpYxTZNiUafVKjI726DTaVGpWJTLBvV6gUKhABh3XsI7TaYS8ByH4PJltOefx3rxRfSLFwkXFvC2tnBcFyuK2BCCZzSN61\/9Kt6Xv8zqs8+S+81vOLu2hhEEhDGJpYEQtQC4msZGLkchiph13d3vM\/lpqxABLtDXdbYti5kgoON5hDFxpCVHICVD32fwyU\/ifelLtI4do1IoEAQBAlIhUyEEnufR7XbxPA9d12k2m+RyOaIoSoVM1WIqcN0B6+vb\/PCHGhcvFjDNakxgaWhHMj0Fut7FMHoEQZEwLAD5sftPXg4pBUJALncNXe\/jOB2iqAzkUrh\/gpAo0jCMkJmZNT7zmYivfKXOj3404JlnIoJgHik1NG2IaYa0Wjp3313knntKPPhgg8cfP80995yiUmndccnuGD1LQKysIJ5\/HuPllwl\/\/3tGi4v0lpYI1tdx+32C+HMW0AcKpsnxVgtxzz1s\/fSnGMvL3OO6FAE\/vm5aQ+QBm0B\/OKQB3B\/fO0xJBoEi0z6wDIwGA+ZiOYL4d2nIoaGe\/TKwNhgwKhY5dfo0860WXrzATJLIkrXdMAxs2+bq1av0ej1M0+Tuu++mVqvh+34qcgghME2D7e1VRiOf4dAgilq47gmUFgfxpyc5MglhG8A7KE2tAx2ghRqxNLRDxjJIHKcH2PH97wKqTNZ3G5dBAiae5+F5A3zf5cyZYzSbAzzPx\/OOATpgMxoN6fVCNjd1Ll3yePHFDX74wxH33bfEI4\/M8Nhjxzh9ugMU7oh0H5xMowhsG9bXiX75S+R3voP33HM4GxvYgIMafi\/+uEmsHobBXZ0OhXvvJXf+PCudDmY+z6c8j7KUu5+fNBIV9IAVYATMAY+g1DS4xd9NQg4J9FBTRQL3xXIkZJoGDJR13AAqzSaDU6d44IEHOH3sGK7rwp2PCh0I0zTp9XoUCgU2NzexLIuHH36YmZkZPC8d7RACLMtibe0aw2FIs2miyOMcyhpLSzs01MhYKM2YA07EsiRkmgaS2bsa\/3wvcBZoskd0acBCiBGFwjqdjsODDz7Ayy8Pabc9VlfvIggMFPOMAJdu16fbtbl8uQ\/0qFQ2+dznFllb6\/H5zzucPDlPrVaOwzaHx+HIVEqlaYBcXYWf\/ATxve8RvvQS2xsbbPX7jFDrQxFooxwSEzX0evxVTcMgX6lgtdu0azX0XI62EBSlTE1Nd79SLN9iLG+y5ocp3T8h0zJqim7Fcsygpkpa00VHkakHhPk83dlZWu02zUaDIAxTI1PDMLAsi263i2mamKZJq9Wi2WwSBOlph2EYSDlidnaWQiEHzKK0I0d62qHFrzZKM+4C5mM5dNJdaqP4vnYsxxzKMoX0yNRACAfLalOtunQ6c1SrIYYRop5LMjYSpck2sBO\/bGzb4bnnXF555QoPPXSFp566iz\/4g4c4ceLMB5TqEJBCgO8jXnkF8bOfEfz4xwyee45Br8cQNeyV+CsVgVL8\/3GYUlKNIizLwrQscpaFCRTjIPedDw+\/N8oog7+IUtGjkKMS3z8f\/wt7Uykt5FFjVtQ0\/EKBcrkMgKFPMtFxMyqVCqVSCcdxME2TSqWi5DDSHZVyuUyxWETT8igtyce\/SVs7SigNLaE0xYzfT1M7tFiG3Jgc6eoFQBTlkbKAaWpYVhnLCpFSImU5\/kTybJIZXUZZ0C5S9rDtLWw7YGurTxhusbX1Jl\/+ssf586ewrPxBt3xPHI5MAd58E\/HP\/0z4zDMMFxdVnA8oCEFHSurcPMSJI6ABIyHoRxGG46D7PrbjYEURI02jEEW7SZe0EADbQBf1+COOxjLtxXL0UespJLnUdKADrpR0gV4YYts2tm3TLJWIoogJFH8cLIeu0+\/3d1+WZWHbNo1GgzBMZ1SEEGiatvsMoshHTUoHIfKka5kKlFYoV1W9CqRrmSZJtwEwHJOjHv8+Hd2QUkfTHKQc4Louvt\/DcXzCMEKIKnszGNRzM4Fa\/AJloVpADc\/r85OfbPLGGwu8\/voS\/\/APOg89dJrDUOPt\/0Xs2ktAPPMM8r\/+C++HP2RzcZEuap1qxC56gZuJtA9cB94xTXqaRj+fZ9U0kS+8gJCSS5cuoZdKDDSNXBgSfMD4xe0ioewQRV4LqLX2VfYSUGnK4aDIdA14E3iedN18DVWmteP79F2X8LnneHtpiUa1ShAEqZGpYRg4jsP6+jrD4RBd17l48SLFYjE1N18IgWHo2PYOV68uMRrp1OtVcrkWauqk7eavoOKVVeKoNnupyzSQWKC\/R4UbNlHWXpE0Y6ZSGmiaT6HwFteuBfzHf1zhf\/\/XwzACSqU6rltDyjquO48KRcyiyDNBFUWwI5T5ZHH9usmPf9xF037OU08t8od\/+Ll9f\/PeeF+lUTIIkG++Cf\/4j3jf\/S7djQ36KJVqC0EN0OPLBYAtBFumyXouRzef51ouxxu5HNuGwdCyGObzhI0GlMu4OzswGFCMIjQpVSghZYQoMtPZy++lFQUaJ\/UAlVG32BvONOWQce2tLBbRGg3yhQKmYexapmlk0YUQRFGE53mEYYgQgnw+j6ZpsTuXjhy6ruH7PsPhiJ0dGI1MDEOVAkmZVhZdoMjUQUW0TRSZpxlmSHxKUFaphzKhTNJ389UCYhgjKhVJo5FjZydgYyPAcQx8v0QYNnHd4zjOcRxnHtedw\/dbRFGNvRBAiLKyuygTZpmZmVf5xjfq\/N3ffY5PfvIk+XzxFjIcINXtkmkEyJdfhn\/5F8If\/IDe1atcRxn486hhTR51iFo\/XykUeLHd5o25OWSng18qMQKkrqMJoYjX9xG+j25ZSMMgEAImXKA+jr0qvj2VlezZHEclh85e\/etRyKEBIgzB94nCMLXazv1INgoAqbn3t4JlgWFASk7TPkiUViQamvgraY9JUiKVBMEi0q3GHpNE6gQBeF6EYQhME4QIkTIkilRKeTjU2dw0WF4+zdraeWz7CVQlRLIQJc9yE1UQuMzc3Bpf+ILH3\/\/953niiftuW57bW9qiCHn1KuLpp5FPP83mwgI2ytGoc6MxvA28XKvxu1aLa60WK40G\/WoVUSigGQZGvOJrgBHvtkHT0GNN1Y9gwiZInKlxMk0b46QekV6d601yCIEWBCAE4YeITCdtkR4MVaxumjKesAIhZFqFDTEOItNUBRiTY5xM0yyJ2ieJVDvhpAwxTYFlCTQtZJzk8\/mAYtGj0bjC\/PyAtbXrbGw8xM7OeaScY890qZNkLlZWfH72s3XOn7\/M7KzB6dNn491d7473JFMJyG4Xvv99wv\/3\/3CvXKEXi3qSG7P0a5rGq8UiPz55kt+dPk3YbpPP5ahJifB9ROyuEWfsJYBpqiVfSpASK9bQNIfnoHLjNEqQP4xyJDQlISm0VO8f0SI37jilKcN4uEFKuWsVh6Fy\/ZUKj\/sTqUi17+ejMjwSOcwjlEHJYRiKQmL6IAzj3YJC\/axpUKtFNJtD5uev0mpdZmFhhStXfPr9TxEESa2uhYr\/qsr4tTWNp59epV53+Na32jSbtVuLEeM9yTQAoqtXyX3nO9jPPccKKp6YhHATLADPlsv88P778e6+m0aziRaGaFIi4m8ljsY\/ynAYjNUSf5yRkGlC5CrDr2KECdFnj+nDDUWyBrpe5vhxSaWyTKXyn7z22gIbG58HHmLPH2ygTMWAZ59dQohVHntsgQsXTqPrlXe9z3u7+ZcuEf30p7ivvcYwivBQ\/F1jb01aBX5ULPKL2VnebDQoA7V+H81xkGF4sGWVaWCGDzHGCVRKudvkIymXSt5P3svw4cGeM3NjJkLTIJ8HKXtUq306HQfPG9HrVVF+toaqnfWBPlLWefXVbZ5++h1KpQIPPPAByFQC+gsvEP33f9O1bRz2yoYT9dkGXs3nefrcOS51OjR1nWhjgy3fP5KMfIYMk8A4mWbk+dGGYeiYZokTJy6Ry414442TDIcmcAzFbMnmjGPYNnz729eYn2\/wwAN3825hjXclUzEcIi5eRPz61+wMh2ioiq3xYoHfN5v88u67qT38MA83GpRcV1mjUbS3LmTKl+EjhoMs071yqf1ufqbfH37sJQw1TUPXBZZ1jH5fUKn8hjfeaLC6OsdeYWQHcHDdbS5ehFde2WJ5eYHZ2Tk0bf9+ToVbkql0HORbbyHeeotgONy1ShNDN0CVEP+21eL1M2eYabWYyedB0\/aSFxkyfMSR1LsmZKpp2m6FQVobGDLcWSTDlstVMc0BZ89eZnv7d6yungROsbcRvgKUiaIib77Z46WXrvC5z9Wo198nmbK9jf\/LX+Jfu8aQvZ41Cbqaxs8LBX5Xr9PN54lWV+lFEVGmYBmmDLeKmWb4qEOgaQGa5lGpvE61WsC2\/5Qo6sS\/z6NKpmosLGzxi19c5\/77P0G9fvDVDiRTCcheD+355xktLjJgr2FJAjuX451Tp3BOnKDdbGJ6HloQHFHFWYYMdx7jbn6yC+ugBFSGjyoEui7J5YqcPOnhOJd5440NBoOETEuo7H6NlZUtXnmlS6\/n3vJqtyRTul20V1\/FW11lhGr+lfRjiYB1y+L63BxerUZD04h0PUs4ZZg6JO58QqCJmw8ZmU4DNE0d+1Kvb3DXXatcubLAYDCPItE8ytWvsLOj8847NltbfVSQ82bqfFc3n9VVfN\/HR4Vkk9a0C8DvwpA3ez3shQVq16+rpFOmXBmmDAmZ7s\/mZzHT6YAaSw0huvT7OcLwt6jkU7IjyiLpPbC66nLt2hq23aZU6tyUeLyZTKWE0Qi5vk4wdtTIeCuDbV1nu1olNzNDlM9jBQEy5V6XGTKkhSxmOv2wrBK6btFobOK6GzhO8hudpLGM40QsL2+zvr5Dsdi+PTIVm5uEa2v48fEQ+2lyVCqhzc1x9u678UslcikeZ5EhQ5rYv530oNKoDB995HIBrivo9QSDwWiMTEFZp+qskI2NIRsbA06evPkaB7r5otvF3N4mCsPd3qTJ1lEB9AyDTctSW02DgDDFYyQyZEgb43WmSQvADNOBZCgNQ42xru+g6zZ7xfkmKhFVJ4q69PsC2\/YPvNaBlqnX6zG0bWxNwwaErjMAalIy1DTWTJOVKGLQ6xEZBnp8amVWW5phGrG\/aH+8k1WGO4uj6AomJeRykiCAIHDR9XUMwyYMy2jaEHAJQw9dd\/F9Dc\/zOaj90E1kKoHrwyELjsNqsYguBPVKBU\/XqaBaqV61LJY9j3B9nVDTkP7BTH0nMb6NL2kOnGG6sX\/rZtrjftDefCCLmU4YRzHXTVNDSvC8Ifn8NdrtN4AmQgwJw1Vs+xLF4tsYxnGEOPjgvQPJdF3TeLvTYfXzn2euXqd96hRGpYKey6F5HtZrr1FaX8col5FCIKPJHZsw3nU9iiKCIMAwDEzTTPVMogzpIplM42N8FLHK8Wz++O6nzDK9sxi3+oMgwPf9m7yASY67rmtxy74u99+f4777oFhU3aaGwwKLi0W63SKnTuXJ580Dr3EzmQqBWy6zc\/Ikq6ZJ7Z57MB5+GG12FkoltMGA\/He\/S\/2llyhaloosTEixxuv7PM9jNBrhOA7lcplKpbJLsJliTw\/2TyrbtgmCAF3XqVQqGCkdn7JfJhVP09F1PdtOOiEkyb1er0e\/38cwDHK5HPm8Oi10MnNdxiSqE0URlmXy8MNlvvlNwcwM+L7G1laO114r8847NTqdJtVq+UA5biJTARzrdFioVPjtCy9waThEG41ozsxQKBRwHIeFt99me3OTsFxWp7FMUKlE3Ol9Z2eHnZ0dhsMhjUaDTqeDaZqZUk8phBD0ej2uXr3KcDgkn89z5swZqtVq6uOdkGky2bOi\/TuPJLHn+z5LS0usra1RLBZpNpu02210Xb8h1HJnIdE0AyklvV6fq1eX+NWvLlKtVgjDkG63x6VL77C9vcOpU\/czM9O6PTIF8ByHyHEo6zr1fJ5msUgjn6eYz+MAlVyOnGWh6+rYAG1CSjVeIA0QBAGO4xBF0a6rn4QAMkwPEstU07RdjyR5z7Ks1MM74zHTbAfUZJA80ySUNxwOMQxFT4Zh3OCRTOr+UsrYGi5RKs1QKFQIAh\/fNygUNrFtD9f1cV33QM\/oZjdfSq5cucLq2honTp7k\/PnzfPrTn6bRaGCaJmEYsrm1Rb\/fBybb3zGZQMkDTNz+mZkZ2u327nuZUk8PEl0yTXPX5atWqxSLRdrtNtVqFT9OeKYx7lmdaToYN5wGgwGe51GtVmm1WjQajV2jaVLPfPz699xzD1\/+8pcpFAqEYYht27TbbV599VW63S7Xr1\/nzJmbk1AHWqZJLDK5ia7rmKYKuuq6znA4ZGVlheFwSBiGu8o1qS8J4Louo9GIIAjY2trC87yMSKcYmqaOWB6NRkRRxGg04urVq7uJxzSR7YBKBwmZ2rZNFEUMh0NWV1fpdrtAOouX67rce++9u5x2UJz8Vvp3IJkmZrXruvi+MmuTLHoYhjiOw2AwwLZtwjBMRbkSUi+VSkRRRLfbTeX89AxHByEEpmnuLuTD4fBIFs9Ez8aTYxnuLMYPMBRCUCqpHnUJ\/6SFZAF3XXc3pOS6Lp7nEYYhhmHc0ni8JZmOB9rHIaWkXC4zPz+fWlZ1\/DCzZHXIrNLpx1HXmSYyZC340sP+RjLjIb5J31dKyWAwoFarHWh9jsfyD8Itu0btV+JxRFG0e5Z6WqVJ44SaEenHAwfpVdo1pvtjppqm7U60TAcng\/1dudKKjYNKcr9XGOlWfHdwP9P3IKvEFPZ9P6vzzDDVOGjxzvbnTx8SDhsOh3ie966cdquxf++jng+AZVlUq9WMRDNMNcb1e\/\/efMgs02lCsmj2+30KhcKhxvZQZJq4PcmKnQXkM0wrxjO4WQJqujHOa4cxFA9Fpq7rsr29nUppVIYMR4mMTD9e8DyP4XCYHpmqc6f13cLqTLkyTBvGS3UyMp1ujFuiSdXGYXAoMjUMg0KhgGmaWcPcDFOLg1rwZTHT6USyaCZGYmoxU9M0KRaLuz9nK3WGaUbWHPrjgaQyKZfLpUemSTOCLAGV4eOAbAfU9CPZmx8EwaFd\/UORaVJnmhBqplwZphn7yTRrDj29GA6Hu4103i8OnYBK2mNlZJph2pE1Ovl4IGnBd9jx\/UBuftLXT9f1LBifYSox3pptf8w00\/npQ7Kr8zA4tJs\/GAx260yzlTrDtGPcMs1c\/OmEEALXdXFdN72Yqa7ruxmv5GycDBmmCeO1h+9WGpUR60cbiXcx3kgpCWG+XxyaTC3L2nV1Mss0w7Qi67T\/8cB4QxvDMNIvjfJ9PyPTDFOP\/ZZpQqwZpg++7x96fD+Qmz++AypDhmlFls3\/+EBKuXuyw\/vFobeTJm4+3LpZaoYMH3XsP\/cn2046nUjGOTmeaaJu\/nig1rbtGw7Uy1bqDNOOLJs\/\/Uiy+ffee++hOO1Qlul4ljNbnTNMO\/breUam04kPymW3TabjClSpVDh+\/Pjue5llmmFakRTtJ4X7yYFqWdH+9CGKIvr9Po1G41CF++\/bMk3KRJJ9+ZCt1BmmFwf1M81Ko6YPyaKZZPNTK9r3PI9+v4\/neakWLr\/biakZphNHOebZGVBHg6MY8+Seo9EI13UPdY0DyfSgIPv4lwqCAMdxGA6HRFGUmpufkenHD0c95lk2\/2gwnpdJ856u697ZrlG+7xMEAZqmYZomlmXtbrEyDINcLkexWNztsD9pMh2PW4VhiGEYGIZx6IYEGT78uNVxIWnHKrNjS9KFpmmEYbjraicx6rTGXNd18vk8uVxuVx7LsrAsC03TCIKAIAgO\/NsDyTT5MsnFki+YEFhy1HOlUtn9zKSQWMme5+E4Dq7rUiqVKJVKuwqeYfqg6zpBENxwaGOxWMQwjNR3ICVkmvUynSySeHTSRMmyLHK5HJZlTbxyKDHYkqOeEySe9\/i24lvp34Fk2mg0KJVKXF9cZGFhgWqlQrPZpFgsMhyNWF1dpd\/vT7zBSaK0URTR7Xbp9\/v4vk+5XKZWq93QHyDD9GEwGLC8vMxoNCKXy3HXXXdRqVRSH+9xMk2Mi+T9DHcGifXp+z7r6+tsb29TKBSo1Wo0Go3dNp+TeuYJjwyHQ9bX13nrrUtUq5U4P2Rz+fIVNjY2mZ+fo1qtHrig3kSmQgjq9TqlcpmdXo9r169TKJXYjhl7NBqxsbWF63kUYwZPY8VwXXe3C3Yul7tBsTN3f\/qQjHtipSQWQmKlQHpkllgk431N07z\/xwHJc42iiNFoxM7ODkEQkMvldsd+0mQKieG2w+XLb1GtVvD9gF6vx7VrV9je3uDs2dNUq9UDr3GgZVooFLByOWzXRev1WNvZwQHy+Ty+5+EEAVYuR7VanSiZJS5VEi\/VNA3P85ifn2d+fn73c5lSTx9M06RcLuP7Po7jUC6XOXv2LLVabTdBkMa4JxZLclSP53lZadQEMB4+GY1GjEYjarUarVaLZrO5yzOTeua6ru+WRkkZsLOziuf1CcOQft+m19tgNLIxTYNCIX\/gNW4iUwksr6+zsrmJlc\/TabU4NTdHI3bzR6MRb128SLfbZWjbE18tEmVOShaiKGJ7e5sgCG5ICmSYLui6jud5uK5LGIaMRiOuXbvG2toaYRimWjKTWKau6+4mZiEj0zuJ8Xi0bdu7htPW1haO4wCT3XGZjOlg0KfVajI3d4pqtYbn+ZRKfWzbJwiW6fV6bG1tcfz4iZuucbNlKiX2+jrB0hJ3DQacHQ45a9u0DYNKEGCPRvy618Pb2aELhFGEmLBSjT\/o5GHbY0Sekel0YnzMPc9jaWnpyAhs\/9ElGe48xse7UCjsxjAHg8HExz1JMg2HI7rdHP3+PcAMvu9i21sMhw7DocvKSp+Njc0D5bmJTDXgQdOkub3N2tNPo3sebq1GqOuEQCQE1VyO450O8tw5pGEgDlnk+n4w7gZkSj39OOgk0KOo3sjqTNNHQmyQ3phblkYYSq5e3eKllyr8\/OcSiBAiIIr69HoDcrmQJ5\/UefTRg\/c63ZyAAmaLRUqaRmN5ma6UiI0N8kABFQYoNxoUKhUcIYh0PZW6u4OIMyPT6cb+MqSjGO\/xNpPJKyPTyWI8vJdWjamuC6QUBEGBlZUKS0sVoAREQA5iBhwO89xq4+jN7wqBVq1SajTQ8nn00QgfqMaXtICSlNDrsbWxQWBZGJ43mW+YIcOHAPtjdVnR\/vTBsiRBoLG9nSMIKkAb5adrwBCok893saw8um6izM4bcTDFNptozSaWEEjARVmkxJeouy6dKGLUaBCWSuRdl2yNzjCNGE9AZZbptEKQy\/k4juDSpTKeV0eRKCjLtA9sAtvU63dRq+UOvMrNS6wQyGYTWi000yQCPCCp+ZdAy\/OYdV1kGBJxY4wjQ4ZpwXiYIdPv6YRaHAVCqJ1NjtPBdVvsmY8RyjK10bQRnU6RVqvEQepwoJsvCwXodNCrVfRuFy2+JCjLdC4MaWxusnjpEv1KhTpHkxzIkGHSyFrwTTuUp6HrOwwGedbWLjAadfZ9RgMMLKvI\/HyLubnG7e2A2kWjgTx1CnNzE3M4ZAiYqDBsC7jLcSitr+Pm85iNBtLzIAw5kLIzZPiIItk0Ml5BksVMpwMqwSWwLJ1+32BrK89weBo4xl5MdAQ4QMj8vMn8fItcrsFtx0wFIGs1ogcfxFpcpHDlCgNAR5EpwHwQ8Ilul4WTJ6HdxnRdtCBAZmSaYcowXhoFTLwnRYZ0ICUYhiSXk4xGFr1ehyA4A5TjTwyBHaBPqxXyiU\/kaberKCa8GbckU1GrIS5coPLb3yKuXGF534frQcAXt7b4xXDIG7pOqVjECgL87EzxDFOC8brmpFNQ5uZPD4QwMU0fy+oyGp1kff0xfL819okBsAVsc+wYPPponVrt1sdA39rNr9Xg0UfJ\/fjHhL\/8JREqqx+ieLksJedHI64tLfFWo8Fofp7QstCDAKREkgXtM3x0Mb4pZH9pVNZY56MMiZRqXC3LxfMcVlZ8lpZOYNsXiKKkiUmEcvG7QJcTJwo88cRxarWD9+XDu5FpPg8PPQTnzmHm8+QcB4ni6mL8hx3gzOXLzNo21z\/7WfqdDlXPQ8RkmiHDNCCrM502JAeB2mxuBvz611VWVk4SRafj30sUkQ7i15AzZ2a5cOEs1Wrxlld91zOghK4TPvYY4de\/zsyPfoQ9GLAC3MVeVOF8GKLt7PA\/16\/zTi7HoNkk5\/uYnkeUkWqGKUBCptkW5o86BKBhWQGm6dPreVy\/foz19a\/jOBfGPucBG8A6+fyACxdyPProDPV6G5WGPxjveaBe9MgjyG98g+qrr+JfusQOKixbRBUMNIHPeR7r168T6jpXpMQzTUwp0aRES1yipAfkYZ5BhgxHhFtl87Om5B8FJDXC8U9CIkREFPnYtmBx8RgLC48xGn0RqMV\/k\/jfW8Aq7faQJ588xmOPzfNuRAq3Qab6iROIL8ITdvsAAAxQSURBVH4R+d3vkltcpOo49ONbdmJxjSjia8vL5Le3+c+rV7l85gxeu01VCHJhiBg7FjpTvwwfNUgJUu5VWmtaZp1+dCDipKFA1300rcvmJiwszLOx8SUGgy8RReWxz2+jrNIBsMHZs4I\/+qPz3H\/\/zS339uM9yVQDOHYM78\/\/HMv3mXnmGbZQG6wsoBJfpBZFXBgOCVyXF4XgnSjCO3GCqNlE6Dq6EJhSYkmJkFKVXyktHfve4safM2Q4QiQWjZQc2DUqw4cJEkWc6idlhQYI4SOlh5Qhg4HBtWt1rl07xfLyp3Hdx4GZ+O\/VtlEhuki5DizxxBNF\/vRPZzl9usNtUOVtfAIQuRzRN7+JadsUX34ZZ22NHorDARrxv\/PA\/wlD7l5d5X+FYKHTYXNmBrdcxszlsDQNIyZT9f0lRBFEEULTkHEvgKOAGPtXcnQW9IdJjkSWo5VDoCERREC6MXghEjdfEoaKTDVNoGl6vO6n\/VTGR+Qo8eGRI4qSygs1XsprkDGZhkSRj+e5OA70ehWWls6wvPw4rvvpfdfqAxtIuQOsUyxu8id\/co4\/+7P7KRZvncG\/QRp5mxoRAeHrrxN85zto\/\/ZvjBYWWEc91vEeK6BKqLYsi41Khd+Xy7xRqTDqdNiuVlkxTUaGgRQCExCOA46DWSpBPo8rxG7hf1pDJcZeZvxd\/RTvv18OPX6FQHBEciQyiFiGgw+3nawMxDIUcSkwQhKwt7E5JTmERhQJwlC5+kJIdF0tL+k7UQbqiURjr6MgtFwsh4\/S0rTHRJU3SZnDcQT9vk+hICgWJUL4RBEEgUUQzGDbddbXq\/R6Z+j376HfP4XrdpAyIUgJbMYW6RZwmbk5m7\/4ixJ\/9VeP8Nhj5ziohcmBct0umQKEvo\/3xhtY\/\/RPBN\/7Httra9ixOA1Uhj\/H3kQIgSvAO4bBsNlkrVLhsmnS1TRGhkFQKKAdO4bWbtO9fh2xscFMEKBLSZRi1lTAbkMXGxW+SKrNUrWEUOrpogozSux1VExThqRTmBffu4ga1\/TlkLhIVmmxJjogi4hdMpk0ErdRJ4ocoqgfn1BqoGkF1ARLUzuSVnAj1JKfNMRMZE0DyZzsoTQk0QwjRRlASoEQEYbRp9GImJ8vsLUlWVkB1zUIghxhWCUIjjMYdNjaquG6p4BT7M1s2Jvxm8A6KuG0yh\/\/cYW\/\/dtP8qlPnaNYrNy2XLfl5ifQTZPc\/ffj\/c3fQLVK51\/\/FbPbZR1YjsWcQz1eUGvXWeBMEKCtrzNcX2cd2JaSTdNkpd3G+OIXMZ98kuf\/\/d8xXniBr3W7FIMAP+W4lC8Em1LyKqr3wCPsWWWTpnXJ3tS0gSXgMnAOuC+WIZqwHMlUSOyNFWAVNXU\/gQrhJNb6pOVILGOPkHVC\/i9\/wIt8EZ270SmlKokQJlKuIuWb6l1ZB46jtDwte11DPZG3UebJDDDLnj+Y1q7DhC5+hdLS+1CFkuOF7pOHlCa67lIuv8DXvubyl395D9\/\/fsgLL8DGxhy+P4MQdZTWluPk4XjgCtQzW0URaQCsUCgs8a1vFXjqqTM8\/vh5dP39cdD7IlMATdcxHnoIdB2qVcr\/8z9ozz9PH9UO4CqQE4ISUJOS3TaqUlIETqDUoB8EtABrdhbzwQe5Xq+jhyEPOA4V1LqXNjbi79AGHozlTktNE4twhCo3kygyfZB0HSlFYkqGGsoGuQ84Sbqhj4TU14EfUAU+QcgnCCnHv0kDAjVFGqhRsFA1LCdRZJqmdiSdMXIoAjuGWvbHe7pNGkZ8r3WUdfww6lkk1lta2mEShiOiaJuZGZ9HHvk0r7wSIEREEMwDFaS02KO3hBRDVGzURmXru6gSqE3uu8\/n61+f56mnzvHIIyffN5HCIcgUwCgWkY8+Sjg\/T65UIgeYly+zvbXFdhDgSLnrIhZQjz3pWZ2ohKnruKaJVSph1utUikV0XaepaehRxO2FfO88GkCdPfVIGyXUMNdiOW6932KySPZ\/iFiOQvxKG0qH8qiRafBetX6TQT1+5VFLbZvJ+ysHoYWa\/G0UqdePQAZQ49AbkyP92appZQyjSbns02p1qFZDTDNE1zsEwXigMYkt+6gwySbKbNpG10NqNZfjx0c8+WSbb37zHA89dC+GcTgdOxSZQrxmz80R\/fVfEz3+OLlvf5vZH\/yAmddfp4t61Mvx1zBQpFBEPfYiyrDuRxFmEGD4PqMwxIxJuEC6az4oa2wHtWaVY7nTdKASy7SPenYj9qxzSbqWqYt6Dn0UoTrx79JMdyRyqOicH0vkoMg0zVHRYkkGqAmZ+E35FOXQYlkc1HPoopbbMqQWQya+VxJRH8ZyJFkGSF87HMJwRBDsEAQhqnqtgWKcIXsE2t\/9vJJ3C9ji+HGfr361ybe+9QgPPHCcZrN5aCKFD0Cm6jvp0GwiPvMZNF1HO3UK61e\/grffxlhcxFlZwZMqBxui1HEUfx03DFlxHLTNTcTiItdWVsj1eixG0a66pjE0SSTFQUWBrqKG4DpKhdPKpicx021UvPQKezHoJGaahhwG6tlfi182e3HwxNtIAyZqTK4BW2wDCyhLrEZ6QSCBIorF+P4WajTy8SutcIOOGpnr8SuJ5Ke55Ce1LjKWYREVkzRRszqtJV+NSRQN6fWusbIy4urVGdbXIxxHVV2oZ5IsvjZqVjlAQLsdcvy4zt13N7hwocETT8zz+OMnKBTGjyo5HD4YmSa3Nwzk448TfupT8JWvUHz2WYq\/+AW8+CLBygoDx2EQRYykxJMSJwzpaxprnoe7tIT32musbGxghSGvaRqlKMIbK4+alEOVJH4SMl0XgkUh8KSkFW8sCMY+Owk5xhM\/EmUdL8ZylKWkNLYYpSGHiSLN60KwIgQDoC4lIylvWOAmLYcFeEiWBdhiAFyBKIegzN5Sm0YqLIcQywhxDTCR0okTGiZ7ZDqpJ5FcV3V6F+IdhFgCnLgQvRf\/PpyQDPvlUBkQTbuGEKtE0WWkDIE19tzpycshpYUQDlG0yOamw+uvl1leDvF9gaYNCEMdXR8ghIsQQzTNRtcj2m2dCxfyfOELs3zhC2f55CfvpVAov\/tt3wfeV2nUe0ECuC5iexvW12F5mfDKFcLLl4kWF5ErK0Rraxjr62wMBvzCMHjz8cfZ\/Oxnia5cwbx4kfzrr4PjQLxrKnF\/JwEBRFKq9dQwkOUybqeDNhhgLS6ClAhNUwvGhEu1oigiEgJRKBDW6\/jNJvraGubKCmgaWizHpK3TKIqIdB1ZrxOWy4SGgbm6it7rIXQdbYJjMr5RQYYhmmWgNWq8WrrAS\/Jh1pbBHUkMI1kCJyuJagotqVZDOp2AMJTYtsbWlk4YanGSYpJ6oaxPJQfMzATMzAQ4jkGvp9HtSiA5an2SMwUgIorUNDh92qFWC1lbs9jZ0RgMiEvG0tDQkCAAy4Jz5wLOn5c88IDOc8\/1efZZgeueplDI02r5zMwYzM8bnDxpcfp0i9On5zhxok2nU6HRKFAolLiT43dHyXQ\/JCDVRli0pSVYWVEku7HByLb5TRhyaXaWnZMn6eTzaJubrL\/+OoHjIDQNQ9P2tp1OAAmZBoBpmuQrFUqdDo5ts3PtGkiJrmnoE95EIIAwJvV8qUShXiffaNBfW6O7vIweLyyJEzJJdQ2jCHSdcrNJrlxG6Drd1VVG3S6mYTBOH3dajuS6ERCGIaZlUp1p0i+dYCVqsbK8iTP04rjWJJ\/GniRhGFCt5pmbqxKGEf3+iK2tAUHAviN\/J\/c0pIyIoohWq0SrVcZxQnq9ITs7A6TU0bRxB3NScoRxnS2cOdOgXi+ytjZge3uAbTtomoUQkyTTZLEICcMIy9I5d67F3JyOrve5fLmHmrJzlEoFZmYEMzMWc3N5TpwocupUm9nZWSaZWp4omQJ7W0bjffhRfLswDHE8jyCKQNMo5vMgBAPPUxMa0MY3R09KPBRZ64aBZRjkhMAPQwaeB\/HplLtr16TlAHKmiaXrGEIw8n1Gvq+swXHLeIJyRHFnpKJlYeo6SMnA83DDUHkKKcqhaxoFy8LQdKIowvNsoihAiPSODZEyRNdzWFYJISRh6OF5Q6QkJo\/J4MbHLJEywjAKmGYBRfIunjeKxyMNOfZ6uppmCcOwkNInCFx834utUm1yhs8+OYTQ4jHR8TyPMFQRfcMw0HULTTPj02X3tgWrraaT8yQmT6YZMmTI8DHA\/wcN86PqR1Dx8QAAAABJRU5ErkJggg==' alt='' \/><\/p>\n<p><strong>Caracter\u00edsticas:<\/strong><\/p>\n<ul>\n<li><strong>Director de tr\u00e1fico (Interconstruido Rojo\/Azul)<\/strong><\/li>\n<li><strong>Luces LEDs con certificaci\u00f3n SAE CLASS I<\/strong><\/li>\n<li><strong>22 Modulos<\/strong><\/li>\n<li><strong>132 LEDs @ 3 W c\/u<\/strong><\/li>\n<li><strong>45 Patrones de Destello<\/strong><\/li>\n<li>Luces de Penetraci\u00f3n<\/li>\n<li>Luces Callejoneras<\/li>\n<li>Chasis de aluminio<\/li>\n<li>Domos y base de policarbonato<\/li>\n<li>LEDs \u00faltima generaci\u00f3n<\/li>\n<li><strong>Longitud 46&#8217;&comma; Altura 4\u201d y Ancho 13<\/strong>\u201d<\/li>\n<li>Rango de temperatura: -40 a 70 \u00b0C<\/li>\n<li>Montaje de gancho<\/li>\n<li>4 m de cable<\/li>\n<li><strong>Incluye controlador <\/strong><\/li>\n<li><strong>IP65 ( Encuentre certificacion adjunta en Descargas)<\/strong><\/li>\n<li><strong>Certificacion SAE ( Encuentre certificacion adjunta en Descargas)<\/strong><\/li>\n<\/ul>\n<p><strong>Especificaciones T\u00e9cnicas:<\/strong><\/p>\n<p><strong><span style='font-size: 12pt;'>Volataje: <span style='color: #222222; font-family: Arial&comma; Helvetica&comma; sans-serif; background-color: #ffffff;'>10 &#8211; 14.8 Vcd<\/span><\/span><\/strong><\/p>\n<p><strong><span style='font-size: 12pt;'>Consumo: 11 A<\/span><\/strong><\/p>\n<p><strong><span style='font-size: 12pt;'>Dimensiones: 46&#8242; x 4.2&#8242; x 11&#8242; (Ancho x Altura x Profundidad)<\/span><\/strong><\/p>\n<\/p><\/p>\n","protected":false},"excerpt":{"rendered":"<p>Barra de luces LED de 46&#8243; Rojo\/Azul , De 132 LEDs, Controlador Incluido, Ideal para Equipar Unidades de Seguridad Publica<\/p>\n","protected":false},"featured_media":52394,"comment_status":"open","ping_status":"closed","template":"","meta":[],"product_brand":[],"product_cat":[1358],"product_tag":[1356,1237,1359],"class_list":{"0":"post-52395","1":"product","2":"type-product","3":"status-publish","4":"has-post-thumbnail","6":"product_cat-rojo-azul","7":"product_tag-barras-de-luz-torretas-vehiculares","8":"product_tag-epcom-industrial-signaling","9":"product_tag-rojo-azul","11":"first","12":"instock","13":"sale","14":"shipping-taxable","15":"purchasable","16":"product-type-simple"},"_links":{"self":[{"href":"https:\/\/soydeaqui.ddns.net\/pachuca\/index.php\/wp-json\/wp\/v2\/product\/52395","targetHints":{"allow":["GET"]}}],"collection":[{"href":"https:\/\/soydeaqui.ddns.net\/pachuca\/index.php\/wp-json\/wp\/v2\/product"}],"about":[{"href":"https:\/\/soydeaqui.ddns.net\/pachuca\/index.php\/wp-json\/wp\/v2\/types\/product"}],"replies":[{"embeddable":true,"href":"https:\/\/soydeaqui.ddns.net\/pachuca\/index.php\/wp-json\/wp\/v2\/comments?post=52395"}],"wp:featuredmedia":[{"embeddable":true,"href":"https:\/\/soydeaqui.ddns.net\/pachuca\/index.php\/wp-json\/wp\/v2\/media\/52394"}],"wp:attachment":[{"href":"https:\/\/soydeaqui.ddns.net\/pachuca\/index.php\/wp-json\/wp\/v2\/media?parent=52395"}],"wp:term":[{"taxonomy":"product_brand","embeddable":true,"href":"https:\/\/soydeaqui.ddns.net\/pachuca\/index.php\/wp-json\/wp\/v2\/product_brand?post=52395"},{"taxonomy":"product_cat","embeddable":true,"href":"https:\/\/soydeaqui.ddns.net\/pachuca\/index.php\/wp-json\/wp\/v2\/product_cat?post=52395"},{"taxonomy":"product_tag","embeddable":true,"href":"https:\/\/soydeaqui.ddns.net\/pachuca\/index.php\/wp-json\/wp\/v2\/product_tag?post=52395"}],"curies":[{"name":"wp","href":"https:\/\/api.w.org\/{rel}","templated":true}]}}