{"id":52348,"date":"2026-03-18T23:33:52","date_gmt":"2026-03-18T23:33:52","guid":{"rendered":"https:\/\/soydeaqui.ddns.net\/pachuca\/index.php\/producto\/nuevo-localizador-vehicular-2g-y-4g-lectura-de-obd-combustible-temperatura-rpm-vehiculos-ligeros-sensores-bluetooth\/"},"modified":"2026-03-18T23:33:53","modified_gmt":"2026-03-18T23:33:53","slug":"nuevo-localizador-vehicular-2g-y-4g-lectura-de-obd-combustible-temperatura-rpm-vehiculos-ligeros-sensores-bluetooth","status":"publish","type":"product","link":"https:\/\/soydeaqui.ddns.net\/pachuca\/index.php\/producto\/nuevo-localizador-vehicular-2g-y-4g-lectura-de-obd-combustible-temperatura-rpm-vehiculos-ligeros-sensores-bluetooth\/","title":{"rendered":"Nuevo Localizador Vehicular 2G y 4G \/ Lectura de OBD \/ Combustible \/ Temperatura \/ RPM \/ Vehiculos Ligeros \/ Sensores Bluetooth"},"content":{"rendered":"<div style='width: 100%; max-width: 1200px; margin: 0 auto; font-family: sans-serif; line-height: 1.6; color: inherit; background-color: transparent;'>\n<div style='display: flex; flex-wrap: wrap; gap: 30px; margin-bottom: 30px;'>\n<div style='flex: 1 1 300px; min-width: 280px;'>\n<h3 style='font-size: 22px; border-bottom: 2px solid currentColor; padding-bottom: 5px; margin-top: 0; color: inherit; opacity: 0.8;'>Caracter\u00edsticas<\/h3>\n<ul style='padding-left: 20px; font-size: 15px; color: inherit;'>\n<li style='margin-bottom: 5px;'><strong>Marca:<\/strong> RUPTELA<\/li>\n<li style='margin-bottom: 5px;'><strong>Modelo:<\/strong> LCV5<\/li>\n<li style='margin-bottom: 5px;'><strong>Tipo:<\/strong> Localizador vehicular<\/li>\n<li style='margin-bottom: 5px;'><strong>Red:<\/strong> 2G y 4G LTE CATM-1<\/li>\n<li style='margin-bottom: 5px;'><strong>Interfaz:<\/strong> OBDII&comma; CANbus&comma; RS232\/RS485<\/li>\n<li style='margin-bottom: 5px;'><strong>Aplicaci\u00f3n:<\/strong> Veh\u00edculos ligeros<\/li>\n<\/ul>\n<\/div>\n<\/div>\n<\/div>\n<div style='display: flex; flex-wrap: wrap; gap: 30px; margin-bottom: 30px;'>\n<div style='flex: 1 1 300px; min-width: 280px;'>\n<h3 style='font-size: 22px; border-bottom: 2px solid currentColor; padding-bottom: 5px; margin-top: 0; color: inherit; opacity: 0.8;'>Especificaciones t\u00e9cnicas<\/h3>\n<ul style='padding-left: 20px; font-size: 15px; color: inherit;'>\n<li style='margin-bottom: 5px;'><strong>Conectividad:<\/strong> 2G y 4G LTE CATM-1<\/li>\n<li style='margin-bottom: 5px;'><strong>Interfaz:<\/strong> OBDII&comma; CANbus&comma; RS232\/RS485<\/li>\n<li style='margin-bottom: 5px;'><strong>Alimentaci\u00f3n:<\/strong> 12V DC<\/li>\n<li style='margin-bottom: 5px;'><strong>Temperatura de operaci\u00f3n:<\/strong> -40\u00b0C a +85\u00b0C<\/li>\n<li style='margin-bottom: 5px;'><strong>Protecci\u00f3n:<\/strong> IP67<\/li>\n<\/ul>\n<\/div>\n<div style='flex: 1 1 300px; min-width: 280px;'>\n<h3 style='font-size: 22px; border-bottom: 2px solid currentColor; padding-bottom: 5px; margin-top: 0; color: inherit; opacity: 0.8;'>Caracter\u00edsticas destacadas<\/h3>\n<ul style='padding-left: 20px; font-size: 15px; color: inherit;'>\n<li style='margin-bottom: 5px;'>Lectura de par\u00e1metros OBDII<\/li>\n<li style='margin-bottom: 5px;'>Lectura de combustible&comma; temperatura y RPM<\/li>\n<li style='margin-bottom: 5px;'>Instalaci\u00f3n r\u00e1pida con arn\u00e9s OBD (no incluido)<\/li>\n<li style='margin-bottom: 5px;'>Compatible con sensores Bluetooth<\/li>\n<li style='margin-bottom: 5px;'>Dise\u00f1ado para veh\u00edculos comerciales livianos<\/li>\n<\/ul>\n<\/div>\n<\/div>\n<hr style='border: 0; border-top: 1px solid rgba(150&comma;150&comma;150&comma;0.3); margin: 30px 0;'>\n<div style='display: flex; flex-wrap: wrap; gap: 30px; margin-bottom: 30px;'>\n<div style='flex: 1 1 300px; min-width: 280px;'>\n<h3 style='font-size: 22px; border-bottom: 2px solid currentColor; padding-bottom: 5px; margin-top: 0; color: inherit; opacity: 0.8;'>Aplicaciones<\/h3>\n<ul style='padding-left: 20px; font-size: 15px; color: inherit;'>\n<li style='margin-bottom: 5px;'>Monitoreo de flotas de veh\u00edculos ligeros<\/li>\n<li style='margin-bottom: 5px;'>Seguimiento de par\u00e1metros de rendimiento<\/li>\n<li style='margin-bottom: 5px;'>Control de combustible y mantenimiento predictivo<\/li>\n<li style='margin-bottom: 5px;'>Integraci\u00f3n con sistemas de telemetr\u00eda<\/li>\n<\/ul>\n<\/div>\n<div style='flex: 1 1 300px; min-width: 280px;'>\n<h3 style='font-size: 22px; border-bottom: 2px solid currentColor; padding-bottom: 5px; margin-top: 0; color: inherit; opacity: 0.8;'>Compatibilidad<\/h3>\n<ul style='padding-left: 20px; font-size: 15px; color: inherit;'>\n<li style='margin-bottom: 5px;'>Sistemas OBDII<\/li>\n<li style='margin-bottom: 5px;'>Sensores Bluetooth<\/li>\n<li style='margin-bottom: 5px;'>Sistemas de telemetr\u00eda<\/li>\n<li style='margin-bottom: 5px;'>Software de monitoreo<\/li>\n<\/ul>\n<\/div>\n<\/div>\n<hr style='border: 0; border-top: 1px solid rgba(150&comma;150&comma;150&comma;0.3); margin: 30px 0;'>\n<div style='display: flex; flex-wrap: wrap; gap: 30px; margin-bottom: 30px;'>\n<div style='flex: 1 1 300px; min-width: 280px;'>\n<h3 style='font-size: 22px; border-bottom: 2px solid currentColor; padding-bottom: 5px; margin-top: 0; color: inherit; opacity: 0.8;'>Instalaci\u00f3n<\/h3>\n<ul style='padding-left: 20px; font-size: 15px; color: inherit;'>\n<li style='margin-bottom: 5px;'>Instalaci\u00f3n r\u00e1pida mediante arn\u00e9s OBDII<\/li>\n<li style='margin-bottom: 5px;'>No requiere configuraci\u00f3n compleja<\/li>\n<li style='margin-bottom: 5px;'>Conexi\u00f3n Bluetooth para sensores<\/li>\n<li style='margin-bottom: 5px;'>Dise\u00f1ado para veh\u00edculos livianos<\/li>\n<\/ul>\n<\/div>\n<div style='flex: 1 1 300px; min-width: 280px;'>\n<h3 style='font-size: 22px; border-bottom: 2px solid currentColor; padding-bottom: 5px; margin-top: 0; color: inherit; opacity: 0.8;'>Mantenimiento<\/h3>\n<ul style='padding-left: 20px; font-size: 15px; color: inherit;'>\n<li style='margin-bottom: 5px;'>Dise\u00f1o robusto para entornos exigentes<\/li>\n<li style='margin-bottom: 5px;'>Protecci\u00f3n IP67 contra polvo y agua<\/li>\n<li style='margin-bottom: 5px;'>Temperatura operativa amplia (-40\u00b0C a +85\u00b0C)<\/li>\n<li style='margin-bottom: 5px;'>Materiales resistentes a vibraciones<\/li>\n<\/ul>\n<\/div>\n<\/div>\n<\/div>\n","protected":false},"excerpt":{"rendered":"<p>Nuevo Localizador Vehicular 2G y 4G \/ Lectura de OBD \/ Combustible \/ Temperatura \/ RPM \/ Vehiculos Ligeros \/ Sensores Bluetooth<\/p>\n","protected":false},"featured_media":52347,"comment_status":"open","ping_status":"closed","template":"","meta":[],"product_brand":[],"product_cat":[1346,1388],"product_tag":[1350,1349,1351,1389],"class_list":{"0":"post-52348","1":"product","2":"type-product","3":"status-publish","4":"has-post-thumbnail","6":"product_cat-iot","7":"product_cat-trackers-gps","8":"product_tag-gps-y-telematica","9":"product_tag-iot","10":"product_tag-ruptela","11":"product_tag-trackers-gps","13":"first","14":"outofstock","15":"sale","16":"shipping-taxable","17":"purchasable","18":"product-type-simple"},"_links":{"self":[{"href":"https:\/\/soydeaqui.ddns.net\/pachuca\/index.php\/wp-json\/wp\/v2\/product\/52348","targetHints":{"allow":["GET"]}}],"collection":[{"href":"https:\/\/soydeaqui.ddns.net\/pachuca\/index.php\/wp-json\/wp\/v2\/product"}],"about":[{"href":"https:\/\/soydeaqui.ddns.net\/pachuca\/index.php\/wp-json\/wp\/v2\/types\/product"}],"replies":[{"embeddable":true,"href":"https:\/\/soydeaqui.ddns.net\/pachuca\/index.php\/wp-json\/wp\/v2\/comments?post=52348"}],"wp:featuredmedia":[{"embeddable":true,"href":"https:\/\/soydeaqui.ddns.net\/pachuca\/index.php\/wp-json\/wp\/v2\/media\/52347"}],"wp:attachment":[{"href":"https:\/\/soydeaqui.ddns.net\/pachuca\/index.php\/wp-json\/wp\/v2\/media?parent=52348"}],"wp:term":[{"taxonomy":"product_brand","embeddable":true,"href":"https:\/\/soydeaqui.ddns.net\/pachuca\/index.php\/wp-json\/wp\/v2\/product_brand?post=52348"},{"taxonomy":"product_cat","embeddable":true,"href":"https:\/\/soydeaqui.ddns.net\/pachuca\/index.php\/wp-json\/wp\/v2\/product_cat?post=52348"},{"taxonomy":"product_tag","embeddable":true,"href":"https:\/\/soydeaqui.ddns.net\/pachuca\/index.php\/wp-json\/wp\/v2\/product_tag?post=52348"}],"curies":[{"name":"wp","href":"https:\/\/api.w.org\/{rel}","templated":true}]}}