{"id":52339,"date":"2026-03-18T23:33:36","date_gmt":"2026-03-18T23:33:36","guid":{"rendered":"https:\/\/soydeaqui.ddns.net\/pachuca\/index.php\/producto\/localizador-4g-lte-obtenga-informacion-de-la-computadora-del-vehiculo-lectura-can-obd-y-lcv-sensores-bluetooth-vehiculos-ligeros-vehiculos-pesados-rs485-rs232-analogico-rfid\/"},"modified":"2026-03-18T23:33:45","modified_gmt":"2026-03-18T23:33:45","slug":"localizador-4g-lte-obtenga-informacion-de-la-computadora-del-vehiculo-lectura-can-obd-y-lcv-sensores-bluetooth-vehiculos-ligeros-vehiculos-pesados-rs485-rs232-analogico-rfid","status":"publish","type":"product","link":"https:\/\/soydeaqui.ddns.net\/pachuca\/index.php\/producto\/localizador-4g-lte-obtenga-informacion-de-la-computadora-del-vehiculo-lectura-can-obd-y-lcv-sensores-bluetooth-vehiculos-ligeros-vehiculos-pesados-rs485-rs232-analogico-rfid\/","title":{"rendered":"Localizador 4G LTE Obtenga informaci\u00f3n de la computadora del vehiculo lectura CAN, OBD y LCV \/ Sensores Bluetooth \/ Vehiculos ligeros \/ Vehiculos pesados  \/ RS485 \/ RS232 \/ An\u00e1logico \/ RFID"},"content":{"rendered":"<div style='width: 100%; max-width: 1200px; margin: 0 auto; font-family: sans-serif; line-height: 1.6; color: inherit; background-color: transparent;'>\n<div style='width: 100%; background-position: center; background-repeat: no-repeat; background-size: contain; border-radius: 10px; height: 300px; background-image: url('https:\/\/ftp3.syscom.mx\/usuarios\/fotos\/PRO43G\/160606-truck-dark-optimized.jpg'); position: relative; overflow: hidden; margin-bottom: 30px;'> <img style='width: 50%; height: auto; opacity: 0; position: absolute; top: 50%; left: 50%; transform: translate(-50%&comma; -50%);' src='https:\/\/ftp3.syscom.mx\/usuarios\/ftp\/single_page\/kenwood_nx3000\/img_fondo_logos.png' alt='Logo' \/> <\/div>\n<div style='margin-bottom: 30px;'>\n<h2 style='font-size: 28px; font-weight: bold; text-align: center; color: inherit; margin-bottom: 20px;'>Dise\u00f1ado Para Vehiculos Ligeros y Pesados<\/h2>\n<p style='font-size: 16px; color: inherit; margin-bottom: 15px;'>El dispositivo HCV5 es un rastreador GPS para veh\u00edculos pesados. Se ha dise\u00f1ado para rastrear y monitorear veh\u00edculos y puede leer datos de los protocolos est\u00e1ndares de CANbus como FMS&comma; J1708 y J1939.<\/p>\n<p style='font-size: 16px; color: inherit; margin-bottom: 15px;'>Una de las principales caracteristicas de este dispositivo&comma; es la protecci\u00f3n contra interferencias (Jammer)&comma; el cual al ser detectado puede activar un paro de motor autom\u00e1tico&comma; el tiempo de detecci\u00f3n es ajustable a diferentes situaciones.<\/p>\n<div style='margin: 20px 0; text-align: center;'> <img style='width: 100%; max-width: 619px; height: auto; border: 1px solid rgba(150&comma;150&comma;150&comma;0.3); border-radius: 8px;' src='https:\/\/ftp3.syscom.mx\/usuarios\/fotos\/HCV5\/191007-especs.png' alt='Especificaciones' \/> <\/div>\n<\/p><\/div>\n<header style='background-color: #333; color: #fff; text-align: center; padding: 20px; margin-bottom: 30px;'>\n<h1 style='margin: 0; font-size: 24px;'>Especificaciones del Dispositivo<\/h1>\n<\/header>\n<section style='max-width: 800px; margin: 0 auto 30px; background-color: #fff; padding: 20px; border-radius: 8px; box-shadow: 0 0 10px rgba(0&comma; 0&comma; 0&comma; 0.1);'>\n<h2 style='font-size: 20px; color: inherit; border-bottom: 2px solid rgba(150&comma;150&comma;150&comma;0.3); padding-bottom: 5px; margin-top: 0; margin-bottom: 15px;'>Especificaciones Ambientales<\/h2>\n<div style='display: grid; grid-template-columns: repeat(auto-fill&comma; minmax(250px&comma; 1fr)); gap: 15px; margin-bottom: 30px;'>\n<div style='border: 1px solid rgba(150&comma;150&comma;150&comma;0.4); border-radius: 8px; overflow: hidden;'>\n<div style='padding: 12px; background-color: rgba(200&comma;200&comma;200&comma;0.1); font-weight: bold;'>Temperatura Operaci\u00f3n<\/div>\n<div style='padding: 12px; color: inherit;'>-20 a +60 \u00b0C<\/div>\n<\/p><\/div>\n<div style='border: 1px solid rgba(150&comma;150&comma;150&comma;0.4); border-radius: 8px; overflow: hidden;'>\n<div style='padding: 12px; background-color: rgba(200&comma;200&comma;200&comma;0.1); font-weight: bold;'>Almacenamiento<\/div>\n<div style='padding: 12px; color: inherit;'>-20 a +45 \u00b0C<\/div>\n<\/p><\/div>\n<div style='border: 1px solid rgba(150&comma;150&comma;150&comma;0.4); border-radius: 8px; overflow: hidden;'>\n<div style='padding: 12px; background-color: rgba(200&comma;200&comma;200&comma;0.1); font-weight: bold;'>Carga de Bater\u00eda<\/div>\n<div style='padding: 12px; color: inherit;'>0 a +45 \u00b0C<\/div>\n<\/p><\/div>\n<div style='border: 1px solid rgba(150&comma;150&comma;150&comma;0.4); border-radius: 8px; overflow: hidden;'>\n<div style='padding: 12px; background-color: rgba(200&comma;200&comma;200&comma;0.1); font-weight: bold;'>Descarga de Bater\u00eda<\/div>\n<div style='padding: 12px; color: inherit;'>-20 a +60 \u00b0C<\/div>\n<\/p><\/div>\n<div style='border: 1px solid rgba(150&comma;150&comma;150&comma;0.4); border-radius: 8px; overflow: hidden;'>\n<div style='padding: 12px; background-color: rgba(200&comma;200&comma;200&comma;0.1); font-weight: bold;'>Humedad Relativa<\/div>\n<div style='padding: 12px; color: inherit;'>5% a 95% sin condensaci\u00f3n<\/div>\n<\/p><\/div>\n<\/p><\/div>\n<h2 style='font-size: 20px; color: inherit; border-bottom: 2px solid rgba(150&comma;150&comma;150&comma;0.3); padding-bottom: 5px; margin-top: 30px; margin-bottom: 15px;'>Especificaciones El\u00e9ctricas<\/h2>\n<div style='display: grid; grid-template-columns: repeat(auto-fill&comma; minmax(250px&comma; 1fr)); gap: 15px; margin-bottom: 30px;'>\n<div style='border: 1px solid rgba(150&comma;150&comma;150&comma;0.4); border-radius: 8px; overflow: hidden;'>\n<div style='padding: 12px; background-color: rgba(200&comma;200&comma;200&comma;0.1); font-weight: bold;'>Rango de Alimentaci\u00f3n<\/div>\n<div style='padding: 12px; color: inherit;'>9 \u2013 32 V DC<\/div>\n<\/p><\/div>\n<div style='border: 1px solid rgba(150&comma;150&comma;150&comma;0.4); border-radius: 8px; overflow: hidden;'>\n<div style='padding: 12px; background-color: rgba(200&comma;200&comma;200&comma;0.1); font-weight: bold;'>Bater\u00eda Interna LiPo<\/div>\n<div style='padding: 12px; color: inherit;'>3.7 V 1050 mAh<\/div>\n<\/p><\/div>\n<div style='border: 1px solid rgba(150&comma;150&comma;150&comma;0.4); border-radius: 8px; overflow: hidden;'>\n<div style='padding: 12px; background-color: rgba(200&comma;200&comma;200&comma;0.1); font-weight: bold;'>Protecciones<\/div>\n<div style='padding: 12px; color: inherit;'>\n<ul style='padding-left: 20px; margin: 0; list-style-type: disc;'>\n<li style='margin-bottom: 5px;'>Protecci\u00f3n de bater\u00eda y 1-Wire contra cortocircuitos<\/li>\n<li style='margin-bottom: 5px;'>Protecci\u00f3n contra polaridad inversa<\/li>\n<li style='margin-bottom: 5px;'>Protecci\u00f3n de USB&comma; l\u00ednea de datos de 1-Wire&comma; ranura de la tarjeta SIM contra descarga electrost\u00e1tica<\/li>\n<li style='margin-bottom: 5px;'>Protecci\u00f3n de l\u00ednea de poder de 1-Wire y salidas digitales contra sobreintensidad<\/li>\n<li style='margin-bottom: 5px;'>Protecci\u00f3n de entradas contra voltaje excesivo<\/li>\n<li style='margin-bottom: 5px;'>Protecci\u00f3n de carga de bater\u00eda<\/li>\n<\/ul><\/div>\n<\/p><\/div>\n<div style='border: 1px solid rgba(150&comma;150&comma;150&comma;0.4); border-radius: 8px; overflow: hidden;'>\n<div style='padding: 12px; background-color: rgba(200&comma;200&comma;200&comma;0.1); font-weight: bold;'>Consumo de Energ\u00eda Promedio @ 12 V DC<\/div>\n<div style='padding: 12px; color: inherit;'>\n<ul style='padding-left: 20px; margin: 0; list-style-type: disc;'>\n<li style='margin-bottom: 5px;'>Operaci\u00f3n regular (intervalo de env\u00edo de datos ~15 s): ~160 mA<\/li>\n<li style='margin-bottom: 5px;'>Operaci\u00f3n regular (constant link activo): ~155 mA<\/li>\n<li style='margin-bottom: 5px;'>Valor m\u00e1ximo: ~260 mA<\/li>\n<li style='margin-bottom: 5px;'>Modo reposo Todos los m\u00f3dulos deshabilitados: ~6 mA<\/li>\n<li style='margin-bottom: 5px;'>M\u00f3dem en modo reposo&comma; otros m\u00f3dulos deshabilitados: ~8 mA<\/li>\n<li style='margin-bottom: 5px;'>M\u00f3dem habilitado&comma; otros m\u00f3dulos deshabilitados: ~9 mA<\/li>\n<li style='margin-bottom: 5px;'>M\u00f3dulo GNSS habilitado&comma; otros m\u00f3dulos deshabilitados: ~22 mA<\/li>\n<\/ul><\/div>\n<\/p><\/div>\n<\/p><\/div>\n<h2 style='font-size: 20px; color: inherit; border-bottom: 2px solid rgba(150&comma;150&comma;150&comma;0.3); padding-bottom: 5px; margin-top: 30px; margin-bottom: 15px;'>Conectividad<\/h2>\n<div style='display: grid; grid-template-columns: repeat(auto-fill&comma; minmax(250px&comma; 1fr)); gap: 15px; margin-bottom: 30px;'>\n<div style='border: 1px solid rgba(150&comma;150&comma;150&comma;0.4); border-radius: 8px; overflow: hidden;'>\n<div style='padding: 12px; background-color: rgba(200&comma;200&comma;200&comma;0.1); font-weight: bold;'>Opci\u00f3n 2G<\/div>\n<div style='padding: 12px; color: inherit;'>\n<ul style='padding-left: 20px; margin: 0; list-style-type: disc;'>\n<li style='margin-bottom: 5px;'>M\u00f3dem: Quectel M95<\/li>\n<li style='margin-bottom: 5px;'>Antena: Interna<\/li>\n<li style='margin-bottom: 5px;'>Bandas de frecuencia @ 2G (GSM): 850\/900\/1800\/1900 MHz<\/li>\n<\/ul><\/div>\n<\/p><\/div>\n<div style='border: 1px solid rgba(150&comma;150&comma;150&comma;0.4); border-radius: 8px; overflow: hidden;'>\n<div style='padding: 12px; background-color: rgba(200&comma;200&comma;200&comma;0.1); font-weight: bold;'>Opci\u00f3n 3G<\/div>\n<div style='padding: 12px; color: inherit;'>\n<ul style='padding-left: 20px; margin: 0; list-style-type: disc;'>\n<li style='margin-bottom: 5px;'>M\u00f3dem: Quectel UG96<\/li>\n<li style='margin-bottom: 5px;'>Antena: Interna<\/li>\n<li style='margin-bottom: 5px;'>Bandas de frecuencia @ 2G (GSM): 850\/900\/1800\/1900 MHz<\/li>\n<li style='margin-bottom: 5px;'>Bandas de frecuencia @ 3G (UMTS): 800\/850\/900\/1900\/2100 MHz<\/li>\n<\/ul><\/div>\n<\/p><\/div>\n<div style='border: 1px solid rgba(150&comma;150&comma;150&comma;0.4); border-radius: 8px; overflow: hidden;'>\n<div style='padding: 12px; background-color: rgba(200&comma;200&comma;200&comma;0.1); font-weight: bold;'>Opci\u00f3n LTE Cat M1<\/div>\n<div style='padding: 12px; color: inherit;'>\n<ul style='padding-left: 20px; margin: 0; list-style-type: disc;'>\n<li style='margin-bottom: 5px;'>M\u00f3dem: Quectel BG96<\/li>\n<li style='margin-bottom: 5px;'>Antena: Interna<\/li>\n<li style='margin-bottom: 5px;'>Bandas de frecuencia @ 2G (GSM): 850\/900\/1800\/1900 MHz<\/li>\n<li style='margin-bottom: 5px;'>Bandas @ 4G (LTE Cat M1): B1\/B2\/B3\/B4\/B5\/B8\/B12\/B13\/B18\/B19\/B20\/B28\/B39<\/li>\n<li style='margin-bottom: 5px;'>Bandas @ NB-IoT (en desarrollo): B1\/B2\/B3\/B4\/B5\/B8\/B12\/B13\/B18\/B19\/B20\/B28<\/li>\n<\/ul><\/div>\n<\/p><\/div>\n<div style='border: 1px solid rgba(150&comma;150&comma;150&comma;0.4); border-radius: 8px; overflow: hidden;'>\n<div style='padding: 12px; background-color: rgba(200&comma;200&comma;200&comma;0.1); font-weight: bold;'>M\u00f3dulo GNSS<\/div>\n<div style='padding: 12px; color: inherit;'>\n<ul style='padding-left: 20px; margin: 0; list-style-type: disc;'>\n<li style='margin-bottom: 5px;'>M\u00f3dulo: U-blox EVA-M8M<\/li>\n<li style='margin-bottom: 5px;'>Antena: Interna y externa (disponible como un accesorio adicional)<\/li>\n<li style='margin-bottom: 5px;'>Sistemas de posicionamiento: GPS&comma; GLONASS&comma; Galileo<\/li>\n<li style='margin-bottom: 5px;'>Sistemas de aumento: QZSS&comma; SBAS (WAAS&comma; GAGAN&comma; EGNOS&comma; MSAS)<\/li>\n<li style='margin-bottom: 5px;'>Servicios de comienzo asistido: AssistNow Online<\/li>\n<li style='margin-bottom: 5px;'>Sensibilidad de rastreo: -154 a -164 dBm<\/li>\n<li style='margin-bottom: 5px;'>Sensibilidad de readquisici\u00f3n: -152 a -160 dBm<\/li>\n<li style='margin-bottom: 5px;'>Duraci\u00f3n de comienzo en fr\u00edo: < 30 s<\/li>\n<li style='margin-bottom: 5px;'>Duraci\u00f3n de comienzo asistido: Tan bajo como 3 s<\/li>\n<\/ul><\/div>\n<\/p><\/div>\n<div style='border: 1px solid rgba(150&comma;150&comma;150&comma;0.4); border-radius: 8px; overflow: hidden;'>\n<div style='padding: 12px; background-color: rgba(200&comma;200&comma;200&comma;0.1); font-weight: bold;'>M\u00f3dulo Bluetooth<\/div>\n<div style='padding: 12px; color: inherit;'>\n<ul style='padding-left: 20px; margin: 0; list-style-type: disc;'>\n<li style='margin-bottom: 5px;'>M\u00f3dulo: NRF52832<\/li>\n<li style='margin-bottom: 5px;'>Versi\u00f3n de Bluetooth: 5.1 Low energy<\/li>\n<\/ul><\/div>\n<\/p><\/div>\n<\/p><\/div>\n<\/section>\n<div style='max-width: 800px; margin: 0 auto 30px; background-color: #d3d3d3; box-shadow: 0 0 10px rgba(0&comma; 0&comma; 0&comma; 0.1); border-radius: 8px; overflow: hidden;'>\n<div style='padding: 15px; background-color: #333; color: #fff; font-weight: bold;'>Anuncio de Configuraci\u00f3n de Dispositivos de Rastreo<\/div>\n<div style='padding: 15px; color: inherit;'> Para dispositivos de rastreo recomendamos la configuraci\u00f3n de 1 minuto con motor encendido o en movimiento y cada 20 minutos con motor apagado o detenido&comma; adem\u00e1s de giros de 25 o 30 grados y la distancia deshabilitada. Esto ayudar\u00e1 a que los paquetes de datos de 20 o 25 MB sean suficientes para un mes&comma; todo depende del tiempo que el veh\u00edculo est\u00e9 en movimiento. Esta tabla es solo informativa y como recomendaci\u00f3n&comma; m\u00e1s no una regla. <\/div>\n<\/p><\/div>\n<\/p><\/div>\n","protected":false},"excerpt":{"rendered":"<p>Localizador 4G LTE Obtenga informaci\u00f3n de la computadora del vehiculo lectura CAN, OBD y LCV \/ Sensores Bluetooth \/ Vehiculos ligeros \/ Vehiculos pesados  \/ RS485 \/ RS232 \/ An\u00e1logico \/ RFID<\/p>\n","protected":false},"featured_media":52338,"comment_status":"open","ping_status":"closed","template":"","meta":[],"product_brand":[],"product_cat":[1346,1388],"product_tag":[1350,1349,1351,1389],"class_list":{"0":"post-52339","1":"product","2":"type-product","3":"status-publish","4":"has-post-thumbnail","6":"product_cat-iot","7":"product_cat-trackers-gps","8":"product_tag-gps-y-telematica","9":"product_tag-iot","10":"product_tag-ruptela","11":"product_tag-trackers-gps","13":"first","14":"instock","15":"sale","16":"shipping-taxable","17":"purchasable","18":"product-type-simple"},"_links":{"self":[{"href":"https:\/\/soydeaqui.ddns.net\/pachuca\/index.php\/wp-json\/wp\/v2\/product\/52339","targetHints":{"allow":["GET"]}}],"collection":[{"href":"https:\/\/soydeaqui.ddns.net\/pachuca\/index.php\/wp-json\/wp\/v2\/product"}],"about":[{"href":"https:\/\/soydeaqui.ddns.net\/pachuca\/index.php\/wp-json\/wp\/v2\/types\/product"}],"replies":[{"embeddable":true,"href":"https:\/\/soydeaqui.ddns.net\/pachuca\/index.php\/wp-json\/wp\/v2\/comments?post=52339"}],"wp:featuredmedia":[{"embeddable":true,"href":"https:\/\/soydeaqui.ddns.net\/pachuca\/index.php\/wp-json\/wp\/v2\/media\/52338"}],"wp:attachment":[{"href":"https:\/\/soydeaqui.ddns.net\/pachuca\/index.php\/wp-json\/wp\/v2\/media?parent=52339"}],"wp:term":[{"taxonomy":"product_brand","embeddable":true,"href":"https:\/\/soydeaqui.ddns.net\/pachuca\/index.php\/wp-json\/wp\/v2\/product_brand?post=52339"},{"taxonomy":"product_cat","embeddable":true,"href":"https:\/\/soydeaqui.ddns.net\/pachuca\/index.php\/wp-json\/wp\/v2\/product_cat?post=52339"},{"taxonomy":"product_tag","embeddable":true,"href":"https:\/\/soydeaqui.ddns.net\/pachuca\/index.php\/wp-json\/wp\/v2\/product_tag?post=52339"}],"curies":[{"name":"wp","href":"https:\/\/api.w.org\/{rel}","templated":true}]}}