{"id":52193,"date":"2026-03-18T23:29:44","date_gmt":"2026-03-18T23:29:44","guid":{"rendered":"https:\/\/soydeaqui.ddns.net\/pachuca\/index.php\/producto\/lampara-oculta-de-led-de-bajo-perfil-color-rojo-azul\/"},"modified":"2026-03-18T23:29:44","modified_gmt":"2026-03-18T23:29:44","slug":"lampara-oculta-de-led-de-bajo-perfil-color-rojo-azul","status":"publish","type":"product","link":"https:\/\/soydeaqui.ddns.net\/pachuca\/index.php\/producto\/lampara-oculta-de-led-de-bajo-perfil-color-rojo-azul\/","title":{"rendered":"Lampara Oculta de LED de bajo perfil color rojo azul"},"content":{"rendered":"<div style='width: 100%; max-width: 1200px; margin: 0 auto; font-family: sans-serif; line-height: 1.6; color: inherit; background-color: transparent;'> <!-- Secci\u00f3n principal --> <\/p>\n<div style='display: flex; flex-wrap: wrap; gap: 30px; margin-bottom: 30px;'>\n<div style='flex: 1 1 300px; min-width: 280px;'>\n<h3 style='font-size: 22px; border-bottom: 2px solid currentColor; padding-bottom: 5px; margin-top: 0; color: inherit; opacity: 0.8;'>Descripci\u00f3n<\/h3>\n<p style='margin-top: 0; font-size: 15px; color: inherit;'>La serie ED9040 Hide-A-LED ofrece la funcionalidad de una luz de advertencia en un dise\u00f1o de bajo perfil&comma; lo que permite la llegada segura del veh\u00edculo a la escena. La clase SAE&comma; la salida de luz I&comma; la capacidad de sincronizaci\u00f3n y la elecci\u00f3n de 29 patrones de flash para un solo color y 69 patrones de flash para dos colores permiten la creaci\u00f3n de un sistema de advertencia multicolor y llamativo con la mitad del n\u00famero de luces t\u00edpicamente necesario. El ED9040 ofrece flexibilidad con m\u00faltiples aplicaciones de montaje empotrado en pr\u00e1cticamente cualquier superficie&comma; incluidos los parachoques y los costados de cualquier veh\u00edculo.<\/p>\n<\/p><\/div>\n<\/p><\/div>\n<p> <!-- Secci\u00f3n de especificaciones --> <\/p>\n<div style='display: flex; flex-wrap: wrap; gap: 20px; margin-bottom: 30px;'>\n<div style='flex: 1 1 250px; border: 1px solid rgba(150&comma; 150&comma; 150&comma; 0.4); border-radius: 8px; overflow: hidden; display: flex; flex-direction: column;'>\n<div style='padding: 15px; border-bottom: 1px solid rgba(150&comma; 150&comma; 150&comma; 0.2); font-weight: bold; font-size: 18px; color: inherit;'>Especificaciones<\/div>\n<div style='padding: 15px; color: inherit;'>\n<ul style='padding-left: 20px; margin: 0; font-size: 14px; list-style-type: disc;'>\n<li style='margin-bottom: 5px;'><strong>Alimentaci\u00f3n:<\/strong> 12-24 VDC<\/li>\n<li style='margin-bottom: 5px;'><strong>Corriente:<\/strong> 0.6 A<\/li>\n<li style='margin-bottom: 5px;'><strong>Temperatura:<\/strong> -22\u00baF a + 122\u00baF (-30\u00baC a + 50\u00baC)<\/li>\n<li style='margin-bottom: 5px;'><strong>Protecci\u00f3n:<\/strong> IP67<\/li>\n<li style='margin-bottom: 5px;'><strong>Garant\u00eda:<\/strong> 5 a\u00f1os<\/li>\n<\/ul><\/div>\n<\/p><\/div>\n<div style='flex: 1 1 250px; border: 1px solid rgba(150&comma; 150&comma; 150&comma; 0.4); border-radius: 8px; overflow: hidden; display: flex; flex-direction: column;'>\n<div style='padding: 15px; border-bottom: 1px solid rgba(150&comma; 150&comma; 150&comma; 0.2); font-weight: bold; font-size: 18px; color: inherit;'>Caracter\u00edsticas<\/div>\n<div style='padding: 15px; color: inherit;'>\n<ul style='padding-left: 20px; margin: 0; font-size: 14px; list-style-type: disc;'>\n<li style='margin-bottom: 5px;'><strong>LEDs:<\/strong> 6 LED potentes Claro ultrabrillante de \u00faltima generaci\u00f3n<\/li>\n<li style='margin-bottom: 5px;'><strong>Dise\u00f1o:<\/strong> Delgado de bajo perfil<\/li>\n<li style='margin-bottom: 5px;'><strong>Control:<\/strong> M\u00f3dulo todo en uno con controles incrustados<\/li>\n<li style='margin-bottom: 5px;'><strong>Montaje:<\/strong> Empotrado&comma; insertable en orificio de 1&#8242; con cable flexible de 10&#8242;<\/li>\n<li style='margin-bottom: 5px;'><strong>Patrones:<\/strong> 29 patrones de flash para un solo color y 69 patrones para dos colores<\/li>\n<li style='margin-bottom: 5px;'><strong>Sincronizaci\u00f3n:<\/strong> Compatibilidad con Chase \u2122&comma; MR6&comma; Mega Thin \u2122&comma; XTP y M180 \u2122 Series<\/li>\n<li style='margin-bottom: 5px;'><strong>Funciones:<\/strong> Anulaci\u00f3n de quemado constante para funcionalidad de luz de trabajo<\/li>\n<\/ul><\/div>\n<\/p><\/div>\n<div style='flex: 1 1 250px; border: 1px solid rgba(150&comma; 150&comma; 150&comma; 0.4); border-radius: 8px; overflow: hidden; display: flex; flex-direction: column;'>\n<div style='padding: 15px; border-bottom: 1px solid rgba(150&comma; 150&comma; 150&comma; 0.2); font-weight: bold; font-size: 18px; color: inherit;'>Beneficios<\/div>\n<div style='padding: 15px; color: inherit;'>\n<ul style='padding-left: 20px; margin: 0; font-size: 14px; list-style-type: disc;'>\n<li style='margin-bottom: 5px;'>Dise\u00f1o discreto y de bajo perfil<\/li>\n<li style='margin-bottom: 5px;'>Sistema de advertencia multicolor con la mitad de luces t\u00edpicamente necesarias<\/li>\n<li style='margin-bottom: 5px;'>F\u00e1cil integraci\u00f3n en m\u00faltiples superficies del veh\u00edculo<\/li>\n<li style='margin-bottom: 5px;'>Configuraci\u00f3n simplificada sin controlador de flash LED externo<\/li>\n<li style='margin-bottom: 5px;'>Larga vida \u00fatil<\/li>\n<li style='margin-bottom: 5px;'>Bajo consumo de energ\u00eda<\/li>\n<li style='margin-bottom: 5px;'>Asamblea permanente<\/li>\n<\/ul><\/div>\n<\/p><\/div>\n<\/p><\/div>\n<p> <!-- Separador --> <\/p>\n<hr style='border: 0; border-top: 1px solid rgba(150&comma; 150&comma; 150&comma; 0.3); margin: 30px 0;'> <\/div>\n","protected":false},"excerpt":{"rendered":"<p>Lampara Oculta de LED de bajo perfil color rojo azul<\/p>\n","protected":false},"featured_media":52192,"comment_status":"open","ping_status":"closed","template":"","meta":[],"product_brand":[],"product_cat":[1376],"product_tag":[502,500,1377],"class_list":{"0":"post-52193","1":"product","2":"type-product","3":"status-publish","4":"has-post-thumbnail","6":"product_cat-estrobos-ocultos","7":"product_tag-ecco","8":"product_tag-estrobos-burbujas-vehiculares","9":"product_tag-estrobos-ocultos","11":"first","12":"instock","13":"sale","14":"shipping-taxable","15":"purchasable","16":"product-type-simple"},"_links":{"self":[{"href":"https:\/\/soydeaqui.ddns.net\/pachuca\/index.php\/wp-json\/wp\/v2\/product\/52193","targetHints":{"allow":["GET"]}}],"collection":[{"href":"https:\/\/soydeaqui.ddns.net\/pachuca\/index.php\/wp-json\/wp\/v2\/product"}],"about":[{"href":"https:\/\/soydeaqui.ddns.net\/pachuca\/index.php\/wp-json\/wp\/v2\/types\/product"}],"replies":[{"embeddable":true,"href":"https:\/\/soydeaqui.ddns.net\/pachuca\/index.php\/wp-json\/wp\/v2\/comments?post=52193"}],"wp:featuredmedia":[{"embeddable":true,"href":"https:\/\/soydeaqui.ddns.net\/pachuca\/index.php\/wp-json\/wp\/v2\/media\/52192"}],"wp:attachment":[{"href":"https:\/\/soydeaqui.ddns.net\/pachuca\/index.php\/wp-json\/wp\/v2\/media?parent=52193"}],"wp:term":[{"taxonomy":"product_brand","embeddable":true,"href":"https:\/\/soydeaqui.ddns.net\/pachuca\/index.php\/wp-json\/wp\/v2\/product_brand?post=52193"},{"taxonomy":"product_cat","embeddable":true,"href":"https:\/\/soydeaqui.ddns.net\/pachuca\/index.php\/wp-json\/wp\/v2\/product_cat?post=52193"},{"taxonomy":"product_tag","embeddable":true,"href":"https:\/\/soydeaqui.ddns.net\/pachuca\/index.php\/wp-json\/wp\/v2\/product_tag?post=52193"}],"curies":[{"name":"wp","href":"https:\/\/api.w.org\/{rel}","templated":true}]}}