{"id":52174,"date":"2026-03-18T23:29:05","date_gmt":"2026-03-18T23:29:05","guid":{"rendered":"https:\/\/soydeaqui.ddns.net\/pachuca\/index.php\/producto\/localizador-vehicular-3g-antena-satelital-externa-contra-agua-y-polvo-ip67-rfid-apagado-de-motor-a-distancia-anti-jammer\/"},"modified":"2026-03-18T23:29:17","modified_gmt":"2026-03-18T23:29:17","slug":"localizador-vehicular-3g-antena-satelital-externa-contra-agua-y-polvo-ip67-rfid-apagado-de-motor-a-distancia-anti-jammer","status":"publish","type":"product","link":"https:\/\/soydeaqui.ddns.net\/pachuca\/index.php\/producto\/localizador-vehicular-3g-antena-satelital-externa-contra-agua-y-polvo-ip67-rfid-apagado-de-motor-a-distancia-anti-jammer\/","title":{"rendered":"Localizador vehicular 3G \/ Antena Satelital Externa \/ Contra agua y polvo IP67 \/ RFID \/ Apagado de motor a distancia \/ Anti Jammer"},"content":{"rendered":"<div style='width: 100%; max-width: 1200px; margin: 0 auto; font-family: sans-serif; line-height: 1.6; color: inherit; background-color: transparent;'>\n<div style='display: flex; flex-direction: column; align-items: center; text-align: center; margin-bottom: 30px;'> <img style='width: 100%; height: auto; border: 1px solid rgba(150&comma;150&comma;150&comma;0.3); border-radius: 8px; margin-bottom: 20px;' src='https:\/\/ftp3.syscom.mx\/usuarios\/fotos\/ECO4PLUS3GET\/183567-maxresdefault.png' alt=''> <\/p>\n<h2 style='font-size: 28px; font-weight: bold; color: inherit; margin: 0 0 20px 0;'>Dise\u00f1ado para ambientes extremos (Antena Satelital Externa)<\/h2>\n<p style='font-size: 16px; color: inherit; margin: 0 0 10px 0;'>El equipo ECO4PLUS3GET es un rastreador GPS dise\u00f1ado para tareas de rastreo de veh\u00edculos y para obtener informaci\u00f3n diversa sobre el veh\u00edculo&comma; por ejemplo&comma; su ubicaci\u00f3n&comma; velocidad&comma; historial de ruta&comma; kilometraje&comma; nivel de combustible&comma; etc.<\/p>\n<p style='font-size: 16px; color: inherit; margin: 0 0 20px 0;'>Es un rastreador (3G\/2G) con carcasa robusta (certificaci\u00f3n IP67) que puede instalarse fuera de la cabina y resistir factores ambientales&comma; como agua y suciedad.<\/p>\n<p style='font-size: 14px; color: inherit; margin: 0 0 5px 0;'><strong>*Cable de programaci\u00f3n no incluido<\/strong><\/p>\n<p style='font-size: 14px; color: inherit; margin: 0 0 20px 0;'><strong>**El tiempo de respaldo de la bater\u00eda varia dependiendo de la programaci\u00f3n.<\/strong><\/p>\n<\/p><\/div>\n<div style='display: flex; justify-content: center; margin-bottom: 30px;'> <img style='width: 100%; max-width: 600px; height: auto; border: 1px solid rgba(150&comma;150&comma;150&comma;0.3); border-radius: 8px;' src='https:\/\/ftp3.syscom.mx\/usuarios\/fotos\/ECO4PLUS3GT\/183568-fisica.png' alt=''> <\/div>\n<div style='display: flex; flex-wrap: wrap; justify-content: center; gap: 20px; margin-bottom: 30px;'> <img style='width: 100%; max-width: 160px; height: auto; border: 1px solid rgba(150&comma;150&comma;150&comma;0.3); border-radius: 8px; padding: 25px;' src='https:\/\/ftp3.syscom.mx\/usuarios\/fotos\/ECO4LIGHT3G\/94490-pngocean.com.png' alt=''> <img style='width: 100%; max-width: 160px; height: auto; border: 1px solid rgba(150&comma;150&comma;150&comma;0.3); border-radius: 8px; padding: 25px;' src='https:\/\/ftp3.syscom.mx\/usuarios\/fotos\/ECO4LIGHT3G\/94490-pngocean.com(1).png' alt=''> <img style='width: 100%; max-width: 160px; height: auto; border: 1px solid rgba(150&comma;150&comma;150&comma;0.3); border-radius: 8px; padding: 25px;' src='https:\/\/ftp3.syscom.mx\/usuarios\/fotos\/ECO4LIGHT3G\/94490-kisspng-computer-icons-symbol-palomita-5b12de2da12d70.2979251315279631816602.png' alt=''> <\/div>\n<div style='display: flex; flex-wrap: wrap; gap: 20px; margin-bottom: 30px;'>\n<div style='flex: 1 1 300px; min-width: 280px; border: 1px solid rgba(150&comma;150&comma;150&comma;0.4); border-radius: 8px; overflow: hidden; display: flex; flex-direction: column;'>\n<div style='padding: 15px; border-bottom: 1px solid rgba(150&comma;150&comma;150&comma;0.2); font-weight: bold; font-size: 18px; color: inherit; background-color: rgba(35&comma;209&comma;237&comma;0.1);'>Caracter\u00edsticas principales:<\/div>\n<div style='padding: 15px; color: inherit; flex: 1 1 auto;'>\n<ul style='padding-left: 20px; margin: 0; font-size: 14px; list-style-type: disc;'>\n<li style='margin-bottom: 5px;'>IProtecci\u00f3n IP 67.<\/li>\n<li style='margin-bottom: 5px;'>Alarma por desconexi\u00f3n de antena.<\/li>\n<li style='margin-bottom: 5px;'>Puerto mini USB.<\/li>\n<li style='margin-bottom: 5px;'>Antenas GNSS Externa.<\/li>\n<li style='margin-bottom: 5px;'>Antena GSM interna.<\/li>\n<li style='margin-bottom: 5px;'>4 entradas digitales.<\/li>\n<li style='margin-bottom: 5px;'>2 salidas digitales.<\/li>\n<li style='margin-bottom: 5px;'>2 entradas an\u00e1logas.<\/li>\n<li style='margin-bottom: 5px;'>Detecci\u00f3n de Jammer.<\/li>\n<li style='margin-bottom: 5px;'>Geocercas internas.<\/li>\n<li style='margin-bottom: 5px;'>Acelerometro.<\/li>\n<li style='margin-bottom: 5px;'>Compatible con GPS&comma; GLONASS y GALILEO.<\/li>\n<li style='margin-bottom: 5px;'>Seguimiento de ubicaci\u00f3n&comma; historial&comma; kilometraje y velocidad de veh\u00edculos.<\/li>\n<li style='margin-bottom: 5px;'>Bloqueo de ignici\u00f3n a distancia.<\/li>\n<li style='margin-bottom: 5px;'>Geozonas internas.<\/li>\n<li style='margin-bottom: 5px;'>Admite sensores adicionales.<\/li>\n<\/ul><\/div>\n<\/p><\/div>\n<div style='flex: 1 1 300px; min-width: 280px; border: 1px solid rgba(150&comma;150&comma;150&comma;0.4); border-radius: 8px; overflow: hidden; display: flex; flex-direction: column;'>\n<div style='padding: 15px; border-bottom: 1px solid rgba(150&comma;150&comma;150&comma;0.2); font-weight: bold; font-size: 18px; color: inherit; background-color: rgba(35&comma;209&comma;237&comma;0.1);'>Caracter\u00edsticas F\u00edsicas y El\u00e9ctricas:<\/div>\n<div style='padding: 15px; color: inherit; flex: 1 1 auto;'>\n<ul style='padding-left: 20px; margin: 0; font-size: 14px; list-style-type: disc;'>\n<li style='margin-bottom: 5px;'>Compatible con EpcomGPS.<\/li>\n<li style='margin-bottom: 5px;'>Sensores de combustible.<\/li>\n<li style='margin-bottom: 5px;'>Sensores de temperatura.<\/li>\n<li style='margin-bottom: 5px;'>EcoDriving.<\/li>\n<li style='margin-bottom: 5px;'>Registro de conductores.<\/li>\n<li style='margin-bottom: 5px;'>Reporte por tiempo&comma; distancia y giro.<\/li>\n<li style='margin-bottom: 5px;'>Compatible con lector RFID (RuptelaRFID1wire).<\/li>\n<li style='margin-bottom: 5px;'>Configuraci\u00f3n por SMS.<\/li>\n<li style='margin-bottom: 5px;'>Bot\u00f3n de p\u00e1nico.<\/li>\n<li style='margin-bottom: 5px;'>Alarma de impacto o volcadura.<\/li>\n<li style='margin-bottom: 5px;'>Alarma por exceso de velocidad.<\/li>\n<li style='margin-bottom: 5px;'>Eventos personalizables<\/li>\n<li style='margin-bottom: 5px;'>Dimensiones 95 x 76.4 x 28.8 mm<\/li>\n<\/ul><\/div>\n<\/p><\/div>\n<div style='flex: 1 1 300px; min-width: 280px; border: 1px solid rgba(150&comma;150&comma;150&comma;0.4); border-radius: 8px; overflow: hidden; display: flex; flex-direction: column;'>\n<div style='padding: 15px; border-bottom: 1px solid rgba(150&comma;150&comma;150&comma;0.2); font-weight: bold; font-size: 18px; color: inherit; background-color: rgba(35&comma;209&comma;237&comma;0.1);'>Temperatura<\/div>\n<div style='padding: 15px; color: inherit; flex: 1 1 auto;'>\n<ul style='padding-left: 20px; margin: 0; font-size: 14px; list-style-type: disc;'>\n<li style='margin-bottom: 5px;'>Operaci\u00f3n: -20 a +60 \u00b0C<\/li>\n<li style='margin-bottom: 5px;'>Almacenamiento: -20 a +65 \u00b0C<\/li>\n<li style='margin-bottom: 5px;'>Carga de bater\u00eda: 0 a +45 \u00b0C<\/li>\n<li style='margin-bottom: 5px;'>Descarga de bater\u00eda: -20 a +60 \u00b0C<\/li>\n<li style='margin-bottom: 5px;'>Almacenamiento: -20 a +60 \u00b0C<\/li>\n<li style='margin-bottom: 5px;'>Humedad relativa 5 % a 95 % sin condensaci\u00f3n.<\/li>\n<\/ul><\/div>\n<div style='padding: 15px; border-top: 1px solid rgba(150&comma;150&comma;150&comma;0.2); border-bottom: 1px solid rgba(150&comma;150&comma;150&comma;0.2); font-weight: bold; font-size: 18px; color: inherit; background-color: rgba(35&comma;209&comma;237&comma;0.1);'>Especificaciones el\u00e9ctricas<\/div>\n<div style='padding: 15px; color: inherit; flex: 1 1 auto;'>\n<ul style='padding-left: 20px; margin: 0; font-size: 14px; list-style-type: disc;'>\n<li style='margin-bottom: 5px;'>Rango de alimentaci\u00f3n 6 \u00f7 32 Vcc<\/li>\n<li style='margin-bottom: 5px;'>Voltaje de alimentaci\u00f3n 6 \u00f7 32 Vcc<\/li>\n<li style='margin-bottom: 5px;'>Corriente m\u00e1xima 500 mA @ 12 Vcc<\/li>\n<li style='margin-bottom: 5px;'>Bater\u00eda interna \u2013 LiPo 3.7 V 190 mAh<\/li>\n<\/ul><\/div>\n<div style='padding: 15px; border-top: 1px solid rgba(150&comma;150&comma;150&comma;0.2); border-bottom: 1px solid rgba(150&comma;150&comma;150&comma;0.2); font-weight: bold; font-size: 18px; color: inherit; background-color: rgba(35&comma;209&comma;237&comma;0.1);'>Consumo de energia<\/div>\n<div style='padding: 15px; color: inherit; flex: 1 1 auto;'>\n<ul style='padding-left: 20px; margin: 0; font-size: 14px; list-style-type: disc;'>\n<li style='margin-bottom: 5px;'>Modo inactivo: 33 mA<\/li>\n<li style='margin-bottom: 5px;'>Modo activo (pico @ GSM): 138 mA<\/li>\n<li style='margin-bottom: 5px;'>Modo reposo: 6.3 mA<\/li>\n<li style='margin-bottom: 5px;'>Modo economizador: 4 mA<\/li>\n<\/ul><\/div>\n<div style='padding: 15px; border-top: 1px solid rgba(150&comma;150&comma;150&comma;0.2); font-weight: bold; font-size: 18px; color: inherit; background-color: rgba(35&comma;209&comma;237&comma;0.1);'>Protecciones<\/div>\n<div style='padding: 15px; color: inherit; flex: 1 1 auto;'>\n<ul style='padding-left: 20px; margin: 0; font-size: 14px; list-style-type: disc;'>\n<li style='margin-bottom: 5px;'>Protecci\u00f3n de bater\u00eda contra cortocircuitos.<\/li>\n<li style='margin-bottom: 5px;'>Protecci\u00f3n contra polaridad inversa.<\/li>\n<li style='margin-bottom: 5px;'>Protecci\u00f3n de l\u00ednea de poder de 1-Wire contra sobreintensidad.<\/li>\n<\/ul><\/div>\n<\/p><\/div>\n<\/p><\/div>\n<hr style='border: 0; border-top: 1px solid rgba(150&comma;150&comma;150&comma;0.3); margin: 30px 0;'> <\/div>\n","protected":false},"excerpt":{"rendered":"<p>Localizador vehicular 3G \/ Antena Satelital Externa \/ Contra agua y polvo IP67 \/ RFID \/ Apagado de motor a distancia \/ Anti Jammer<\/p>\n","protected":false},"featured_media":52173,"comment_status":"open","ping_status":"closed","template":"","meta":[],"product_brand":[],"product_cat":[1346,1388],"product_tag":[1350,1349,1351,1389],"class_list":{"0":"post-52174","1":"product","2":"type-product","3":"status-publish","4":"has-post-thumbnail","6":"product_cat-iot","7":"product_cat-trackers-gps","8":"product_tag-gps-y-telematica","9":"product_tag-iot","10":"product_tag-ruptela","11":"product_tag-trackers-gps","13":"first","14":"outofstock","15":"sale","16":"shipping-taxable","17":"purchasable","18":"product-type-simple"},"_links":{"self":[{"href":"https:\/\/soydeaqui.ddns.net\/pachuca\/index.php\/wp-json\/wp\/v2\/product\/52174","targetHints":{"allow":["GET"]}}],"collection":[{"href":"https:\/\/soydeaqui.ddns.net\/pachuca\/index.php\/wp-json\/wp\/v2\/product"}],"about":[{"href":"https:\/\/soydeaqui.ddns.net\/pachuca\/index.php\/wp-json\/wp\/v2\/types\/product"}],"replies":[{"embeddable":true,"href":"https:\/\/soydeaqui.ddns.net\/pachuca\/index.php\/wp-json\/wp\/v2\/comments?post=52174"}],"wp:featuredmedia":[{"embeddable":true,"href":"https:\/\/soydeaqui.ddns.net\/pachuca\/index.php\/wp-json\/wp\/v2\/media\/52173"}],"wp:attachment":[{"href":"https:\/\/soydeaqui.ddns.net\/pachuca\/index.php\/wp-json\/wp\/v2\/media?parent=52174"}],"wp:term":[{"taxonomy":"product_brand","embeddable":true,"href":"https:\/\/soydeaqui.ddns.net\/pachuca\/index.php\/wp-json\/wp\/v2\/product_brand?post=52174"},{"taxonomy":"product_cat","embeddable":true,"href":"https:\/\/soydeaqui.ddns.net\/pachuca\/index.php\/wp-json\/wp\/v2\/product_cat?post=52174"},{"taxonomy":"product_tag","embeddable":true,"href":"https:\/\/soydeaqui.ddns.net\/pachuca\/index.php\/wp-json\/wp\/v2\/product_tag?post=52174"}],"curies":[{"name":"wp","href":"https:\/\/api.w.org\/{rel}","templated":true}]}}