{"id":51898,"date":"2026-03-18T23:20:51","date_gmt":"2026-03-18T23:20:51","guid":{"rendered":"https:\/\/soydeaqui.ddns.net\/pachuca\/index.php\/producto\/altavoz-para-exterior-de-alta-potencia-120-240vca\/"},"modified":"2026-03-18T23:20:56","modified_gmt":"2026-03-18T23:20:56","slug":"altavoz-para-exterior-de-alta-potencia-120-240vca","status":"publish","type":"product","link":"https:\/\/soydeaqui.ddns.net\/pachuca\/index.php\/producto\/altavoz-para-exterior-de-alta-potencia-120-240vca\/","title":{"rendered":"Altavoz para exterior de alta potencia, 120\/240Vca"},"content":{"rendered":"<div style='width: 100%; max-width: 1200px; margin: 0 auto; font-family: sans-serif; line-height: 1.6; color: inherit; background-color: transparent;'>\n<div style='display: flex; flex-direction: column; gap: 30px;'>\n<div style='flex: 1 1 300px; min-width: 280px;'>\n<h3 style='font-size: 22px; border-bottom: 2px solid currentColor; padding-bottom: 5px; margin-top: 0; color: inherit; opacity: 0.8; text-align: center;'>Caracter\u00edsticas<\/h3>\n<p style='font-size: 15px; color: inherit; text-align: justify; margin: 0; padding: 0;'> Nuevo en nuestra l\u00ednea de productos para Sistemas Inteligentes es el altavoz Informer100 IP de alta potencia para interiores \/ exteriores. El altavoz Informer100 se puede utilizar como dispositivo de notificaci\u00f3n mediante tonos y \/ o voz. Empareje este modelo con un sistema Federal Signal Commander para capacidades adicionales; por ejemplo&comma; puede equiparse con hasta cuatro dispositivos locales de iniciaci\u00f3n de alarma para activar la unidad localmente y activar el controlador Commander para comunicaciones de notificaci\u00f3n masiva. <\/p>\n<p style='font-size: 15px; color: inherit; text-align: justify; margin: 15px 0 0 0; padding: 0;'> El altavoz Informer100 tiene un amplificador interno de 100 Watts y un controlador para enviar mensajes de voz inteligibles de archivos pregrabados o del sistema de red VOIP de Federal Signal Commander. El monitor de nivel ambiental permite que el altavoz ajuste autom\u00e1ticamente el volumen del altavoz en relaci\u00f3n con el nivel de ruido ambiental. Tambi\u00e9n tiene control de volumen remoto para optimizar los niveles de sonido en su \u00e1rea de alerta. <\/p>\n<p style='font-size: 15px; color: inherit; text-align: justify; margin: 15px 0 0 0; padding: 0;'> Las notificaciones y alertas pueden ser voz en vivo&comma; texto a voz&comma; mensajes pregrabados y \/ o archivos de tonos. Cuando se usa con un software de notificaci\u00f3n opcional&comma; los mensajes de alerta iniciados desde el altavoz Informer100 se pueden enviar al personal de emergencia por correo electr\u00f3nico&comma; SMS&comma; radios port\u00e1tiles; y tambi\u00e9n se puede usar para activar otras unidades y sirenas Informer. <\/p>\n<p style='font-size: 15px; color: inherit; text-align: justify; margin: 15px 0 0 0; padding: 0;'> El altavoz Informer100 incluye dos salidas de rel\u00e9 para controlar luces estrobosc\u00f3picas u otros dispositivos. Est\u00e1 dise\u00f1ado para uso en exteriores o grandes estructuras interiores; y disponible en 24 VDC o 120\/240 VAC. Se puede acceder a todas las interfaces de cableado a trav\u00e9s de conectores internos para una instalaci\u00f3n r\u00e1pida y f\u00e1cil. <\/p>\n<p style='font-size: 15px; color: inherit; text-align: justify; margin: 15px 0 0 0; padding: 0;'> El altavoz Informer100 es una soluci\u00f3n ideal para los sistemas de notificaci\u00f3n existentes donde existe falta de cobertura y la unidad se puede utilizar como estaci\u00f3n de llamada donde se requieren botones de alerta de emergencia. <\/p>\n<\/p><\/div>\n<hr style='border: 0; border-top: 1px solid rgba(150&comma; 150&comma; 150&comma; 0.3); margin: 30px 0;'>\n<div style='flex: 1 1 300px; min-width: 280px;'>\n<h3 style='font-size: 22px; border-bottom: 2px solid currentColor; padding-bottom: 5px; margin-top: 0; color: inherit; opacity: 0.8; text-align: center;'>Especificaciones<\/h3>\n<ul style='padding-left: 20px; font-size: 15px; color: inherit; margin: 15px 0 0 0; padding: 0;'>\n<li style='margin-bottom: 5px;'><strong>Temperatura de funcionamiento:<\/strong> -40\u00b0C a 40\u00b0C<\/li>\n<li style='margin-bottom: 5px;'><strong>Dos salidas de rel\u00e9:<\/strong> 8 A a 240 VCA. Las salidas de rel\u00e9 se pueden programar para que se enciendan y apaguen en ciclo&comma; o se enciendan continuamente con el tiempo de encendido&comma; el tiempo de apagado y el tiempo total programables. Tambi\u00e9n se pueden programar para controlar luces estrobosc\u00f3picas u otros dispositivos<\/li>\n<li style='margin-bottom: 5px;'><strong>Compatibilidad:<\/strong> Tono y voz compatibles con los controladores Federal Signal Commander y UltraVoice (Requiere la versi\u00f3n Commander 14.8.x o superior)<\/li>\n<li style='margin-bottom: 5px;'><strong>Construcci\u00f3n:<\/strong> Tama\u00f1o peque\u00f1o con construcci\u00f3n resistente<\/li>\n<li style='margin-bottom: 5px;'><strong>Entrada:<\/strong> 24VDC&comma; 5.15A m\u00e1ximo 120 \/ 240VAC&comma; 50 \/ 60Hz&comma; 1.5A \/ .78A m\u00e1ximo<\/li>\n<li style='margin-bottom: 5px;'><strong>Nivel m\u00e1ximo de presi\u00f3n sonora:<\/strong> 120 dB (\u00b1 2 dB) @ 3 m (130 dB \u00b1 2 dB) @ 1 m<\/li>\n<li style='margin-bottom: 5px;'><strong>Conectividad:<\/strong> Ethernet cableada<\/li>\n<li style='margin-bottom: 5px;'><strong>Control de volumen:<\/strong> Ajustable y monitoreo de ruido ambiental con ajuste de nivel autom\u00e1tico<\/li>\n<li style='margin-bottom: 5px;'><strong>Opciones de montaje:<\/strong> En pared o poste<\/li>\n<li style='margin-bottom: 5px;'><strong>Entradas de alarma:<\/strong> Hasta cuatro entradas de cable directo para alarma de bot\u00f3n de p\u00e1nico suministrada por el cliente<\/li>\n<li style='margin-bottom: 5px;'><strong>Requisitos de red:<\/strong> Requiere un ancho de banda de red m\u00ednimo y utiliza el protocolo TCP \/ IP<\/li>\n<li style='margin-bottom: 5px;'><strong>Redundancia:<\/strong> Funciona con servidores de red Commander redundantes para una operaci\u00f3n confiable a prueba de fallas<\/li>\n<li style='margin-bottom: 5px;'><strong>Control:<\/strong> El software Federal Signal Commander proporciona control bidireccional completo y monitoreo de estado del Informer100<\/li>\n<li style='margin-bottom: 5px;'><strong>Peso neto:<\/strong> I-IP100DC: 7.35 kg&comma; I-IP100AC: 8.71 kg<\/li>\n<\/ul><\/div>\n<\/p><\/div>\n<\/p><\/div>\n","protected":false},"excerpt":{"rendered":"<p>Altavoz para exterior de alta potencia, 120\/240Vca<\/p>\n","protected":false},"featured_media":51897,"comment_status":"open","ping_status":"closed","template":"","meta":[],"product_brand":[],"product_cat":[1392],"product_tag":[552,1394,1393],"class_list":{"0":"post-51898","1":"product","2":"type-product","3":"status-publish","4":"has-post-thumbnail","6":"product_cat-sirenas","7":"product_tag-federal-signal-industrial","8":"product_tag-sirenas","9":"product_tag-sirenas-bocinas-y-controladores-vehiculares","11":"first","12":"outofstock","13":"sale","14":"shipping-taxable","15":"purchasable","16":"product-type-simple"},"_links":{"self":[{"href":"https:\/\/soydeaqui.ddns.net\/pachuca\/index.php\/wp-json\/wp\/v2\/product\/51898","targetHints":{"allow":["GET"]}}],"collection":[{"href":"https:\/\/soydeaqui.ddns.net\/pachuca\/index.php\/wp-json\/wp\/v2\/product"}],"about":[{"href":"https:\/\/soydeaqui.ddns.net\/pachuca\/index.php\/wp-json\/wp\/v2\/types\/product"}],"replies":[{"embeddable":true,"href":"https:\/\/soydeaqui.ddns.net\/pachuca\/index.php\/wp-json\/wp\/v2\/comments?post=51898"}],"wp:featuredmedia":[{"embeddable":true,"href":"https:\/\/soydeaqui.ddns.net\/pachuca\/index.php\/wp-json\/wp\/v2\/media\/51897"}],"wp:attachment":[{"href":"https:\/\/soydeaqui.ddns.net\/pachuca\/index.php\/wp-json\/wp\/v2\/media?parent=51898"}],"wp:term":[{"taxonomy":"product_brand","embeddable":true,"href":"https:\/\/soydeaqui.ddns.net\/pachuca\/index.php\/wp-json\/wp\/v2\/product_brand?post=51898"},{"taxonomy":"product_cat","embeddable":true,"href":"https:\/\/soydeaqui.ddns.net\/pachuca\/index.php\/wp-json\/wp\/v2\/product_cat?post=51898"},{"taxonomy":"product_tag","embeddable":true,"href":"https:\/\/soydeaqui.ddns.net\/pachuca\/index.php\/wp-json\/wp\/v2\/product_tag?post=51898"}],"curies":[{"name":"wp","href":"https:\/\/api.w.org\/{rel}","templated":true}]}}