{"id":51885,"date":"2026-03-18T23:20:25","date_gmt":"2026-03-18T23:20:25","guid":{"rendered":"https:\/\/soydeaqui.ddns.net\/pachuca\/index.php\/producto\/localizador-vehicular-3g-sensores-de-combustible-rfid-conduccion-eficiente-sensor-de-temperatura-deteccion-de-jammer\/"},"modified":"2026-03-18T23:20:37","modified_gmt":"2026-03-18T23:20:37","slug":"localizador-vehicular-3g-sensores-de-combustible-rfid-conduccion-eficiente-sensor-de-temperatura-deteccion-de-jammer","status":"publish","type":"product","link":"https:\/\/soydeaqui.ddns.net\/pachuca\/index.php\/producto\/localizador-vehicular-3g-sensores-de-combustible-rfid-conduccion-eficiente-sensor-de-temperatura-deteccion-de-jammer\/","title":{"rendered":"Localizador Vehicular 3G \/ Sensores de combustible \/ RFID \/ Conducci\u00f3n eficiente \/ Sensor de temperatura \/ Deteccion de  Jammer"},"content":{"rendered":"<div style='width: 100%; max-width: 1200px; margin: 0 auto; font-family: sans-serif; line-height: 1.6; color: inherit; background-color: transparent;'> <!-- Im\u00e1genes principales --> <\/p>\n<div style='display: flex; flex-wrap: wrap; gap: 15px; margin-bottom: 30px;'> <img style='width: 100%; height: auto; border: 1px solid rgba(150&comma;150&comma;150&comma;0.3); border-radius: 8px;' src='https:\/\/ftp3.syscom.mx\/usuarios\/fotos\/ECO4LIGHT3G\/94490-portada.png' alt=''> <img style='width: 100%; height: auto; border: 1px solid rgba(150&comma;150&comma;150&comma;0.3); border-radius: 8px;' src='https:\/\/ftp3.syscom.mx\/usuarios\/fotos\/ECO4LIGHT3G\/94490-final.png' alt=''> <\/div>\n<p> <!-- Descripci\u00f3n general --> <\/p>\n<div style='margin-bottom: 30px;'>\n<h2 style='font-size: 28px; font-weight: bold; text-align: center; margin: 25px 0; color: inherit; opacity: 0.85;'>Totalmente Personalizable<\/h2>\n<p style='font-size: 16px; text-align: justify; color: inherit;'>Econ\u00f3mico&comma; pr\u00e1ctico y muy confiable localizador vehicular compatible con GPS y GLONASS<\/p>\n<p style='font-size: 16px; text-align: justify; color: inherit;'>El equipo ECO4LIGHT3GT es un rastreador GPS compacto&comma; dise\u00f1ado para tareas de rastreo de veh\u00edculos y para obtener informaci\u00f3n diversa sobre el veh\u00edculo&comma; por ejemplo&comma; su ubicaci\u00f3n&comma; velocidad&comma; historial de ruta&comma; kilometraje&comma; nivel de combustible&comma; etc. El dispositivo tiene antenas internas GPS y GSM y es de tama\u00f1o peque\u00f1o.<\/p>\n<p style='font-size: 16px; text-align: justify; color: inherit;'>El dispositivo tambi\u00e9n est\u00e1 disponible con una bater\u00eda interna. El dispositivo utiliza redes GSM (2G) y UMTS (3G) para comunicarse.<\/p>\n<p style='font-size: 14px; color: inherit;'><strong>*Cable de programaci\u00f3n no incluido<\/strong><\/p>\n<p style='font-size: 14px; color: inherit;'><strong>**El tiempo de respaldo de la bater\u00eda var\u00eda dependiendo de la programaci\u00f3n.<\/strong><\/p>\n<p> <img style='width: 100%; height: auto; border: 1px solid rgba(150&comma;150&comma;150&comma;0.3); border-radius: 8px; margin: 20px 0;' src='https:\/\/ftp3.syscom.mx\/usuarios\/fotos\/ECO4PLUS3GT\/183568-fisica.png' alt=''> <\/div>\n<p> <!-- Secci\u00f3n de caracter\u00edsticas --> <\/p>\n<div style='display: flex; flex-wrap: wrap; gap: 20px; margin-bottom: 30px;'>\n<div style='flex: 1 1 300px; min-width: 280px;'>\n<div style='border: 1px solid rgba(150&comma;150&comma;150&comma;0.3); border-radius: 8px; padding: 15px; margin-bottom: 20px;'>\n<h3 style='font-size: 20px; border-bottom: 2px solid currentColor; padding-bottom: 5px; margin-top: 0; color: inherit; opacity: 0.8;'>Caracter\u00edsticas principales<\/h3>\n<ul style='padding-left: 20px; font-size: 14px; color: inherit; list-style-type: disc;'>\n<li style='margin-bottom: 5px;'>Antenas GNSS y GSM internas<\/li>\n<li style='margin-bottom: 5px;'>4 entradas digitales<\/li>\n<li style='margin-bottom: 5px;'>2 salidas digitales<\/li>\n<li style='margin-bottom: 5px;'>2 entradas an\u00e1logas<\/li>\n<li style='margin-bottom: 5px;'>Detecci\u00f3n de Jammer<\/li>\n<li style='margin-bottom: 5px;'>Geocercas internas<\/li>\n<li style='margin-bottom: 5px;'>Aceler\u00f3metro<\/li>\n<li style='margin-bottom: 5px;'>Compatible con GPS&comma; GLONASS y GALILEO<\/li>\n<li style='margin-bottom: 5px;'>Seguimiento de ubicaci\u00f3n&comma; historial&comma; kilometraje y velocidad de veh\u00edculos<\/li>\n<li style='margin-bottom: 5px;'>Bloqueo de ignici\u00f3n a distancia<\/li>\n<li style='margin-bottom: 5px;'>Geozonas internas<\/li>\n<li style='margin-bottom: 5px;'>Admite sensores adicionales<\/li>\n<\/ul><\/div>\n<\/p><\/div>\n<div style='flex: 1 1 300px; min-width: 280px;'>\n<div style='border: 1px solid rgba(150&comma;150&comma;150&comma;0.3); border-radius: 8px; padding: 15px; margin-bottom: 20px;'>\n<h3 style='font-size: 20px; border-bottom: 2px solid currentColor; padding-bottom: 5px; margin-top: 0; color: inherit; opacity: 0.8;'>Caracter\u00edsticas F\u00edsicas y El\u00e9ctricas<\/h3>\n<ul style='padding-left: 20px; font-size: 14px; color: inherit; list-style-type: disc;'>\n<li style='margin-bottom: 5px;'>Compatible con EpcomGPS.<\/li>\n<li style='margin-bottom: 5px;'>Sensores de combustible.<\/li>\n<li style='margin-bottom: 5px;'>Sensores de temperatura<\/li>\n<li style='margin-bottom: 5px;'>EcoDriving<\/li>\n<li style='margin-bottom: 5px;'>Registro de conductores<\/li>\n<li style='margin-bottom: 5px;'>Reporte por tiempo&comma; distancia y giro.<\/li>\n<li style='margin-bottom: 5px;'>Compatible con lector RFID (RuptelaRFID1wire).<\/li>\n<li style='margin-bottom: 5px;'>Configuraci\u00f3n por SMS.<\/li>\n<li style='margin-bottom: 5px;'>Bot\u00f3n de p\u00e1nico.<\/li>\n<li style='margin-bottom: 5px;'>Alarma de impacto o volcadura.<\/li>\n<li style='margin-bottom: 5px;'>Alarma por exceso de velocidad.<\/li>\n<li style='margin-bottom: 5px;'>Eventos personalizables<\/li>\n<li style='margin-bottom: 5px;'>Dimensiones 64.5 x 61 x 22 mm<\/li>\n<\/ul><\/div>\n<\/p><\/div>\n<div style='flex: 1 1 300px; min-width: 280px;'>\n<div style='border: 1px solid rgba(150&comma;150&comma;150&comma;0.3); border-radius: 8px; padding: 15px; margin-bottom: 20px;'>\n<h3 style='font-size: 20px; border-bottom: 2px solid currentColor; padding-bottom: 5px; margin-top: 0; color: inherit; opacity: 0.8;'>Caracter\u00edsticas Destacadas<\/h3>\n<ul style='padding-left: 20px; font-size: 14px; color: inherit; list-style-type: disc;'>\n<li style='margin-bottom: 5px;'>Operaci\u00f3n: -20 a +60 \u00b0C<\/li>\n<li style='margin-bottom: 5px;'>Almacenamiento: -20 a +65 \u00b0C<\/li>\n<li style='margin-bottom: 5px;'>Carga de bater\u00eda: 0 a +45 \u00b0C<\/li>\n<li style='margin-bottom: 5px;'>Descarga de bater\u00eda: -20 a +60 \u00b0C<\/li>\n<li style='margin-bottom: 5px;'>Almacenamiento: -20 a +60 \u00b0C<\/li>\n<li style='margin-bottom: 5px;'>Humedad relativa 5 % a 95 % sin condensaci\u00f3n<\/li>\n<\/ul>\n<h4 style='font-size: 16px; margin-top: 15px; margin-bottom: 8px; color: inherit; opacity: 0.8;'>Especificaciones el\u00e9ctricas<\/h4>\n<ul style='padding-left: 20px; font-size: 14px; color: inherit; list-style-type: disc;'>\n<li style='margin-bottom: 5px;'>Rango de alimentaci\u00f3n 6 \u00f7 32 V DC<\/li>\n<li style='margin-bottom: 5px;'>Voltaje de alimentaci\u00f3n 6 \u00f7 32 V DC<\/li>\n<li style='margin-bottom: 5px;'>Corriente m\u00e1xima 500 mA @ 12 V DC<\/li>\n<li style='margin-bottom: 5px;'>Bater\u00eda interna \u2013 LiPo 3.7 V 190 mAh<\/li>\n<\/ul>\n<h4 style='font-size: 16px; margin-top: 15px; margin-bottom: 8px; color: inherit; opacity: 0.8;'>Consumo de energ\u00eda<\/h4>\n<ul style='padding-left: 20px; font-size: 14px; color: inherit; list-style-type: disc;'>\n<li style='margin-bottom: 5px;'>Modo inactivo: 33 mA<\/li>\n<li style='margin-bottom: 5px;'>Modo activo (pico @ GSM): 138 mA<\/li>\n<li style='margin-bottom: 5px;'>Modo reposo: 6.3 mA<\/li>\n<li style='margin-bottom: 5px;'>Modo economizador: 4 mA<\/li>\n<\/ul>\n<h4 style='font-size: 16px; margin-top: 15px; margin-bottom: 8px; color: inherit; opacity: 0.8;'>Protecciones<\/h4>\n<ul style='padding-left: 20px; font-size: 14px; color: inherit; list-style-type: disc;'>\n<li style='margin-bottom: 5px;'>Protecci\u00f3n de bater\u00eda contra cortocircuitos.<\/li>\n<li style='margin-bottom: 5px;'>Protecci\u00f3n contra polaridad inversa<\/li>\n<li style='margin-bottom: 5px;'>Protecci\u00f3n de l\u00ednea de poder de 1-Wire contra sobreintensidad<\/li>\n<\/ul><\/div>\n<\/p><\/div>\n<\/p><\/div>\n<p> <!-- Secci\u00f3n de capacidades --> <\/p>\n<div style='margin-bottom: 30px;'>\n<h3 style='font-size: 20px; border-bottom: 2px solid currentColor; padding-bottom: 5px; margin-top: 0; color: inherit; opacity: 0.8;'>Capacidades<\/h3>\n<p style='font-size: 14px; text-align: justify; color: inherit;'>Compatible con sensores de combustible&comma; capaz de detectar robo de combustible y graficar consumos (requiere plataforma compatible&comma; se recomienda EpcomGPS).<\/p>\n<p style='font-size: 14px; text-align: justify; color: inherit;'>Sensores de temperatura para detectar cambios que perjudiquen la mercanc\u00eda.<\/p>\n<p style='font-size: 14px; text-align: justify; color: inherit;'>Identificaci\u00f3n de conductores para llevar un registro de las personas que conducen las unidades.<\/p>\n<p style='font-size: 14px; text-align: justify; color: inherit;'>Sensores de voltaje para detectar desconexi\u00f3n o manipulaci\u00f3n del dispositivo.<\/p>\n<p style='font-size: 14px; text-align: justify; color: inherit;'>Detecci\u00f3n de movimiento en vivo.<\/p>\n<p style='font-size: 14px; text-align: justify; color: inherit;'>Detecci\u00f3n de interferencias (Jammer)<\/p>\n<\/p><\/div>\n<p> <!-- Imagen de temperatura --> <\/p>\n<div style='margin-bottom: 30px;'> <img style='width: 100%; height: auto; border: 1px solid rgba(150&comma;150&comma;150&comma;0.3); border-radius: 8px;' src='https:\/\/ftp3.syscom.mx\/usuarios\/fotos\/RUPTELATEMP\/87680-temperatura.png' alt=''> <\/div>\n<p> <!-- Im\u00e1genes adicionales en grid --> <\/p>\n<div style='display: flex; flex-wrap: wrap; gap: 15px; margin-bottom: 30px;'>\n<div style='flex: 1 1 150px;'> <img style='width: 100%; height: auto; border: 1px solid rgba(150&comma;150&comma;150&comma;0.3); border-radius: 8px; padding: 15px;' src='https:\/\/ftp3.syscom.mx\/usuarios\/fotos\/ECO4LIGHT3G\/94490-pngocean.com.png' alt=''> <\/div>\n<div style='flex: 1 1 150px;'> <img style='width: 100%; height: auto; border: 1px solid rgba(150&comma;150&comma;150&comma;0.3); border-radius: 8px; padding: 15px;' src='https:\/\/ftp3.syscom.mx\/usuarios\/fotos\/ECO4LIGHT3G\/94490-pngocean.com(1).png' alt=''> <\/div>\n<div style='flex: 1 1 150px;'> <img style='width: 100%; height: auto; border: 1px solid rgba(150&comma;150&comma;150&comma;0.3); border-radius: 8px; padding: 15px;' src='https:\/\/ftp3.syscom.mx\/usuarios\/fotos\/ECO4LIGHT3G\/94490-kisspng-computer-icons-symbol-palomita-5b12de2da12d70.2979251315279631816602.png' alt=''> <\/div>\n<\/p><\/div>\n<\/p><\/div>\n","protected":false},"excerpt":{"rendered":"<p>Localizador Vehicular 3G \/ Sensores de combustible \/ RFID \/ Conducci\u00f3n eficiente \/ Sensor de temperatura \/ Deteccion de  Jammer<\/p>\n","protected":false},"featured_media":51884,"comment_status":"open","ping_status":"closed","template":"","meta":[],"product_brand":[],"product_cat":[1346,1388],"product_tag":[1350,1349,1351,1389],"class_list":{"0":"post-51885","1":"product","2":"type-product","3":"status-publish","4":"has-post-thumbnail","6":"product_cat-iot","7":"product_cat-trackers-gps","8":"product_tag-gps-y-telematica","9":"product_tag-iot","10":"product_tag-ruptela","11":"product_tag-trackers-gps","13":"first","14":"outofstock","15":"sale","16":"shipping-taxable","17":"purchasable","18":"product-type-simple"},"_links":{"self":[{"href":"https:\/\/soydeaqui.ddns.net\/pachuca\/index.php\/wp-json\/wp\/v2\/product\/51885","targetHints":{"allow":["GET"]}}],"collection":[{"href":"https:\/\/soydeaqui.ddns.net\/pachuca\/index.php\/wp-json\/wp\/v2\/product"}],"about":[{"href":"https:\/\/soydeaqui.ddns.net\/pachuca\/index.php\/wp-json\/wp\/v2\/types\/product"}],"replies":[{"embeddable":true,"href":"https:\/\/soydeaqui.ddns.net\/pachuca\/index.php\/wp-json\/wp\/v2\/comments?post=51885"}],"wp:featuredmedia":[{"embeddable":true,"href":"https:\/\/soydeaqui.ddns.net\/pachuca\/index.php\/wp-json\/wp\/v2\/media\/51884"}],"wp:attachment":[{"href":"https:\/\/soydeaqui.ddns.net\/pachuca\/index.php\/wp-json\/wp\/v2\/media?parent=51885"}],"wp:term":[{"taxonomy":"product_brand","embeddable":true,"href":"https:\/\/soydeaqui.ddns.net\/pachuca\/index.php\/wp-json\/wp\/v2\/product_brand?post=51885"},{"taxonomy":"product_cat","embeddable":true,"href":"https:\/\/soydeaqui.ddns.net\/pachuca\/index.php\/wp-json\/wp\/v2\/product_cat?post=51885"},{"taxonomy":"product_tag","embeddable":true,"href":"https:\/\/soydeaqui.ddns.net\/pachuca\/index.php\/wp-json\/wp\/v2\/product_tag?post=51885"}],"curies":[{"name":"wp","href":"https:\/\/api.w.org\/{rel}","templated":true}]}}