{"id":51629,"date":"2026-03-18T23:12:36","date_gmt":"2026-03-18T23:12:36","guid":{"rendered":"https:\/\/soydeaqui.ddns.net\/pachuca\/index.php\/producto\/barra-de-luces-de-47-con-88-leds-de-alta-potencia-color-ambar-ideal-para-equipar-unidades-de-seguridad-privada-mineria-e-industria-2\/"},"modified":"2026-03-18T23:12:44","modified_gmt":"2026-03-18T23:12:44","slug":"barra-de-luces-de-47-con-88-leds-de-alta-potencia-color-ambar-ideal-para-equipar-unidades-de-seguridad-privada-mineria-e-industria-2","status":"publish","type":"product","link":"https:\/\/soydeaqui.ddns.net\/pachuca\/index.php\/producto\/barra-de-luces-de-47-con-88-leds-de-alta-potencia-color-ambar-ideal-para-equipar-unidades-de-seguridad-privada-mineria-e-industria-2\/","title":{"rendered":"Barra de luces de 47&#8243; con 88 LEDs de alta potencia, color \u00e1mbar, ideal para equipar unidades de seguridad privada, miner\u00eda e industria"},"content":{"rendered":"<div style='width: 100%; max-width: 1200px; margin: 0 auto; font-family: sans-serif; line-height: 1.6; color: inherit; background-color: transparent;'>\n<div style='display: flex; flex-wrap: wrap; gap: 30px; margin-bottom: 30px;'>\n<div style='flex: 1 1 300px; min-width: 280px;'>\n<h3 style='font-size: 22px; border-bottom: 2px solid currentColor; padding-bottom: 5px; margin-top: 0; color: inherit; opacity: 0.8;'>Caracter\u00edsticas principales<\/h3>\n<ul style='padding-left: 20px; font-size: 15px; color: inherit;'>\n<li style='margin-bottom: 5px;'><strong>Tecnolog\u00eda:<\/strong> HyperLUX<\/li>\n<li style='margin-bottom: 5px;'><strong>Color:<\/strong> \u00c1mbar<\/li>\n<li style='margin-bottom: 5px;'><strong>Aplicaciones:<\/strong> Seguridad privada&comma; miner\u00eda e industria<\/li>\n<\/ul><\/div>\n<div style='flex: 1 1 300px; min-width: 280px;'>\n<h3 style='font-size: 22px; border-bottom: 2px solid currentColor; padding-bottom: 5px; margin-top: 0; color: inherit; opacity: 0.8;'>Especificaciones t\u00e9cnicas<\/h3>\n<ul style='padding-left: 20px; font-size: 15px; color: inherit;'>\n<li style='margin-bottom: 5px;'><strong>Longitud:<\/strong> 47&#8242;<\/li>\n<li style='margin-bottom: 5px;'><strong>LEDs:<\/strong> 88 de alta potencia<\/li>\n<li style='margin-bottom: 5px;'><strong>Configuraci\u00f3n:<\/strong> 6 m\u00f3dulos de 4 LED \u00e1mbar en el frente&comma; 4 m\u00f3dulos de esquina de 4 LED \u00e1mbar&comma; 8 m\u00f3dulos de 4 LED \u00e1mbar en la parte trasera&comma; 2 m\u00f3dulos de luz de penetraci\u00f3n de 4 LED blanco&comma; 2 m\u00f3dulos de luz de callej\u00f3n con 4 LED blanco<\/li>\n<\/ul><\/div>\n<\/p><\/div>\n<div style='display: flex; flex-wrap: wrap; gap: 20px; margin-bottom: 30px;'>\n<div style='flex: 1 1 250px; border: 1px solid rgba(150&comma; 150&comma; 150&comma; 0.4); border-radius: 8px; overflow: hidden; display: flex; flex-direction: column;'>\n<div style='padding: 15px; border-bottom: 1px solid rgba(150&comma; 150&comma; 150&comma; 0.2); font-weight: bold; font-size: 18px; color: inherit;'>Configuraci\u00f3n modular<\/div>\n<div style='padding: 15px; color: inherit;'>\n<ul style='padding-left: 20px; margin: 0; font-size: 14px; list-style-type: disc; color: inherit;'>\n<li style='margin-bottom: 5px;'>6 m\u00f3dulos de 4 LED \u00e1mbar en el frente<\/li>\n<li style='margin-bottom: 5px;'>4 m\u00f3dulos de esquina de 4 LED \u00e1mbar<\/li>\n<li style='margin-bottom: 5px;'>8 m\u00f3dulos de 4 LED \u00e1mbar en la parte trasera<\/li>\n<li style='margin-bottom: 5px;'>2 m\u00f3dulos de luz de penetraci\u00f3n de 4 LED blanco<\/li>\n<li style='margin-bottom: 5px;'>2 m\u00f3dulos de luz de callej\u00f3n con 4 LED blanco<\/li>\n<\/ul><\/div>\n<\/p><\/div>\n<div style='flex: 1 1 250px; border: 1px solid rgba(150&comma; 150&comma; 150&comma; 0.4); border-radius: 8px; overflow: hidden; display: flex; flex-direction: column;'>\n<div style='padding: 15px; border-bottom: 1px solid rgba(150&comma; 150&comma; 150&comma; 0.2); font-weight: bold; font-size: 18px; color: inherit;'>Aplicaciones<\/div>\n<div style='padding: 15px; color: inherit;'>\n<ul style='padding-left: 20px; margin: 0; font-size: 14px; list-style-type: disc; color: inherit;'>\n<li style='margin-bottom: 5px;'>Unidades de seguridad privada<\/li>\n<li style='margin-bottom: 5px;'>Miner\u00eda<\/li>\n<li style='margin-bottom: 5px;'>Industria<\/li>\n<\/ul><\/div>\n<\/p><\/div>\n<\/p><\/div>\n<div style='display: flex; flex-wrap: wrap; gap: 20px; margin-bottom: 30px;'>\n<div style='flex: 1 1 250px; border: 1px solid rgba(150&comma; 150&comma; 150&comma; 0.4); border-radius: 8px; overflow: hidden; display: flex; flex-direction: column;'>\n<div style='padding: 15px; border-bottom: 1px solid rgba(150&comma; 150&comma; 150&comma; 0.2); font-weight: bold; font-size: 18px; color: inherit;'>Tecnolog\u00eda HyperLUX<\/div>\n<div style='padding: 15px; color: inherit; font-size: 15px;'>\n<p style='margin: 0 0 10px; color: inherit;'>La barra de luces Serie X67 cuenta con la tecnolog\u00eda HyperLUX&comma; la cual es empleada para la emisi\u00f3n de luz y proporciona gran destello.<\/p>\n<\/p><\/div>\n<\/p><\/div>\n<\/p><\/div>\n<hr style='border: 0; border-top: 1px solid rgba(150&comma; 150&comma; 150&comma; 0.3); margin: 30px 0;'> <\/div>\n","protected":false},"excerpt":{"rendered":"<p>Barra de luces de 47&#8243; con 88 LEDs de alta potencia, color \u00e1mbar, ideal para equipar unidades de seguridad privada, miner\u00eda e industria<\/p>\n","protected":false},"featured_media":51628,"comment_status":"open","ping_status":"closed","template":"","meta":[],"product_brand":[],"product_cat":[1405],"product_tag":[950,1356,1237],"class_list":{"0":"post-51629","1":"product","2":"type-product","3":"status-publish","4":"has-post-thumbnail","6":"product_cat-ambar-barras-de-luz-torretas-vehiculares","7":"product_tag-ambar","8":"product_tag-barras-de-luz-torretas-vehiculares","9":"product_tag-epcom-industrial-signaling","11":"first","12":"instock","13":"sale","14":"shipping-taxable","15":"purchasable","16":"product-type-simple"},"_links":{"self":[{"href":"https:\/\/soydeaqui.ddns.net\/pachuca\/index.php\/wp-json\/wp\/v2\/product\/51629","targetHints":{"allow":["GET"]}}],"collection":[{"href":"https:\/\/soydeaqui.ddns.net\/pachuca\/index.php\/wp-json\/wp\/v2\/product"}],"about":[{"href":"https:\/\/soydeaqui.ddns.net\/pachuca\/index.php\/wp-json\/wp\/v2\/types\/product"}],"replies":[{"embeddable":true,"href":"https:\/\/soydeaqui.ddns.net\/pachuca\/index.php\/wp-json\/wp\/v2\/comments?post=51629"}],"wp:featuredmedia":[{"embeddable":true,"href":"https:\/\/soydeaqui.ddns.net\/pachuca\/index.php\/wp-json\/wp\/v2\/media\/51628"}],"wp:attachment":[{"href":"https:\/\/soydeaqui.ddns.net\/pachuca\/index.php\/wp-json\/wp\/v2\/media?parent=51629"}],"wp:term":[{"taxonomy":"product_brand","embeddable":true,"href":"https:\/\/soydeaqui.ddns.net\/pachuca\/index.php\/wp-json\/wp\/v2\/product_brand?post=51629"},{"taxonomy":"product_cat","embeddable":true,"href":"https:\/\/soydeaqui.ddns.net\/pachuca\/index.php\/wp-json\/wp\/v2\/product_cat?post=51629"},{"taxonomy":"product_tag","embeddable":true,"href":"https:\/\/soydeaqui.ddns.net\/pachuca\/index.php\/wp-json\/wp\/v2\/product_tag?post=51629"}],"curies":[{"name":"wp","href":"https:\/\/api.w.org\/{rel}","templated":true}]}}