{"id":51548,"date":"2026-03-18T23:10:09","date_gmt":"2026-03-18T23:10:09","guid":{"rendered":"https:\/\/soydeaqui.ddns.net\/pachuca\/index.php\/producto\/localizador-vehicular-3g-compatible-con-gps-glonass-y-galileo\/"},"modified":"2026-03-18T23:10:10","modified_gmt":"2026-03-18T23:10:10","slug":"localizador-vehicular-3g-compatible-con-gps-glonass-y-galileo","status":"publish","type":"product","link":"https:\/\/soydeaqui.ddns.net\/pachuca\/index.php\/producto\/localizador-vehicular-3g-compatible-con-gps-glonass-y-galileo\/","title":{"rendered":"Localizador Vehicular 3G Compatible con GPS, GLONASS y GALILEO"},"content":{"rendered":"<div style='width: 100%; max-width: 1200px; margin: 0 auto; font-family: sans-serif; line-height: 1.6; color: inherit; background-color: transparent;'> <!-- Im\u00e1genes principales --> <\/p>\n<div style='display: flex; flex-wrap: wrap; gap: 15px; margin-bottom: 30px;'> <img style='width: 100%; max-width: 500px; height: auto; border: 1px solid rgba(150&comma;150&comma;150&comma;0.3); border-radius: 8px;' src='https:\/\/ftp3.syscom.mx\/usuarios\/fotos\/ECO4LIGHT3G\/94490-portada.png' alt=''> <img style='width: 100%; max-width: 500px; height: auto; border: 1px solid rgba(150&comma;150&comma;150&comma;0.3); border-radius: 8px;' src='https:\/\/ftp3.syscom.mx\/usuarios\/fotos\/ECO4LIGHT3G\/94490-final.png' alt=''> <\/div>\n<p> <!-- Descripci\u00f3n general --> <\/p>\n<div style='margin-bottom: 30px;'>\n<h2 style='font-size: 24px; font-weight: bold; text-align: center; margin: 0 0 15px 0; color: inherit; opacity: 0.8;'>Totalmente Personalizable<\/h2>\n<p style='font-size: 15px; color: inherit;'>Econ\u00f3mico&comma; pr\u00e1ctico y muy confiable localizador vehicular compatible con GPS y GLONASS<\/p>\n<p style='font-size: 15px; color: inherit;'>El equipo ECO4LIGHT3G es un rastreador GPS compacto&comma; dise\u00f1ado para tareas de rastreo de veh\u00edculos y para obtener informaci\u00f3n diversa sobre el veh\u00edculo&comma; por ejemplo&comma; su ubicaci\u00f3n&comma; velocidad&comma; historial de ruta&comma; kilometraje&comma; nivel de combustible&comma; etc. El dispositivo tiene antenas internas GPS y GSM y es de tama\u00f1o peque\u00f1o.<\/p>\n<p style='font-size: 15px; color: inherit;'>El dispositivo tambi\u00e9n est\u00e1 disponible con una bater\u00eda interna. El dispositivo utiliza redes GSM (2G) y UMTS (3G) para comunicarse.<\/p>\n<p style='font-size: 14px; color: inherit;'><strong>*Cable de programaci\u00f3n no incluido<\/strong><\/p>\n<p style='font-size: 14px; color: inherit;'><strong>**El tiempo de respaldo de la bater\u00eda var\u00eda dependiendo de la programaci\u00f3n.<\/strong><\/p>\n<\/p><\/div>\n<p> <!-- Caracter\u00edsticas principales --> <\/p>\n<div style='display: flex; flex-wrap: wrap; gap: 20px; margin-bottom: 30px;'>\n<div style='flex: 1 1 300px; min-width: 250px; border: 1px solid rgba(150&comma; 150&comma; 150&comma; 0.4); border-radius: 8px; padding: 15px;'>\n<div style='display: flex; align-items: center; margin-bottom: 15px;'> <img style='width: 80px; height: 80px; object-fit: contain; margin-right: 15px;' src='https:\/\/ftp3.syscom.mx\/usuarios\/fotos\/ECO4LIGHT3G\/94490-pngocean.com.png' alt=''> <\/p>\n<h3 style='font-size: 18px; margin: 0; color: inherit; opacity: 0.8;'>Caracter\u00edsticas principales<\/h3>\n<\/p><\/div>\n<ul style='padding-left: 20px; margin: 0; font-size: 14px; color: inherit;'>\n<li style='margin-bottom: 5px;'>Antenas GNSS y GSM internas<\/li>\n<li style='margin-bottom: 5px;'>4 entradas digitales<\/li>\n<li style='margin-bottom: 5px;'>2 salidas digitales<\/li>\n<li style='margin-bottom: 5px;'>2 entradas anal\u00f3gicas<\/li>\n<li style='margin-bottom: 5px;'>Detecci\u00f3n de Jammer<\/li>\n<li style='margin-bottom: 5px;'>Geocercas internas<\/li>\n<li style='margin-bottom: 5px;'>Aceler\u00f3metro<\/li>\n<li style='margin-bottom: 5px;'>Compatible con GPS&comma; GLONASS y GALILEO<\/li>\n<li style='margin-bottom: 5px;'>Seguimiento de ubicaci\u00f3n&comma; historial&comma; kilometraje y velocidad de veh\u00edculos<\/li>\n<li style='margin-bottom: 5px;'>Bloqueo de ignici\u00f3n a distancia<\/li>\n<li style='margin-bottom: 5px;'>Geozonas internas<\/li>\n<li style='margin-bottom: 5px;'>Admite sensores adicionales<\/li>\n<\/ul><\/div>\n<div style='flex: 1 1 300px; min-width: 250px; border: 1px solid rgba(150&comma; 150&comma; 150&comma; 0.4); border-radius: 8px; padding: 15px;'>\n<div style='display: flex; align-items: center; margin-bottom: 15px;'> <img style='width: 80px; height: 80px; object-fit: contain; margin-right: 15px;' src='https:\/\/ftp3.syscom.mx\/usuarios\/fotos\/ECO4LIGHT3G\/94490-pngocean.com(1).png' alt=''> <\/p>\n<h3 style='font-size: 18px; margin: 0; color: inherit; opacity: 0.8;'>Funcionalidades<\/h3>\n<\/p><\/div>\n<ul style='padding-left: 20px; margin: 0; font-size: 14px; color: inherit;'>\n<li style='margin-bottom: 5px;'>Compatible con EpcomGPS<\/li>\n<li style='margin-bottom: 5px;'>Sensores de combustible<\/li>\n<li style='margin-bottom: 5px;'>Sensores de temperatura<\/li>\n<li style='margin-bottom: 5px;'>EcoDriving<\/li>\n<li style='margin-bottom: 5px;'>Registro de conductores<\/li>\n<li style='margin-bottom: 5px;'>Reporte por tiempo&comma; distancia y giro<\/li>\n<li style='margin-bottom: 5px;'>Compatible con lector RFID (RuptelaRFID1wire)<\/li>\n<li style='margin-bottom: 5px;'>Configuraci\u00f3n por SMS<\/li>\n<li style='margin-bottom: 5px;'>Bot\u00f3n de p\u00e1nico<\/li>\n<li style='margin-bottom: 5px;'>Alarma de impacto o volcadura<\/li>\n<li style='margin-bottom: 5px;'>Alarma por exceso de velocidad<\/li>\n<li style='margin-bottom: 5px;'>Eventos personalizables<\/li>\n<li style='margin-bottom: 5px;'>Dimensiones 64.5 x 61 x 22 mm<\/li>\n<\/ul><\/div>\n<div style='flex: 1 1 300px; min-width: 250px; border: 1px solid rgba(150&comma; 150&comma; 150&comma; 0.4); border-radius: 8px; padding: 15px;'>\n<div style='display: flex; align-items: center; margin-bottom: 15px;'> <img style='width: 80px; height: 80px; object-fit: contain; margin-right: 15px;' src='https:\/\/ftp3.syscom.mx\/usuarios\/fotos\/ECO4LIGHT3G\/94490-kisspng-computer-icons-symbol-palomita-5b12de2da12d70.2979251315279631816602.png' alt=''> <\/p>\n<h3 style='font-size: 18px; margin: 0; color: inherit; opacity: 0.8;'>Especificaciones<\/h3>\n<\/p><\/div>\n<h4 style='font-size: 16px; margin-top: 0; margin-bottom: 10px; color: inherit; opacity: 0.8;'>Temperatura<\/h4>\n<ul style='padding-left: 20px; margin: 0 0 15px 0; font-size: 14px; color: inherit;'>\n<li style='margin-bottom: 5px;'>Operaci\u00f3n: -30 a +60 \u00b0C<\/li>\n<li style='margin-bottom: 5px;'>Almacenamiento: -40 a +65 \u00b0C<\/li>\n<li style='margin-bottom: 5px;'>Carga de bater\u00eda: 0 a +45 \u00b0C<\/li>\n<li style='margin-bottom: 5px;'>Descarga de bater\u00eda: -20 a +60 \u00b0C<\/li>\n<li style='margin-bottom: 5px;'>Almacenamiento: -20 a +60 \u00b0C<\/li>\n<li style='margin-bottom: 5px;'>Humedad relativa 5 % a 95 % sin condensaci\u00f3n<\/li>\n<\/ul>\n<h4 style='font-size: 16px; margin-top: 0; margin-bottom: 10px; color: inherit; opacity: 0.8;'>Especificaciones el\u00e9ctricas<\/h4>\n<ul style='padding-left: 20px; margin: 0 0 15px 0; font-size: 14px; color: inherit;'>\n<li style='margin-bottom: 5px;'>Rango de alimentaci\u00f3n 10 \u00f7 32 V DC<\/li>\n<li style='margin-bottom: 5px;'>Voltaje de alimentaci\u00f3n 12 \/ 24 V DC<\/li>\n<li style='margin-bottom: 5px;'>Corriente m\u00e1xima 150 mA @ 12 V DC<\/li>\n<li style='margin-bottom: 5px;'>Bater\u00eda interna \u2013 LiPo 3.7 V 190 mAh<\/li>\n<\/ul>\n<h4 style='font-size: 16px; margin-top: 0; margin-bottom: 10px; color: inherit; opacity: 0.8;'>Protecciones<\/h4>\n<ul style='padding-left: 20px; margin: 0; font-size: 14px; color: inherit;'>\n<li style='margin-bottom: 5px;'>Protecci\u00f3n de bater\u00eda contra cortocircuitos (s\u00f3lo FM-Eco4 light+ 3G)<\/li>\n<li style='margin-bottom: 5px;'>Protecci\u00f3n contra polaridad inversa<\/li>\n<li style='margin-bottom: 5px;'>Fusible interno tipo F2 (1 A&comma; lento)<\/li>\n<li style='margin-bottom: 5px;'>Protecci\u00f3n de l\u00ednea de poder de 1-Wire contra sobreintensidad<\/li>\n<\/ul><\/div>\n<\/p><\/div>\n<p> <!-- Separador --> <\/p>\n<hr style='border: 0; border-top: 1px solid rgba(150&comma; 150&comma; 150&comma; 0.3); margin: 30px 0;'> <\/div>\n","protected":false},"excerpt":{"rendered":"<p>Localizador Vehicular 3G Compatible con GPS, GLONASS y GALILEO<\/p>\n","protected":false},"featured_media":51547,"comment_status":"open","ping_status":"closed","template":"","meta":[],"product_brand":[],"product_cat":[1346,1388],"product_tag":[1350,1349,1351,1389],"class_list":{"0":"post-51548","1":"product","2":"type-product","3":"status-publish","4":"has-post-thumbnail","6":"product_cat-iot","7":"product_cat-trackers-gps","8":"product_tag-gps-y-telematica","9":"product_tag-iot","10":"product_tag-ruptela","11":"product_tag-trackers-gps","13":"first","14":"outofstock","15":"sale","16":"shipping-taxable","17":"purchasable","18":"product-type-simple"},"_links":{"self":[{"href":"https:\/\/soydeaqui.ddns.net\/pachuca\/index.php\/wp-json\/wp\/v2\/product\/51548","targetHints":{"allow":["GET"]}}],"collection":[{"href":"https:\/\/soydeaqui.ddns.net\/pachuca\/index.php\/wp-json\/wp\/v2\/product"}],"about":[{"href":"https:\/\/soydeaqui.ddns.net\/pachuca\/index.php\/wp-json\/wp\/v2\/types\/product"}],"replies":[{"embeddable":true,"href":"https:\/\/soydeaqui.ddns.net\/pachuca\/index.php\/wp-json\/wp\/v2\/comments?post=51548"}],"wp:featuredmedia":[{"embeddable":true,"href":"https:\/\/soydeaqui.ddns.net\/pachuca\/index.php\/wp-json\/wp\/v2\/media\/51547"}],"wp:attachment":[{"href":"https:\/\/soydeaqui.ddns.net\/pachuca\/index.php\/wp-json\/wp\/v2\/media?parent=51548"}],"wp:term":[{"taxonomy":"product_brand","embeddable":true,"href":"https:\/\/soydeaqui.ddns.net\/pachuca\/index.php\/wp-json\/wp\/v2\/product_brand?post=51548"},{"taxonomy":"product_cat","embeddable":true,"href":"https:\/\/soydeaqui.ddns.net\/pachuca\/index.php\/wp-json\/wp\/v2\/product_cat?post=51548"},{"taxonomy":"product_tag","embeddable":true,"href":"https:\/\/soydeaqui.ddns.net\/pachuca\/index.php\/wp-json\/wp\/v2\/product_tag?post=51548"}],"curies":[{"name":"wp","href":"https:\/\/api.w.org\/{rel}","templated":true}]}}