{"id":51425,"date":"2026-03-18T23:06:35","date_gmt":"2026-03-18T23:06:35","guid":{"rendered":"https:\/\/soydeaqui.ddns.net\/pachuca\/index.php\/producto\/certificacion-de-localizacion-vehicular-telematica-y-iot-de-equipos-jimiiot-concox\/"},"modified":"2026-03-18T23:06:36","modified_gmt":"2026-03-18T23:06:36","slug":"certificacion-de-localizacion-vehicular-telematica-y-iot-de-equipos-jimiiot-concox","status":"publish","type":"product","link":"https:\/\/soydeaqui.ddns.net\/pachuca\/index.php\/producto\/certificacion-de-localizacion-vehicular-telematica-y-iot-de-equipos-jimiiot-concox\/","title":{"rendered":"Certificaci\u00f3n de Localizaci\u00f3n Vehicular, Telem\u00e1tica y IoT de equipos JimiIoT &#8211; Concox"},"content":{"rendered":"<div style='width: 100%; max-width: 1200px; margin: 0 auto; font-family: sans-serif; line-height: 1.6; color: inherit; background-color: transparent;'>\n<div style='display: flex; flex-wrap: wrap; gap: 30px; margin-bottom: 30px;'>\n<div style='flex: 1 1 300px; min-width: 280px;'>\n<h3 style='font-size: 22px; border-bottom: 2px solid currentColor; padding-bottom: 5px; margin-top: 0; color: inherit; opacity: 0.8;'>Certificado Digital otorgado por SYSCOM y JIMI\/CONCOX<\/h3>\n<ul style='padding-left: 20px; font-size: 15px; color: inherit;'>\n<li style='margin-bottom: 5px;'>Certificaci\u00f3n de equipos rastreadores y telemetr\u00eda Concox<\/li>\n<\/ul><\/div>\n<\/p><\/div>\n<div style='display: flex; flex-wrap: wrap; gap: 30px; margin-bottom: 30px;'>\n<div style='flex: 1 1 300px; min-width: 280px;'>\n<h3 style='font-size: 22px; border-bottom: 2px solid currentColor; padding-bottom: 5px; margin-top: 0; color: inherit; opacity: 0.8;'>Requisitos:<\/h3>\n<ul style='padding-left: 20px; font-size: 15px; color: inherit;'>\n<li style='margin-bottom: 5px;'>Ser distribuidor autorizado SYSCOM<\/li>\n<li style='margin-bottom: 5px;'>Llevar laptop con sistema operativo Windows<\/li>\n<li style='margin-bottom: 5px;'>Llevar SIM de datos Telcel.<\/li>\n<li style='margin-bottom: 5px;'>Llevar desarmador peque\u00f1o<\/li>\n<\/ul><\/div>\n<\/p><\/div>\n<div style='display: flex; flex-wrap: wrap; gap: 30px; margin-bottom: 30px;'>\n<div style='flex: 1 1 300px; min-width: 280px;'>\n<h3 style='font-size: 22px; border-bottom: 2px solid currentColor; padding-bottom: 5px; margin-top: 0; color: inherit; opacity: 0.8;'>Dirigido a:<\/h3>\n<p style='font-size: 15px; color: inherit;'>Propietarios&comma; directivos&comma; t\u00e9cnicos y todos los interesados en implementar un Sistema de Localizaci\u00f3n Personal y Control de Flotillas Vehiculares.<\/p>\n<\/p><\/div>\n<\/p><\/div>\n<div style='display: flex; flex-wrap: wrap; gap: 30px; margin-bottom: 30px;'>\n<div style='flex: 1 1 300px; min-width: 280px;'>\n<h3 style='font-size: 22px; border-bottom: 2px solid currentColor; padding-bottom: 5px; margin-top: 0; color: inherit; opacity: 0.8;'>Objetivos:<\/h3>\n<p style='font-size: 15px; color: inherit;'>Brindar los conocimientos te\u00f3ricos y pr\u00e1cticos para ofrecer una soluci\u00f3n de localizaci\u00f3n vehicular o personal v\u00eda celular.<\/p>\n<\/p><\/div>\n<\/p><\/div>\n<div style='display: flex; flex-wrap: wrap; gap: 30px; margin-bottom: 30px;'>\n<div style='flex: 1 1 300px; min-width: 280px;'>\n<h3 style='font-size: 22px; border-bottom: 2px solid currentColor; padding-bottom: 5px; margin-top: 0; color: inherit; opacity: 0.8;'>Incluye:<\/h3>\n<ul style='padding-left: 20px; font-size: 15px; color: inherit;'>\n<li style='margin-bottom: 5px;'>VL103<\/li>\n<li style='margin-bottom: 5px;'>SIM500MB2Y<\/li>\n<li style='margin-bottom: 5px;'>PTSCX<\/li>\n<li style='margin-bottom: 5px; font-weight: bold; color: inherit;'>PS-12-DC-4C<\/li>\n<li style='margin-bottom: 5px; font-weight: bold; color: inherit;'>SF-BUZZER<\/li>\n<\/ul><\/div>\n<\/p><\/div>\n<div style='display: flex; flex-wrap: wrap; gap: 30px; margin-bottom: 30px;'>\n<div style='flex: 1 1 300px; min-width: 280px;'>\n<h3 style='font-size: 22px; border-bottom: 2px solid currentColor; padding-bottom: 5px; margin-top: 0; color: inherit; opacity: 0.8;'>Temario:<\/h3>\n<ul style='padding-left: 20px; font-size: 15px; color: inherit;'>\n<li style='margin-bottom: 5px;'>Introducci\u00f3n al sistema GPS<\/li>\n<li style='margin-bottom: 5px;'>Conceptos b\u00e1sicos<\/li>\n<li style='margin-bottom: 5px;'>Medios de transmisi\u00f3n GPRS<\/li>\n<li style='margin-bottom: 5px;'>Proveedores de servicio y operadores de datos<\/li>\n<li style='margin-bottom: 5px;'>Programaci\u00f3n de equipos v\u00eda SMS<\/li>\n<li style='margin-bottom: 5px;'>Soluci\u00f3n de problemas frecuentes<\/li>\n<li style='margin-bottom: 5px;'>Aplicaciones<\/li>\n<li style='margin-bottom: 5px;'>Panel de SIM de datos<\/li>\n<li style='margin-bottom: 5px;'>Plataforma de rastreo TracksolidPro y EpcomGPS<\/li>\n<li style='margin-bottom: 5px;'>Otras soluciones<\/li>\n<\/ul>\n<p style='font-size: 15px; color: inherit; margin-top: 15px;'>Examen practico al final de la certificacion<\/p>\n<\/p><\/div>\n<\/p><\/div>\n<\/p><\/div>\n","protected":false},"excerpt":{"rendered":"<p>Certificaci\u00f3n de Localizaci\u00f3n Vehicular, Telem\u00e1tica y IoT de equipos JimiIoT &#8211; Concox<\/p>\n","protected":false},"featured_media":51424,"comment_status":"open","ping_status":"closed","template":"","meta":[],"product_brand":[],"product_cat":[1346,1388],"product_tag":[1350,1349,63,1389],"class_list":{"0":"post-51425","1":"product","2":"type-product","3":"status-publish","4":"has-post-thumbnail","6":"product_cat-iot","7":"product_cat-trackers-gps","8":"product_tag-gps-y-telematica","9":"product_tag-iot","10":"product_tag-syscom","11":"product_tag-trackers-gps","13":"first","14":"outofstock","15":"sale","16":"shipping-taxable","17":"purchasable","18":"product-type-simple"},"_links":{"self":[{"href":"https:\/\/soydeaqui.ddns.net\/pachuca\/index.php\/wp-json\/wp\/v2\/product\/51425","targetHints":{"allow":["GET"]}}],"collection":[{"href":"https:\/\/soydeaqui.ddns.net\/pachuca\/index.php\/wp-json\/wp\/v2\/product"}],"about":[{"href":"https:\/\/soydeaqui.ddns.net\/pachuca\/index.php\/wp-json\/wp\/v2\/types\/product"}],"replies":[{"embeddable":true,"href":"https:\/\/soydeaqui.ddns.net\/pachuca\/index.php\/wp-json\/wp\/v2\/comments?post=51425"}],"wp:featuredmedia":[{"embeddable":true,"href":"https:\/\/soydeaqui.ddns.net\/pachuca\/index.php\/wp-json\/wp\/v2\/media\/51424"}],"wp:attachment":[{"href":"https:\/\/soydeaqui.ddns.net\/pachuca\/index.php\/wp-json\/wp\/v2\/media?parent=51425"}],"wp:term":[{"taxonomy":"product_brand","embeddable":true,"href":"https:\/\/soydeaqui.ddns.net\/pachuca\/index.php\/wp-json\/wp\/v2\/product_brand?post=51425"},{"taxonomy":"product_cat","embeddable":true,"href":"https:\/\/soydeaqui.ddns.net\/pachuca\/index.php\/wp-json\/wp\/v2\/product_cat?post=51425"},{"taxonomy":"product_tag","embeddable":true,"href":"https:\/\/soydeaqui.ddns.net\/pachuca\/index.php\/wp-json\/wp\/v2\/product_tag?post=51425"}],"curies":[{"name":"wp","href":"https:\/\/api.w.org\/{rel}","templated":true}]}}