{"id":5130,"date":"2026-03-18T06:27:21","date_gmt":"2026-03-18T06:27:21","guid":{"rendered":"https:\/\/soydeaqui.ddns.net\/pachuca\/index.php\/producto\/modulo-de-interconexion-para-carga-y-descarga-via-tip-ring-para-comunicadores-m2m\/"},"modified":"2026-03-18T06:27:25","modified_gmt":"2026-03-18T06:27:25","slug":"modulo-de-interconexion-para-carga-y-descarga-via-tip-ring-para-comunicadores-m2m","status":"publish","type":"product","link":"https:\/\/soydeaqui.ddns.net\/pachuca\/index.php\/producto\/modulo-de-interconexion-para-carga-y-descarga-via-tip-ring-para-comunicadores-m2m\/","title":{"rendered":"Modulo de Interconexi\u00f3n para Carga y Descarga v\u00eda TIP\/RING para comunicadores M2M"},"content":{"rendered":"<div style='width: 100%; max-width: 1200px; margin: 0 auto; font-family: sans-serif; line-height: 1.6; color: inherit; background-color: transparent;'> <!-- Imagen principal --> <\/p>\n<div style='text-align: center; margin: 20px 0;'> <img style='width: 100%; max-width: 250px; height: auto; border: 1px solid rgba(150&comma;150&comma;150&comma;0.3); border-radius: 8px;' src='https:\/\/ftp3.syscom.mx\/usuarios\/vvega\/M2M\/programacion\/MN01-RNGR.png' alt=''> <\/div>\n<p> <!-- Descripci\u00f3n principal --> <\/p>\n<div style='margin: 30px 0; font-size: 16px;'>\n<p>M\u00f3dulo de interconexi\u00f3n entre Comunicador M2M y Panel de Alarma (Honeywell VISTA o DSC). Puede realizar programaci\u00f3n remota.<\/p>\n<p style='text-align: center; margin: 25px 0 0;'> <a href='https:\/\/sites.google.com\/syscom.mx\/m2m-services\/inicio' target='_blank' rel='noopener' style='font-size: 18.6667px; text-decoration: none; color: inherit; font-weight: bold;'> CONFIGURACIONES DE EQUIPOS M2M dando CLIC AQU\u00cd <\/a> <\/p>\n<p style='text-align: center; margin: 25px 0 0; font-weight: bold; font-size: 18px;'>CONEXI\u00d3N R\u00c1PIDA Y SENCILLA!<\/p>\n<\/p><\/div>\n<p> <!-- Video --> <\/p>\n<div style='position: relative; padding-bottom: 56.25%; height: 0; overflow: hidden; margin: 30px 0;'>   <\/div>\n<p> <!-- Secci\u00f3n de caracter\u00edsticas con grid --> <\/p>\n<div style='display: flex; flex-wrap: wrap; gap: 20px; margin: 30px 0;'>\n<div style='flex: 1 1 300px; min-width: 280px;'>\n<div style='border-left: 5px solid #ff0000; border-radius: 8px; padding: 15px; box-shadow: 2px 2px 10px rgba(216&comma;216&comma;216&comma;0.4);'>\n<h3 style='font-size: 18px; margin-top: 0; margin-bottom: 15px; color: inherit;'>Compatibilidad de Paneles con<\/h3>\n<ul style='padding-left: 20px; font-size: 15px; color: inherit; list-style-type: disc;'>\n<li style='margin-bottom: 8px;'>Honeywell VISTA (Vista48&comma; Vista20&comma; Vista21IP)<\/li>\n<li>DSC (PC585&comma; PC1832&comma; PC9155&comma; PC1555&comma; PC1864&comma; SCW9057&comma; PC1616&comma; PC5010 Y HS2032)<\/li>\n<\/ul><\/div>\n<\/p><\/div>\n<div style='flex: 1 1 300px; min-width: 280px;'>\n<div style='border-left: 5px solid #ff0000; border-radius: 8px; padding: 15px; box-shadow: 2px 2px 10px rgba(216&comma;216&comma;216&comma;0.4);'>\n<h3 style='font-size: 18px; margin-top: 0; margin-bottom: 15px; color: inherit;'>Caracter\u00edsticas F\u00edsicas y El\u00e9ctricas:<\/h3>\n<ul style='padding-left: 20px; font-size: 15px; color: inherit; list-style-type: disc;'>\n<li style='margin-bottom: 8px;'>Alimentaci\u00f3n: 12 Vcc<\/li>\n<li style='margin-bottom: 8px;'>Rango Temperatura Operaci\u00f3n: -20\u00b0 a +55\u00b0<\/li>\n<li style='margin-bottom: 8px;'>Dimensiones: 65 x 17 x 34 mm<\/li>\n<li>Peso: 40 gr<\/li>\n<\/ul><\/div>\n<\/p><\/div>\n<div style='flex: 1 1 300px; min-width: 280px;'>\n<div style='border-left: 5px solid #ff0000; border-radius: 8px; padding: 15px; box-shadow: 2px 2px 10px rgba(216&comma;216&comma;216&comma;0.4);'>\n<h3 style='font-size: 18px; margin-top: 0; margin-bottom: 15px; color: inherit;'>Caracter\u00edsticas Destacadas:<\/h3>\n<p style='margin-bottom: 15px;'>Para su correcto funcionamiento es necesario contar con alguna de las siguientes 2 opciones:<\/p>\n<p style='margin-bottom: 15px;'><strong>Opci\u00f3n 1:<\/strong> M\u00f3dulo USB ModemVISTA o ModemDSC del lado donde estar\u00e1 el software de programaci\u00f3n + Comunicador M2M (MINI014GV2&comma; MINI012G&comma; MN02LTEM&comma; MN01LTEM) del lado del panel de alarma.<\/p>\n<p><strong>Opci\u00f3n 2:<\/strong> Software de M2M y licencia anual SW-MODEM-M2M + Comunicador M2M (MINI014GV2&comma; MINI012G&comma; MN02LTEM&comma; MN01LTEM) del lado del panel de alarma.<\/p>\n<\/p><\/div>\n<\/p><\/div>\n<\/p><\/div>\n<p> <!-- Imagen final --> <\/p>\n<div style='text-align: center; margin: 30px 0;'> <img style='width: 100%; max-width: 900px; height: auto; border: 1px solid rgba(150&comma;150&comma;150&comma;0.3); border-radius: 8px;' src='https:\/\/ftp3.syscom.mx\/usuarios\/vvega\/M2M\/programacion\/swmodemm2m.jpg' alt=''> <\/div>\n<\/p><\/div>\n","protected":false},"excerpt":{"rendered":"<p>Modulo de Interconexi\u00f3n para Carga y Descarga v\u00eda TIP\/RING para comunicadores M2M<\/p>\n","protected":false},"featured_media":5129,"comment_status":"open","ping_status":"closed","template":"","meta":[],"product_brand":[],"product_cat":[386],"product_tag":[40,207,188],"class_list":{"0":"post-5130","1":"product","2":"type-product","3":"status-publish","4":"has-post-thumbnail","6":"product_cat-comunicadores-centrales-de-monitoreo","7":"product_tag-centrales-de-monitoreo","8":"product_tag-comunicadores","9":"product_tag-m2m-services","11":"first","12":"instock","13":"sale","14":"shipping-taxable","15":"purchasable","16":"product-type-simple"},"_links":{"self":[{"href":"https:\/\/soydeaqui.ddns.net\/pachuca\/index.php\/wp-json\/wp\/v2\/product\/5130","targetHints":{"allow":["GET"]}}],"collection":[{"href":"https:\/\/soydeaqui.ddns.net\/pachuca\/index.php\/wp-json\/wp\/v2\/product"}],"about":[{"href":"https:\/\/soydeaqui.ddns.net\/pachuca\/index.php\/wp-json\/wp\/v2\/types\/product"}],"replies":[{"embeddable":true,"href":"https:\/\/soydeaqui.ddns.net\/pachuca\/index.php\/wp-json\/wp\/v2\/comments?post=5130"}],"wp:featuredmedia":[{"embeddable":true,"href":"https:\/\/soydeaqui.ddns.net\/pachuca\/index.php\/wp-json\/wp\/v2\/media\/5129"}],"wp:attachment":[{"href":"https:\/\/soydeaqui.ddns.net\/pachuca\/index.php\/wp-json\/wp\/v2\/media?parent=5130"}],"wp:term":[{"taxonomy":"product_brand","embeddable":true,"href":"https:\/\/soydeaqui.ddns.net\/pachuca\/index.php\/wp-json\/wp\/v2\/product_brand?post=5130"},{"taxonomy":"product_cat","embeddable":true,"href":"https:\/\/soydeaqui.ddns.net\/pachuca\/index.php\/wp-json\/wp\/v2\/product_cat?post=5130"},{"taxonomy":"product_tag","embeddable":true,"href":"https:\/\/soydeaqui.ddns.net\/pachuca\/index.php\/wp-json\/wp\/v2\/product_tag?post=5130"}],"curies":[{"name":"wp","href":"https:\/\/api.w.org\/{rel}","templated":true}]}}