{"id":51077,"date":"2026-03-18T22:56:29","date_gmt":"2026-03-18T22:56:29","guid":{"rendered":"https:\/\/soydeaqui.ddns.net\/pachuca\/index.php\/producto\/barra-de-luz-legend-con-tecnologia-led-solaris-roc-114-leds-ultima-generacion-con-montaje-de-gancho\/"},"modified":"2026-03-18T22:56:30","modified_gmt":"2026-03-18T22:56:30","slug":"barra-de-luz-legend-con-tecnologia-led-solaris-roc-114-leds-ultima-generacion-con-montaje-de-gancho","status":"publish","type":"product","link":"https:\/\/soydeaqui.ddns.net\/pachuca\/index.php\/producto\/barra-de-luz-legend-con-tecnologia-led-solaris-roc-114-leds-ultima-generacion-con-montaje-de-gancho\/","title":{"rendered":"Barra de Luz LEGEND con Tecnolog\u00eda LED Solaris \/ Roc 114 LEDs \u00faltima generaci\u00f3n con Montaje de Gancho"},"content":{"rendered":"<div style='width: 100%; max-width: 1200px; margin: 0 auto; font-family: sans-serif; line-height: 1.6; color: inherit;'> <!-- Secci\u00f3n de descripci\u00f3n --> <\/p>\n<div style='display: flex; flex-wrap: wrap; gap: 30px; margin-bottom: 30px;'>\n<div style='flex: 1 1 300px; min-width: 280px;'>\n<h3 style='font-size: 22px; border-bottom: 2px solid currentColor; padding-bottom: 5px; margin-top: 0; color: inherit; opacity: 0.8;'>Descripci\u00f3n<\/h3>\n<p style='font-size: 15px; color: inherit;'>Torreta de 45&#8242; con 4 m\u00f3dulos esquineros de 9 LEDs cada uno rojo en la parte frontal y trasera&comma; 4 m\u00f3dulos de 6 LEDs cada uno rojo en la parte frontal&comma; 6 m\u00f3dulos de 6 LEDs cada uno rojo en la parte trasera (Signalmaster Interconstruido)&comma; 2 luces callejoneras (AL LED)&comma; 2 luces de penetraci\u00f3n (TD LED)&comma; con montaje de gancho.<\/p>\n<p style='font-size: 15px; color: inherit;'>Bajo perfil con dise\u00f1o lineal&comma; excelente iluminaci\u00f3n.<\/p>\n<p style='font-size: 15px; color: inherit;'>*Incluye m\u00f3dulo interface. Requiere controlador&comma; sirena y bocina.<\/p>\n<p style='font-size: 15px; color: inherit;'>*Todos los equipos Federal Signal operan con voltaje regulado.<\/p>\n<p style='font-size: 15px; color: inherit;'>*5 A\u00f1os de Garant\u00eda.<\/p>\n<\/p><\/div>\n<\/p><\/div>\n<p> <!-- Secci\u00f3n de caracter\u00edsticas --> <\/p>\n<div style='display: flex; flex-wrap: wrap; gap: 30px; margin-bottom: 30px;'>\n<div style='flex: 1 1 300px; min-width: 280px;'>\n<h3 style='font-size: 22px; border-bottom: 2px solid currentColor; padding-bottom: 5px; margin-top: 0; color: inherit; opacity: 0.8;'>Caracter\u00edsticas<\/h3>\n<ul style='padding-left: 20px; font-size: 15px; color: inherit;'>\n<li style='margin-bottom: 5px;'><strong>\u2022 La tecnolog\u00eda ROC elimina el 85% del cableado interno de la barra.<\/strong><\/li>\n<li style='margin-bottom: 5px;'>\u2022 F\u00e1cil configuraci\u00f3n de luces.<\/li>\n<li style='margin-bottom: 5px;'>\u2022 Nuevo sistema de cableado positivo&comma; negativo y conector RS-485 que simplifica la instalaci\u00f3n a una interfaz de conexi\u00f3n.<\/li>\n<li style='margin-bottom: 5px;'>\u2022 Iluminaci\u00f3n de 360\u00ba y 90\u00ba en \u00e1ngulos cr\u00edticos.<\/li>\n<li style='margin-bottom: 5px;'><strong>\u2022 Capacidad de Signalmaster (control de tr\u00e1fico) interconstru\u00eddo (requiere controlador 660-000 \u00f3 ICS-2010).<\/strong><\/li>\n<li style='margin-bottom: 5px;'>\u2022 Luces callejoneras y de penetraci\u00f3n ajustables.<\/li>\n<li style='margin-bottom: 5px;'>\u2022 Intensidad de luz ajustable.<\/li>\n<\/ul><\/div>\n<\/p><\/div>\n<p> <!-- Secci\u00f3n de imagen --> <\/p>\n<div style='display: flex; flex-wrap: wrap; gap: 30px; margin-bottom: 30px;'>\n<div style='flex: 1 1 300px; min-width: 280px;'>\n<h3 style='font-size: 22px; border-bottom: 2px solid currentColor; padding-bottom: 5px; margin-top: 0; color: inherit; opacity: 0.8;'>Imagen del Producto<\/h3>\n<p> <a href='mailto:ventasespeciales@syscom.mx?Subject=Asesoria%20en%20Proyecto&#038;body=Por%20favor&comma;%20comparta%20sus%20dudas%20y%20preguntas%20para%20apoyarle%20de%20forma%20directa.' style='display: block; text-align: center;'> <img style='width: 100%; height: auto; border: 1px solid rgba(150&comma;150&comma;150&comma;0.3); border-radius: 8px;' src='http:\/\/148.223.3.142\/archivos\/vportillo\/downloads\/banner_torretas_federal2.gif' alt='Imagen del producto'> <\/a> <\/div>\n<\/p><\/div>\n<p> <!-- Separador --> <\/p>\n<hr style='border: 0; border-top: 1px solid rgba(150&comma; 150&comma; 150&comma; 0.3); margin: 30px 0;'> <\/div>\n","protected":false},"excerpt":{"rendered":"<p>Barra de Luz LEGEND con Tecnolog\u00eda LED Solaris \/ Roc 114 LEDs \u00faltima generaci\u00f3n con Montaje de Gancho<\/p>\n","protected":false},"featured_media":51076,"comment_status":"open","ping_status":"closed","template":"","meta":[],"product_brand":[],"product_cat":[1358],"product_tag":[1356,1360,1359],"class_list":{"0":"post-51077","1":"product","2":"type-product","3":"status-publish","4":"has-post-thumbnail","6":"product_cat-rojo-azul","7":"product_tag-barras-de-luz-torretas-vehiculares","8":"product_tag-federal-signal","9":"product_tag-rojo-azul","11":"first","12":"outofstock","13":"sale","14":"shipping-taxable","15":"purchasable","16":"product-type-simple"},"_links":{"self":[{"href":"https:\/\/soydeaqui.ddns.net\/pachuca\/index.php\/wp-json\/wp\/v2\/product\/51077","targetHints":{"allow":["GET"]}}],"collection":[{"href":"https:\/\/soydeaqui.ddns.net\/pachuca\/index.php\/wp-json\/wp\/v2\/product"}],"about":[{"href":"https:\/\/soydeaqui.ddns.net\/pachuca\/index.php\/wp-json\/wp\/v2\/types\/product"}],"replies":[{"embeddable":true,"href":"https:\/\/soydeaqui.ddns.net\/pachuca\/index.php\/wp-json\/wp\/v2\/comments?post=51077"}],"wp:featuredmedia":[{"embeddable":true,"href":"https:\/\/soydeaqui.ddns.net\/pachuca\/index.php\/wp-json\/wp\/v2\/media\/51076"}],"wp:attachment":[{"href":"https:\/\/soydeaqui.ddns.net\/pachuca\/index.php\/wp-json\/wp\/v2\/media?parent=51077"}],"wp:term":[{"taxonomy":"product_brand","embeddable":true,"href":"https:\/\/soydeaqui.ddns.net\/pachuca\/index.php\/wp-json\/wp\/v2\/product_brand?post=51077"},{"taxonomy":"product_cat","embeddable":true,"href":"https:\/\/soydeaqui.ddns.net\/pachuca\/index.php\/wp-json\/wp\/v2\/product_cat?post=51077"},{"taxonomy":"product_tag","embeddable":true,"href":"https:\/\/soydeaqui.ddns.net\/pachuca\/index.php\/wp-json\/wp\/v2\/product_tag?post=51077"}],"curies":[{"name":"wp","href":"https:\/\/api.w.org\/{rel}","templated":true}]}}