{"id":50584,"date":"2026-03-18T22:42:05","date_gmt":"2026-03-18T22:42:05","guid":{"rendered":"https:\/\/soydeaqui.ddns.net\/pachuca\/index.php\/producto\/molde-de-grafito-horizontal-union-en-t-horizontal-de-cable-2-0-awg-pasante-con-cable-2-0-awg-terminal\/"},"modified":"2026-03-18T22:42:06","modified_gmt":"2026-03-18T22:42:06","slug":"molde-de-grafito-horizontal-union-en-t-horizontal-de-cable-2-0-awg-pasante-con-cable-2-0-awg-terminal","status":"publish","type":"product","link":"https:\/\/soydeaqui.ddns.net\/pachuca\/index.php\/producto\/molde-de-grafito-horizontal-union-en-t-horizontal-de-cable-2-0-awg-pasante-con-cable-2-0-awg-terminal\/","title":{"rendered":"Molde de grafito horizontal uni\u00f3n en T horizontal de cable 2\/0 AWG (pasante) con cable 2\/0 AWG (terminal)."},"content":{"rendered":"<div style='width: 100%; max-width: 1200px; margin: 0 auto; font-family: sans-serif; line-height: 1.6; color: inherit; background-color: transparent;'> <!-- Imagen principal --> <\/p>\n<div style='width: 100%; margin-bottom: 30px;'> <img style='width: 100%; height: auto; border: 1px solid rgba(150&comma;150&comma;150&comma;0.3); border-radius: 8px;' src='https:\/\/ftp3.syscom.mx\/usuarios\/fotos\/AT5360\/95182-ap_imagen.jpg' alt=''> <\/div>\n<p> <!-- Descripci\u00f3n general --> <\/p>\n<div style='width: 100%; margin-bottom: 30px;'>\n<p style='margin: 0 0 15px 0; font-size: 15px; color: inherit;'> <strong style='color: #f29d12; color: inherit;'>La soldadura exot\u00e9rmica Apliweld\u00ae<\/strong> es un proceso que consigue la uni\u00f3n molecular de dos o m\u00e1s conductores met\u00e1licos mediante una reacci\u00f3n qu\u00edmica. Esta uni\u00f3n molecular mejora las propiedades mec\u00e1nicas&comma; el\u00e9ctricas y relativas a la corrosi\u00f3n respecto a cualquier uni\u00f3n mec\u00e1nica. La soldadura exot\u00e9rmica Apliweld\u00ae es el mejor modo de realizar conexiones permanentes&comma; fiables y de alta conductividad en cualquier instalaci\u00f3n que requiera toma de tierra. <\/p>\n<\/p><\/div>\n<p> <!-- Contenido principal con grid --> <\/p>\n<div style='display: grid; grid-template-columns: 1fr 1fr; gap: 30px; margin-bottom: 30px;'>\n<div style='display: flex; flex-direction: column; gap: 20px;'> <!-- Caracter\u00edsticas principales --> <\/p>\n<div style='flex: 1 1 auto; border: 1px solid rgba(150&comma; 150&comma; 150&comma; 0.4); border-radius: 8px; overflow: hidden; display: flex; flex-direction: column;'>\n<div style='padding: 15px; border-bottom: 1px solid rgba(150&comma; 150&comma; 150&comma; 0.2); font-weight: bold; font-size: 18px; color: inherit; background-color: rgba(242&comma; 157&comma; 18&comma; 0.1);'>Caracter\u00edsticas<\/div>\n<div style='padding: 15px; color: inherit;'>\n<ul style='padding-left: 20px; margin: 0; font-size: 14px; list-style-type: disc; color: inherit;'>\n<li style='margin-bottom: 8px;'><strong>Tipo de tableta que necesita:<\/strong> <a href='https:\/\/www.syscom.mx\/producto\/AT-020-N-APLICACIONES-TECNOLOGICAS-95723.html' target='_blank' rel='noopener' style='color: #f29d12; text-decoration: none; color: inherit;'>Tabletas de compuesto para soldadura exot\u00e9rmica (AT-020N)<\/a><\/li>\n<li style='margin-bottom: 8px;'><strong>Cantidad de tabletas:<\/strong> 2<\/li>\n<li style='margin-bottom: 8px;'><strong>Accesorios necesarios:<\/strong> <a href='https:\/\/www.syscom.mx\/producto\/AT-049-N-APLICACIONES-TECNOLOGICAS-95720.html' target='_blank' rel='noopener' style='color: #f29d12; text-decoration: none; color: inherit;'>Pinza para moldes espec\u00edficos modelos S (AT-049N)<\/a><\/li>\n<li style='margin-bottom: 8px;'><strong>Uni\u00f3n tipo:<\/strong> En T horizontal<\/li>\n<li style='margin-bottom: 8px;'><strong>Cable 1:<\/strong> Calibre 2\/0 AWG (70 mm<sup>2<\/sup>)<\/li>\n<li style='margin-bottom: 8px;'><strong>Cable 2:<\/strong> Calibre 2\/0 AWG (70 mm<sup>2<\/sup>)<\/li>\n<\/ul><\/div>\n<\/p><\/div>\n<p> <!-- Caracter\u00edsticas t\u00e9cnicas --> <\/p>\n<div style='flex: 1 1 auto; border: 1px solid rgba(150&comma; 150&comma; 150&comma; 0.4); border-radius: 8px; overflow: hidden; display: flex; flex-direction: column;'>\n<div style='padding: 15px; border-bottom: 1px solid rgba(150&comma; 150&comma; 150&comma; 0.2); font-weight: bold; font-size: 18px; color: inherit; background-color: rgba(242&comma; 157&comma; 18&comma; 0.1);'>Caracter\u00edsticas T\u00e9cnicas<\/div>\n<div style='padding: 15px; color: inherit;'>\n<ul style='padding-left: 20px; margin: 0; font-size: 14px; list-style-type: disc; color: inherit;'>\n<li style='margin-bottom: 8px;'><strong>Material:<\/strong> Grafito con tapa de acero electrogalvanizado<\/li>\n<li style='margin-bottom: 8px;'><strong>Peso aproximado:<\/strong> 1400 gramos<\/li>\n<li style='margin-bottom: 8px;'><strong>Dimensiones (mm):<\/strong> 80 x 80 x 110<\/li>\n<li style='margin-bottom: 8px;'><strong>Duraci\u00f3n (N\u00b0 de soldaduras):<\/strong> 70<\/li>\n<li style='margin-bottom: 8px;'><strong>Normativa:<\/strong> UNE 21186&comma; NF C 17-102&comma; IEC 62305<\/li>\n<\/ul><\/div>\n<\/p><\/div>\n<\/p><\/div>\n<p> <!-- Columna derecha con im\u00e1genes y videos --> <\/p>\n<div style='display: flex; flex-direction: column; gap: 20px;'> <!-- Im\u00e1genes adicionales --> <\/p>\n<div style='display: flex; flex-direction: column; gap: 15px;'> <img style='width: 100%; height: auto; border: 1px solid rgba(150&comma;150&comma;150&comma;0.3); border-radius: 8px;' src='https:\/\/ftp3.syscom.mx\/usuarios\/fotos\/ATW40\/W40\/TH\/95730-c-c_en_t_horizontal.png' alt=''> <img style='width: 100%; height: auto; border: 1px solid rgba(150&comma;150&comma;150&comma;0.3); border-radius: 8px;' src='https:\/\/ftp3.syscom.mx\/usuarios\/fotos\/ATW20\/W20\/TH\/142020-molde_en_t_70mm.png' alt=''> <\/div>\n<p> <!-- Videos --> <\/p>\n<div style='display: flex; flex-direction: column; gap: 15px;'>\n<div style='position: relative; padding-bottom: 56.25%; height: 0; overflow: hidden;'>   <\/div>\n<div style='position: relative; padding-bottom: 56.25%; height: 0; overflow: hidden;'>   <\/div>\n<\/p><\/div>\n<\/p><\/div>\n<\/p><\/div>\n<p> <!-- Accesorios por tipo de ignici\u00f3n --> <\/p>\n<div style='display: grid; grid-template-columns: 1fr 1fr; gap: 20px; margin-bottom: 30px;'> <!-- Ignici\u00f3n electr\u00f3nica --> <\/p>\n<div style='border: 1px solid rgba(150&comma; 150&comma; 150&comma; 0.4); border-radius: 8px; overflow: hidden; display: flex; flex-direction: column;'>\n<div style='padding: 15px; border-bottom: 1px solid rgba(150&comma; 150&comma; 150&comma; 0.2); font-weight: bold; font-size: 18px; color: inherit; background-color: rgba(242&comma; 157&comma; 18&comma; 0.1);'>Para ignici\u00f3n electr\u00f3nica<\/div>\n<div style='padding: 15px; color: inherit;'>\n<ul style='padding-left: 20px; margin: 0; font-size: 14px; list-style-type: disc; color: inherit;'>\n<li style='margin-bottom: 8px;'><a href='https:\/\/www.syscom.mx\/producto\/AT-010-N-APLICACIONES-TECNOLOGICAS-95725.html' target='_blank' rel='noopener' style='color: #f29d12; text-decoration: none; color: inherit;'>Iniciador electr\u00f3nico (AT-010N)<\/a><\/li>\n<li style='margin-bottom: 8px;'><a href='https:\/\/www.syscom.mx\/producto\/AT-100-N-APLICACIONES-TECNOLOGICAS-98367.html' target='_blank' rel='noopener' style='color: #f29d12; text-decoration: none; color: inherit;'>Equipo de encendido electr\u00f3nico (AT-100N)<\/a><\/li>\n<\/ul><\/div>\n<\/p><\/div>\n<p> <!-- Ignici\u00f3n con polvo --> <\/p>\n<div style='border: 1px solid rgba(150&comma; 150&comma; 150&comma; 0.4); border-radius: 8px; overflow: hidden; display: flex; flex-direction: column;'>\n<div style='padding: 15px; border-bottom: 1px solid rgba(150&comma; 150&comma; 150&comma; 0.2); font-weight: bold; font-size: 18px; color: inherit; background-color: rgba(242&comma; 157&comma; 18&comma; 0.1);'>Para ignici\u00f3n con polvo<\/div>\n<div style='padding: 15px; color: inherit;'>\n<ul style='padding-left: 20px; margin: 0; font-size: 14px; list-style-type: disc; color: inherit;'>\n<li style='margin-bottom: 8px;'><a href='https:\/\/www.syscom.mx\/producto\/AT012N-APLICACIONES-TECNOLOGICAS-169166.html' target='_blank' rel='noopener' style='color: #f29d12; text-decoration: none; color: inherit;'>Iniciadores en polvo (AT-012N)<\/a><\/li>\n<li style='margin-bottom: 8px;'>Chisquero de ignici\u00f3n (AT-060N)<\/li>\n<\/ul><\/div>\n<\/p><\/div>\n<\/p><\/div>\n<p> <!-- Separador final --> <\/p>\n<hr style='border: 0; border-top: 1px solid rgba(150&comma; 150&comma; 150&comma; 0.3); margin: 30px 0;'> <\/div>\n","protected":false},"excerpt":{"rendered":"<p>Molde de grafito horizontal uni\u00f3n en T horizontal de cable 2\/0 AWG (pasante) con cable 2\/0 AWG (terminal).<\/p>\n","protected":false},"featured_media":50583,"comment_status":"open","ping_status":"closed","template":"","meta":[],"product_brand":[],"product_cat":[1090],"product_tag":[1091,1239,1088],"class_list":{"0":"post-50584","1":"product","2":"type-product","3":"status-publish","4":"has-post-thumbnail","6":"product_cat-accesorios-para-tierra-fisica","7":"product_tag-accesorios-para-tierra-fisica","8":"product_tag-aplicaciones-tecnologicas","9":"product_tag-calidad-de-la-energia","11":"first","12":"instock","13":"sale","14":"shipping-taxable","15":"purchasable","16":"product-type-simple"},"_links":{"self":[{"href":"https:\/\/soydeaqui.ddns.net\/pachuca\/index.php\/wp-json\/wp\/v2\/product\/50584","targetHints":{"allow":["GET"]}}],"collection":[{"href":"https:\/\/soydeaqui.ddns.net\/pachuca\/index.php\/wp-json\/wp\/v2\/product"}],"about":[{"href":"https:\/\/soydeaqui.ddns.net\/pachuca\/index.php\/wp-json\/wp\/v2\/types\/product"}],"replies":[{"embeddable":true,"href":"https:\/\/soydeaqui.ddns.net\/pachuca\/index.php\/wp-json\/wp\/v2\/comments?post=50584"}],"wp:featuredmedia":[{"embeddable":true,"href":"https:\/\/soydeaqui.ddns.net\/pachuca\/index.php\/wp-json\/wp\/v2\/media\/50583"}],"wp:attachment":[{"href":"https:\/\/soydeaqui.ddns.net\/pachuca\/index.php\/wp-json\/wp\/v2\/media?parent=50584"}],"wp:term":[{"taxonomy":"product_brand","embeddable":true,"href":"https:\/\/soydeaqui.ddns.net\/pachuca\/index.php\/wp-json\/wp\/v2\/product_brand?post=50584"},{"taxonomy":"product_cat","embeddable":true,"href":"https:\/\/soydeaqui.ddns.net\/pachuca\/index.php\/wp-json\/wp\/v2\/product_cat?post=50584"},{"taxonomy":"product_tag","embeddable":true,"href":"https:\/\/soydeaqui.ddns.net\/pachuca\/index.php\/wp-json\/wp\/v2\/product_tag?post=50584"}],"curies":[{"name":"wp","href":"https:\/\/api.w.org\/{rel}","templated":true}]}}