{"id":50510,"date":"2026-03-18T22:39:54","date_gmt":"2026-03-18T22:39:54","guid":{"rendered":"https:\/\/soydeaqui.ddns.net\/pachuca\/index.php\/producto\/barra-de-union-con-1000-a-de-capacidad-incluye-montaje-para-torre-y-aisladores\/"},"modified":"2026-03-18T22:39:58","modified_gmt":"2026-03-18T22:39:58","slug":"barra-de-union-con-1000-a-de-capacidad-incluye-montaje-para-torre-y-aisladores","status":"publish","type":"product","link":"https:\/\/soydeaqui.ddns.net\/pachuca\/index.php\/producto\/barra-de-union-con-1000-a-de-capacidad-incluye-montaje-para-torre-y-aisladores\/","title":{"rendered":"Barra de Uni\u00f3n con 1000 A de Capacidad. Incluye Montaje para Torre y Aisladores."},"content":{"rendered":"<div style='width: 100%; max-width: 1200px; margin: 0 auto; font-family: sans-serif; line-height: 1.6; color: inherit; background-color: transparent;'>\n<p style='text-align: center; margin: 0 0 30px 0;'><img style='width: 100%; max-width: 400px; height: auto; border: 1px solid rgba(150&comma;150&comma;150&comma;0.3); border-radius: 8px;' src='https:\/\/ftp3.syscom.mx\/usuarios\/fotos\/AT5315KIT\/183255-logo-lpg.png' alt=''><\/p>\n<div style='display: flex; flex-wrap: wrap; gap: 30px; margin-bottom: 30px;'>\n<div style='flex: 1 1 300px; min-width: 280px;'>\n<h3 style='font-size: 22px; border-bottom: 2px solid currentColor; padding-bottom: 5px; margin-top: 0; color: inherit; opacity: 0.8;'>Funci\u00f3n<\/h3>\n<p style='font-size: 15px; color: inherit; margin-top: 0;'>Su principal funci\u00f3n consiste en brindar puntos de conexi\u00f3n de las diferentes aplicaciones montadas en una torre de telecomunicaciones&comma; las cuales se desean proteger y derivar a tierra cualquier descarga el\u00e9ctrica no deseada que pueda da\u00f1ar algunos de estos equipos de misi\u00f3n cr\u00edtica.<\/p>\n<\/p><\/div>\n<div style='flex: 1 1 300px; min-width: 280px;'>\n<h3 style='font-size: 22px; border-bottom: 2px solid currentColor; padding-bottom: 5px; margin-top: 0; color: inherit; opacity: 0.8;'>Conexi\u00f3n<\/h3>\n<p style='font-size: 15px; color: inherit; margin-top: 0;'>La uni\u00f3n se realiza mediante hilos de tierra&comma; los cuales son conductores el\u00e9ctricos empalmados a trav\u00e9s de conectores mec\u00e1nicos&comma; de manera que deben llegar a cada borne realizando una conexi\u00f3n en paralelo.<\/p>\n<\/p><\/div>\n<div style='flex: 1 1 300px; min-width: 280px;'>\n<h3 style='font-size: 22px; border-bottom: 2px solid currentColor; padding-bottom: 5px; margin-top: 0; color: inherit; opacity: 0.8;'>Durabilidad<\/h3>\n<p style='font-size: 15px; color: inherit; margin-top: 0;'>La barra cuenta con la torniller\u00eda requerida para poder crear su uni\u00f3n o empalme con los conductores&comma; esta torniller\u00eda es de acero inoxidable la cual nos ayudar\u00e1 a que perdure la continuidad el\u00e9ctrica en el mayor tiempo posible y as\u00ed nuestro sistema sea efectivo al momento de drenar una corriente de falla.<\/p>\n<\/p><\/div>\n<\/p><\/div>\n<div style='display: flex; flex-wrap: wrap; gap: 20px; margin-bottom: 30px;'>\n<div style='flex: 1 1 250px; border: 1px solid rgba(150&comma; 150&comma; 150&comma; 0.4); border-radius: 8px; overflow: hidden; display: flex; flex-direction: column;'>\n<div style='padding: 15px; border-bottom: 1px solid rgba(150&comma; 150&comma; 150&comma; 0.2); font-weight: bold; font-size: 18px; color: inherit;'>Beneficios<\/div>\n<div style='padding: 15px; color: inherit;'>\n<ul style='padding-left: 20px; margin: 0; font-size: 14px; list-style-type: disc;'>\n<li style='margin-bottom: 5px;'>F\u00e1cil de instalar<\/li>\n<li style='margin-bottom: 5px;'>Permite su revisi\u00f3n y mantenimiento en las conexiones.<\/li>\n<li style='margin-bottom: 5px;'>Permite su conexi\u00f3n mediante conectores mec\u00e1nicos o de compresi\u00f3n.<\/li>\n<li style='margin-bottom: 5px;'>Cumple con est\u00e1ndares en telecomunicaciones EIA\/TIA J-STD-607-A&comma; BICSI&comma; TMGB y TGB.<\/li>\n<\/ul><\/div>\n<\/p><\/div>\n<div style='flex: 1 1 250px; border: 1px solid rgba(150&comma; 150&comma; 150&comma; 0.4); border-radius: 8px; overflow: hidden; display: flex; flex-direction: column;'>\n<div style='padding: 15px; border-bottom: 1px solid rgba(150&comma; 150&comma; 150&comma; 0.2); font-weight: bold; font-size: 18px; color: inherit;'>Aplicaciones<\/div>\n<div style='padding: 15px; color: inherit;'>\n<ul style='padding-left: 20px; margin: 0; font-size: 14px; list-style-type: disc;'>\n<li style='margin-bottom: 5px;'>Barra de uni\u00f3n para telecomunicaciones.<\/li>\n<li style='margin-bottom: 5px;'>Distribuci\u00f3n a tierra para CCTV<\/li>\n<li style='margin-bottom: 5px;'>Distribuci\u00f3n de hilo para tableros el\u00e9ctricos.<\/li>\n<li style='margin-bottom: 5px;'>Derivaci\u00f3n de hilos de tierra en SITE (MDF e IDF).<\/li>\n<\/ul><\/div>\n<\/p><\/div>\n<div style='flex: 1 1 250px; border: 1px solid rgba(150&comma; 150&comma; 150&comma; 0.4); border-radius: 8px; overflow: hidden; display: flex; flex-direction: column;'>\n<div style='padding: 15px; border-bottom: 1px solid rgba(150&comma; 150&comma; 150&comma; 0.2); font-weight: bold; font-size: 18px; color: inherit;'>Caracter\u00edsticas<\/div>\n<div style='padding: 15px; color: inherit;'>\n<ul style='padding-left: 20px; margin: 0; font-size: 14px; list-style-type: disc;'>\n<li style='margin-bottom: 5px;'>Solera fabricada en cobre.<\/li>\n<li style='margin-bottom: 5px;'>Abrazadera tipo clip para sujetar tubo hasta 1 1\/4.<\/li>\n<li style='margin-bottom: 5px;'>Aisladores tipo manzana en color rojo.<\/li>\n<li style='margin-bottom: 5px;'>Torniller\u00eda est\u00e1ndar de acero inoxidable.<\/li>\n<\/ul><\/div>\n<\/p><\/div>\n<\/p><\/div>\n<div style='display: flex; flex-wrap: wrap; gap: 30px; margin-bottom: 30px;'>\n<div style='flex: 1 1 300px; min-width: 280px;'>\n<h3 style='font-size: 22px; border-bottom: 2px solid currentColor; padding-bottom: 5px; margin-top: 0; color: inherit; opacity: 0.8;'>Medidas<\/h3>\n<table style='width: 100%; border-collapse: collapse; color: inherit;'>\n<tr style='background-color: #3598db; color: white;'>\n<td style='padding: 8px; border: 1px solid rgba(150&comma;150&comma;150&comma;0.3);'>Largo:<\/td>\n<td style='padding: 8px; border: 1px solid rgba(150&comma;150&comma;150&comma;0.3);'>20 cm | 8 2\/6 in<\/td>\n<\/tr>\n<tr>\n<td style='padding: 8px; border: 1px solid rgba(150&comma;150&comma;150&comma;0.3);'>Ancho:<\/td>\n<td style='padding: 8px; border: 1px solid rgba(150&comma;150&comma;150&comma;0.3);'>5.08 cm | 2 in<\/td>\n<\/tr>\n<tr style='background-color: #3598db; color: white;'>\n<td style='padding: 8px; border: 1px solid rgba(150&comma;150&comma;150&comma;0.3);'>Espesor:<\/td>\n<td style='padding: 8px; border: 1px solid rgba(150&comma;150&comma;150&comma;0.3);'>0.64 cm | 1\/4 in<\/td>\n<\/tr>\n<\/table><\/div>\n<\/p><\/div>\n<div style='text-align: center; margin-bottom: 30px;'> <img style='width: 100%; max-width: 640px; height: auto; border: 1px solid rgba(150&comma;150&comma;150&comma;0.3); border-radius: 8px;' src='https:\/\/ftp3.syscom.mx\/usuarios\/fotos\/LPBUTZ\/192062-medidalp.jpg' alt=''> <\/div>\n<hr style='border: 0; border-top: 1px solid rgba(150&comma; 150&comma; 150&comma; 0.3); margin: 30px 0;'> <\/div>\n","protected":false},"excerpt":{"rendered":"<p>Barra de Uni\u00f3n con 1000 A de Capacidad. Incluye Montaje para Torre y Aisladores.<\/p>\n","protected":false},"featured_media":50509,"comment_status":"open","ping_status":"closed","template":"","meta":[],"product_brand":[],"product_cat":[633],"product_tag":[634,435,605],"class_list":{"0":"post-50510","1":"product","2":"type-product","3":"status-publish","4":"has-post-thumbnail","6":"product_cat-accesorios-para-rack-gabinetes","7":"product_tag-accesorios-para-rack-gabinetes","8":"product_tag-linkedpro-by-epcom","9":"product_tag-racks-y-gabinetes","11":"first","12":"instock","13":"sale","14":"shipping-taxable","15":"purchasable","16":"product-type-simple"},"_links":{"self":[{"href":"https:\/\/soydeaqui.ddns.net\/pachuca\/index.php\/wp-json\/wp\/v2\/product\/50510","targetHints":{"allow":["GET"]}}],"collection":[{"href":"https:\/\/soydeaqui.ddns.net\/pachuca\/index.php\/wp-json\/wp\/v2\/product"}],"about":[{"href":"https:\/\/soydeaqui.ddns.net\/pachuca\/index.php\/wp-json\/wp\/v2\/types\/product"}],"replies":[{"embeddable":true,"href":"https:\/\/soydeaqui.ddns.net\/pachuca\/index.php\/wp-json\/wp\/v2\/comments?post=50510"}],"wp:featuredmedia":[{"embeddable":true,"href":"https:\/\/soydeaqui.ddns.net\/pachuca\/index.php\/wp-json\/wp\/v2\/media\/50509"}],"wp:attachment":[{"href":"https:\/\/soydeaqui.ddns.net\/pachuca\/index.php\/wp-json\/wp\/v2\/media?parent=50510"}],"wp:term":[{"taxonomy":"product_brand","embeddable":true,"href":"https:\/\/soydeaqui.ddns.net\/pachuca\/index.php\/wp-json\/wp\/v2\/product_brand?post=50510"},{"taxonomy":"product_cat","embeddable":true,"href":"https:\/\/soydeaqui.ddns.net\/pachuca\/index.php\/wp-json\/wp\/v2\/product_cat?post=50510"},{"taxonomy":"product_tag","embeddable":true,"href":"https:\/\/soydeaqui.ddns.net\/pachuca\/index.php\/wp-json\/wp\/v2\/product_tag?post=50510"}],"curies":[{"name":"wp","href":"https:\/\/api.w.org\/{rel}","templated":true}]}}