{"id":50480,"date":"2026-03-18T22:39:01","date_gmt":"2026-03-18T22:39:01","guid":{"rendered":"https:\/\/soydeaqui.ddns.net\/pachuca\/index.php\/producto\/inversor-para-interconexion-a-cfe-de-36-kw-con-salida-de-220-vca-trifasico-modulo-wifi-incluido\/"},"modified":"2026-03-18T22:39:05","modified_gmt":"2026-03-18T22:39:05","slug":"inversor-para-interconexion-a-cfe-de-36-kw-con-salida-de-220-vca-trifasico-modulo-wifi-incluido","status":"publish","type":"product","link":"https:\/\/soydeaqui.ddns.net\/pachuca\/index.php\/producto\/inversor-para-interconexion-a-cfe-de-36-kw-con-salida-de-220-vca-trifasico-modulo-wifi-incluido\/","title":{"rendered":"Inversor para Interconexi\u00f3n a CFE de 36 kW con Salida de 220 Vca Trifasico, M\u00f3dulo Wifi Incluido"},"content":{"rendered":"<div style='width: 100%; max-width: 1200px; margin: 0 auto; font-family: sans-serif; line-height: 1.6; color: inherit; background-color: transparent;'>\n<div style='display: flex; flex-direction: column; gap: 30px;'>\n<div style='width: 100%;'>\n<h3 style='font-size: 22px; border-bottom: 2px solid currentColor; padding-bottom: 5px; margin-top: 0; color: inherit; opacity: 0.8;'>Especificaciones del Inversor de Energ\u00eda<\/h3>\n<hr style='border: 0; border-top: 1px solid rgba(150&comma; 150&comma; 150&comma; 0.3); margin: 20px 0;'> <\/div>\n<div style='width: 100%;'>\n<h4 style='font-size: 20px; border-bottom: 2px solid currentColor; padding-bottom: 5px; margin-top: 0; color: inherit; opacity: 0.8;'>Datos Generales:<\/h4>\n<ul style='padding-left: 20px; font-size: 15px; color: inherit;'>\n<li style='margin-bottom: 5px;'><strong>Potencia M\u00e1xima:<\/strong> 54&comma;000 W<\/li>\n<li style='margin-bottom: 5px;'><strong>Potencia Nominal CA:<\/strong> 36&comma;000 W<\/li>\n<li style='margin-bottom: 5px;'><strong>Voltaje CD M\u00e1ximo:<\/strong> 650 V<\/li>\n<li style='margin-bottom: 5px;'><strong>Voltaje Nominal:<\/strong> 360 V<\/li>\n<li style='margin-bottom: 5px;'><strong>Voltaje Nominal CA:<\/strong> 37.2 kV \/ 40.5 kV<\/li>\n<li style='margin-bottom: 5px;'><strong>Rango de Voltaje MPPT:<\/strong> 650 V<\/li>\n<li style='margin-bottom: 5px;'><strong>N\u00famero de MPPT:<\/strong> 3<\/li>\n<li style='margin-bottom: 5px;'><strong>Cadenas por MPPT:<\/strong> 4\/4\/4<\/li>\n<li style='margin-bottom: 5px;'><strong>Frecuencia de Red:<\/strong> 50\/60 Hz<\/li>\n<li style='margin-bottom: 5px;'><strong>Corriente Nominal:<\/strong> 94.5 A<\/li>\n<\/ul><\/div>\n<div style='width: 100%;'>\n<h4 style='font-size: 20px; border-bottom: 2px solid currentColor; padding-bottom: 5px; margin-top: 0; color: inherit; opacity: 0.8;'>Eficiencia y Protecci\u00f3n:<\/h4>\n<ul style='padding-left: 20px; font-size: 15px; color: inherit;'>\n<li style='margin-bottom: 5px;'><strong>M\u00e1xima Eficiencia:<\/strong> 98.8%<\/li>\n<li style='margin-bottom: 5px;'><strong>Eficiencia Europea:<\/strong> 98.2%<\/li>\n<li style='margin-bottom: 5px;'><strong>Eficiencia MPPT:<\/strong> 99.9%<\/li>\n<li style='margin-bottom: 5px;'><strong>Protecciones:<\/strong> Contra polaridad&comma; interfaz CD&comma; sobretensi\u00f3n en CD&comma; monitoreo de fallo a tierra&comma; cortocircuito CA&comma; monitoreo de red&comma; protecci\u00f3n anti-isla&comma; monitoreo de corriente residual&comma; AFCI.<\/li>\n<\/ul><\/div>\n<div style='width: 100%;'>\n<h4 style='font-size: 20px; border-bottom: 2px solid currentColor; padding-bottom: 5px; margin-top: 0; color: inherit; opacity: 0.8;'>Caracter\u00edsticas F\u00edsicas y Ambientales:<\/h4>\n<ul style='padding-left: 20px; font-size: 15px; color: inherit;'>\n<li style='margin-bottom: 5px;'><strong>Dimensiones:<\/strong> 680\/508\/281 mm<\/li>\n<li style='margin-bottom: 5px;'><strong>Peso:<\/strong> \u226452 kg<\/li>\n<li style='margin-bottom: 5px;'><strong>Rango de Temperatura:<\/strong> -25\u00b0C a 60\u00b0C<\/li>\n<li style='margin-bottom: 5px;'><strong>Autoconsumo:<\/strong> <1W<\/li>\n<li style='margin-bottom: 5px;'><strong>Grado de Protecci\u00f3n:<\/strong> IP65<\/li>\n<li style='margin-bottom: 5px;'><strong>Humedad Relativa:<\/strong> 0-100%<\/li>\n<li style='margin-bottom: 5px;'><strong>Altitud:<\/strong> 4000m<\/li>\n<\/ul><\/div>\n<div style='width: 100%;'>\n<hr style='border: 0; border-top: 1px solid rgba(150&comma; 150&comma; 150&comma; 0.3); margin: 30px 0;'>\n<p style='font-size: 15px; color: inherit;'><strong>Eleva tu sistema de energ\u00eda solar al siguiente nivel con nuestro inversor de \u00faltima generaci\u00f3n&comma; dise\u00f1ado para maximizar la eficiencia y seguridad de tu instalaci\u00f3n.<\/strong><\/p>\n<\/p><\/div>\n<div style='width: 100%;'>\n<div style='width: 100%; margin-bottom: 30px;'> <img style='width: 100%; height: auto; border: 1px solid rgba(150&comma;150&comma;150&comma;0.3); border-radius: 8px;' src='https:\/\/ftp3.syscom.mx\/usuarios\/mtopete\/Energia%20Solar\/Growatt\/MAC%2015~36KTL3-XL%20Datasheet_page-0001.jpg' alt=''> <\/div>\n<h4 style='font-size: 20px; margin-top: 0; color: inherit; opacity: 0.8;'>\u00bfC\u00f3mo Funciona?<\/h4>\n<\/p><\/div>\n<div style='width: 100%;'>\n<p style='font-size: 15px; color: inherit;'>Los sistemas de interconexi\u00f3n convierten&comma; mediante un inversor&comma; la energ\u00eda en corriente directa generada por los paneles solares en energ\u00eda en corriente alterna en total sincron\u00eda en voltaje y frecuencia tal y como lo entrega CFE.<\/p>\n<\/p><\/div>\n<div style='width: 100%;'>\n<p style='font-size: 15px; color: inherit;'>La energ\u00eda generada es enviada a la vivienda para su consumo y el excedente se regresa a la red el\u00e9ctrica. De esta forma no solo bajamos nuestro consumo&comma; sino que existe un retorno de energ\u00eda dando ahorros de hasta un 95% en el pago del recibo de electricidad.<\/p>\n<\/p><\/div>\n<div style='width: 100%;'>\n<h4 style='font-size: 20px; margin-top: 0; color: inherit; opacity: 0.8;'>Aplicaci\u00f3n<\/h4>\n<p style='font-size: 15px; color: inherit;'>Soluci\u00f3n ideal de sistema solar para viviendas privadas&comma; cuando los m\u00f3dulos est\u00e1n situados en diferentes lados del techo&comma; en instalaciones monof\u00e1sicas y en combinaci\u00f3n trif\u00e1sica.<\/p>\n<div style='display: flex; flex-direction: column; gap: 15px; margin-top: 20px;'>\n<div style='display: flex; align-items: center; gap: 10px;'> <span style='flex-shrink: 0; width: 20px; height: 20px; border-radius: 50%; background-color: rgba(150&comma;150&comma;150&comma;0.3); display: flex; align-items: center; justify-content: center; color: inherit;'>\u2022<\/span> <span style='font-size: 15px; color: inherit;'>Amigable con el Usuario: Dise\u00f1o compacto&comma; f\u00e1cil instalaci\u00f3n y transporte.<\/span> <\/div>\n<div style='display: flex; align-items: center; gap: 10px;'> <span style='flex-shrink: 0; width: 20px; height: 20px; border-radius: 50%; background-color: rgba(150&comma;150&comma;150&comma;0.3); display: flex; align-items: center; justify-content: center; color: inherit;'>\u2022<\/span> <span style='font-size: 15px; color: inherit;'>Alto Rendimiento: M\u00e1xima eficiencia hasta 97.8%&comma; doble MPPT para diferentes alineaciones. Amplio voltaje de trabajo para un mayor tiempo de producci\u00f3n.<\/span> <\/div>\n<div style='display: flex; align-items: center; gap: 10px;'> <span style='flex-shrink: 0; width: 20px; height: 20px; border-radius: 50%; background-color: rgba(150&comma;150&comma;150&comma;0.3); display: flex; align-items: center; justify-content: center; color: inherit;'>\u2022<\/span> <span style='font-size: 15px; color: inherit;'>Seguro y Confiable: Protecci\u00f3n m\u00faltiple y amplia detecci\u00f3n de errores&comma; grado de protecci\u00f3n NEMA 4X&comma; enfriamiento natural.<\/span> <\/div>\n<\/p><\/div>\n<\/p><\/div>\n<div style='width: 100%;'>\n<h4 style='font-size: 20px; margin-top: 0; color: inherit; opacity: 0.8;'>\u00bfPor qu\u00e9 utilizar inversores Growatt?<\/h4>\n<div style='display: flex; flex-direction: column; gap: 15px; margin-top: 15px;'>\n<div style='display: flex; align-items: center; gap: 10px;'> <span style='flex-shrink: 0; width: 20px; height: 20px; border-radius: 50%; background-color: rgba(150&comma;150&comma;150&comma;0.3); display: flex; align-items: center; justify-content: center; color: inherit;'>\u2022<\/span> <span style='font-size: 15px; color: inherit;'>M\u00e1xima eficiencia de conversi\u00f3n de hasta un 99.5%.<\/span> <\/div>\n<div style='display: flex; align-items: center; gap: 10px;'> <span style='flex-shrink: 0; width: 20px; height: 20px; border-radius: 50%; background-color: rgba(150&comma;150&comma;150&comma;0.3); display: flex; align-items: center; justify-content: center; color: inherit;'>\u2022<\/span> <span style='font-size: 15px; color: inherit;'>Ahorros de hasta un 98% en el pago de recibo de luz.<\/span> <\/div>\n<div style='display: flex; align-items: center; gap: 10px;'> <span style='flex-shrink: 0; width: 20px; height: 20px; border-radius: 50%; background-color: rgba(150&comma;150&comma;150&comma;0.3); display: flex; align-items: center; justify-content: center; color: inherit;'>\u2022<\/span> <span style='font-size: 15px; color: inherit;'>Aproveche al m\u00e1ximo la potencia del sol con la tecnolog\u00eda MPPT.<\/span> <\/div>\n<div style='display: flex; align-items: center; gap: 10px;'> <span style='flex-shrink: 0; width: 20px; height: 20px; border-radius: 50%; background-color: rgba(150&comma;150&comma;150&comma;0.3); display: flex; align-items: center; justify-content: center; color: inherit;'>\u2022<\/span> <span style='font-size: 15px; color: inherit;'>Amplio rango de Vcc de entrada.<\/span> <\/div>\n<div style='display: flex; align-items: center; gap: 10px;'> <span style='flex-shrink: 0; width: 20px; height: 20px; border-radius: 50%; background-color: rgba(150&comma;150&comma;150&comma;0.3); display: flex; align-items: center; justify-content: center; color: inherit;'>\u2022<\/span> <span style='font-size: 15px; color: inherit;'>F\u00e1cil configuraci\u00f3n para el dise\u00f1ador.<\/span> <\/div>\n<div style='display: flex; align-items: center; gap: 10px;'> <span style='flex-shrink: 0; width: 20px; height: 20px; border-radius: 50%; background-color: rgba(150&comma;150&comma;150&comma;0.3); display: flex; align-items: center; justify-content: center; color: inherit;'>\u2022<\/span> <span style='font-size: 15px; color: inherit;'>No mezclar potencias de paneles en las cadenas.<\/span> <\/div>\n<div style='display: flex; align-items: center; gap: 10px;'> <span style='flex-shrink: 0; width: 20px; height: 20px; border-radius: 50%; background-color: rgba(150&comma;150&comma;150&comma;0.3); display: flex; align-items: center; justify-content: center; color: inherit;'>\u2022<\/span> <span style='font-size: 15px; color: inherit;'>Contra defectos de f\u00e1brica.<\/span> <\/div>\n<div style='display: flex; align-items: center; gap: 10px;'> <span style='flex-shrink: 0; width: 20px; height: 20px; border-radius: 50%; background-color: rgba(150&comma;150&comma;150&comma;0.3); display: flex; align-items: center; justify-content: center; color: inherit;'>\u2022<\/span> <span style='font-size: 15px; color: inherit;'>Utilice los protectores de picos <a style='color: inherit; text-decoration: underline;' href='https:\/\/www.syscom.mx\/producto\/SP-50-240S-P-LEA-INTERNATIONAL-144712.html'>SP50-240SP<\/a>&comma; para alargar la vida de su inversor.<\/span> <\/div>\n<div style='display: flex; align-items: center; gap: 10px;'> <span style='flex-shrink: 0; width: 20px; height: 20px; border-radius: 50%; background-color: rgba(150&comma;150&comma;150&comma;0.3); display: flex; align-items: center; justify-content: center; color: inherit;'>\u2022<\/span> <span style='font-size: 15px; color: inherit;'>Excelente beneficio.<\/span> <\/div>\n<div style='display: flex; align-items: center; gap: 10px;'> <span style='flex-shrink: 0; width: 20px; height: 20px; border-radius: 50%; background-color: rgba(150&comma;150&comma;150&comma;0.3); display: flex; align-items: center; justify-content: center; color: inherit;'>\u2022<\/span> <span style='font-size: 15px; color: inherit;'>Cuenta con la certificaci\u00f3n necesaria para realizar contratos de interconexi\u00f3n con la red de CFE (IEE1547 y UL1741).<\/span> <\/div>\n<\/p><\/div>\n<\/p><\/div>\n<div style='width: 100%;'>\n<p style='font-size: 15px; color: inherit; text-align: center;'><strong>Garant\u00eda de 10 a\u00f1os contra defectos de fabricaci\u00f3n&#8230;!<\/strong><\/p>\n<\/p><\/div>\n<div style='width: 100%;'>\n<h4 style='font-size: 20px; margin-top: 0; color: inherit; opacity: 0.8;'>Monitoreo desde P\u00e1gina Web<\/h4>\n<\/p><\/div>\n<div style='width: 100%;'>\n<div style='width: 100%; margin-bottom: 30px;'> <a style='text-decoration: none;' href='http:\/\/server.growatt.com\/login\/toViewExamlePlant'> <img style='width: 100%; height: auto; border: 1px solid rgba(150&comma;150&comma;150&comma;0.3); border-radius: 8px;' src='https:\/\/ftp3.syscom.mx\/usuarios\/mtopete\/Energia%20Solar\/Growatt\/monitoreo%20Growatt.png' alt=''> <\/a> <\/div>\n<\/p><\/div>\n<div style='width: 100%;'>\n<div style='width: 100%; margin-bottom: 30px;'> <a style='text-decoration: none;' href='http:\/\/server.growatt.com\/indexbC\/getInvPage'> <img style='width: 100%; height: auto; border: 1px solid rgba(150&comma;150&comma;150&comma;0.3); border-radius: 8px;' src='https:\/\/ftp3.syscom.mx\/usuarios\/mtopete\/Energia%20Solar\/Growatt\/monitoreo%20Growatt%20planta.png' alt=''> <\/a> <\/div>\n<\/p><\/div>\n<div style='width: 100%;'>\n<div style='width: 100%; margin-bottom: 30px;'> <a style='text-decoration: none;' href='http:\/\/server.growatt.com\/login\/toViewExamlePlant'> <img style='width: 100%; height: auto; border: 1px solid rgba(150&comma;150&comma;150&comma;0.3); border-radius: 8px;' src='https:\/\/ftp3.syscom.mx\/usuarios\/mtopete\/Energia%20Solar\/Growatt\/plantas%20monitoreo.PNG' alt=''> <\/a> <\/div>\n<\/p><\/div>\n<div style='width: 100%;'>\n<p style='text-align: center; margin-bottom: 30px;'> <a style='text-decoration: none; color: inherit; font-weight: bold;' href='http:\/\/server.growatt.com\/login\/toViewExamlePlant'>De Click en la Imagen Para Acceder a las Plantas Demo<\/a> <\/p>\n<\/p><\/div>\n<div style='width: 100%;'>\n<div style='position: relative; padding-bottom: 56.25%; height: 0; overflow: hidden; margin-bottom: 30px;'>   <\/div>\n<\/p><\/div>\n<div style='width: 100%;'>\n<p style='font-size: 14px; color: inherit;'><strong>Nota:<\/strong> Se recomienda utilizar sistemas de tierra f\u00edsica (<a style='color: inherit; text-decoration: underline;' href='https:\/\/www.syscom.mx\/principal\/searchcont?route=KIT-MASTER-70K-TOTAL-GROUND-76040&#038;autodetect=kitmster70'>KIT-MASTER-70K<\/a>)&comma; colocar supresores de picos (<a style='color: inherit; text-decoration: underline;' href='https:\/\/www.syscom.mx\/principal\/searchcont?route=LA302R-DELTA-167343&#038;autodetect=la302'>LA302R<\/a>) y verificar voltajes de operaci\u00f3n.<\/p>\n<p style='font-size: 14px; color: inherit;'>Consultarlo con el departamento de ingenier\u00eda en energ\u00eda solar.<\/p>\n<\/p><\/div>\n<div style='width: 100%;'>\n<hr style='border: 0; border-top: 1px solid rgba(150&comma; 150&comma; 150&comma; 0.3); margin: 30px 0;'> <\/div>\n<div style='display: flex; flex-wrap: wrap; gap: 30px; justify-content: center; width: 100%; margin-bottom: 30px;'>\n<div style='flex: 1 1 200px; min-width: 150px; text-align: center;'> <img style='width: 80px; height: 80px; margin-bottom: 15px;' src='https:\/\/ftp3.syscom.mx\/usuarios\/ftp\/single_page\/epcom_powerline\/limpia.png' alt=''> <\/p>\n<p style='font-size: 15px; color: inherit;'>Energ\u00eda Limpia<\/p>\n<\/p><\/div>\n<div style='flex: 1 1 200px; min-width: 150px; text-align: center;'> <img style='width: 80px; height: 80px; margin-bottom: 15px;' src='https:\/\/ftp3.syscom.mx\/usuarios\/ftp\/single_page\/epcom_powerline\/ahorro.png' alt=''> <\/p>\n<p style='font-size: 15px; color: inherit;'>Ahorro de Energ\u00eda<\/p>\n<\/p><\/div>\n<div style='flex: 1 1 200px; min-width: 150px; text-align: center;'> <img style='width: 80px; height: 80px; margin-bottom: 15px;' src='https:\/\/ftp3.syscom.mx\/usuarios\/ftp\/single_page\/epcom_powerline\/ciudad.png' alt=''> <\/p>\n<p style='font-size: 15px; color: inherit;'>Cuidado del Medio Ambiente<\/p>\n<\/p><\/div>\n<div style='flex: 1 1 200px; min-width: 150px; text-align: center;'> <img style='width: 80px; height: 80px; margin-bottom: 15px;' src='https:\/\/ftp3.syscom.mx\/usuarios\/ftp\/single_page\/epcom_powerline\/conexion.png' alt=''> <\/p>\n<p style='font-size: 15px; color: inherit;'>Conexi\u00f3n sencilla<\/p>\n<\/p><\/div>\n<\/p><\/div>\n<div style='display: flex; flex-direction: column; gap: 30px; width: 100%;'>\n<div style='width: 100%;'>\n<h4 style='font-size: 20px; margin-top: 0; color: inherit; opacity: 0.8;'>Diagrama de Conexi\u00f3n para Soluci\u00f3n con Inversores de Cadena<\/h4>\n<div style='width: 100%; margin-top: 15px;'> <img style='width: 100%; height: auto; border: 1px solid rgba(150&comma;150&comma;150&comma;0.3); border-radius: 8px;' src='https:\/\/ftp3.syscom.mx\/usuarios\/ftp\/single_page\/epcom_powerline\/DIAG-2.png' alt=''> <\/div>\n<\/p><\/div>\n<div style='width: 100%;'>\n<h4 style='font-size: 20px; margin-top: 0; color: inherit; opacity: 0.8;'>Diagrama de Conexi\u00f3n para Soluci\u00f3n con Microinversores<\/h4>\n<div style='width: 100%; margin-top: 15px;'> <img style='width: 100%; height: auto; border: 1px solid rgba(150&comma;150&comma;150&comma;0.3); border-radius: 8px;' src='https:\/\/ftp3.syscom.mx\/usuarios\/ftp\/single_page\/epcom_powerline\/diagrama-1.png' alt=''> <\/div>\n<\/p><\/div>\n<\/p><\/div>\n<div style='width: 100%;'>\n<hr style='border: 0; border-top: 1px solid rgba(150&comma; 150&comma; 150&comma; 0.3); margin: 30px 0;'> <\/div>\n<div style='width: 100%;'>\n<h4 style='font-size: 20px; margin-top: 0; color: inherit; opacity: 0.8;'>Revise en el consumo bimestral de su recibo de luz y tabule lo siguiente con nuestros KITS&comma; para saber que kit necesita:<\/h4>\n<div style='width: 100%; margin-top: 15px;'> <img style='width: 100%; height: auto; border: 1px solid rgba(150&comma;150&comma;150&comma;0.3); border-radius: 8px;' src='https:\/\/ftp3.syscom.mx\/usuarios\/ftp\/single_page\/epcom_powerline\/recibo.png' alt=''> <\/div>\n<\/p><\/div>\n<div style='width: 100%;'>\n<hr style='border: 0; border-top: 1px solid rgba(150&comma; 150&comma; 150&comma; 0.3); margin: 30px 0;'> <\/div>\n<div style='width: 100%;'>\n<h4 style='font-size: 20px; margin-top: 0; color: inherit; opacity: 0.8;'>Notas<\/h4>\n<div style='display: flex; flex-direction: column; gap: 15px; margin-top: 15px;'>\n<div style='display: flex; align-items: center; gap: 10px;'> <span style='flex-shrink: 0; width: 20px; height: 20px; border-radius: 50%; background-color: rgba(150&comma;150&comma;150&comma;0.3); display: flex; align-items: center; justify-content: center; color: inherit;'>\u2022<\/span> <span style='font-size: 15px; color: inherit;'>Los equipos de interconexi\u00f3n a la red el\u00e9ctrica no pueden operar con generadores di\u00e9sel o a gasolina.<\/span> <\/div>\n<div style='display: flex; align-items: center; gap: 10px;'> <span style='flex-shrink: 0; width: 20px; height: 20px; border-radius: 50%; background-color: rgba(150&comma;150&comma;150&comma;0.3); display: flex; align-items: center; justify-content: center; color: inherit;'>\u2022<\/span> <span style='font-size: 15px; color: inherit;'>Los inversores requieren sincronizarse para entregar voltaje&comma; de lo contrario el equipo no entregara voltaje&comma; si se miden las terminales con los paneles conectados el voltaje medido debe ser 0V.<\/span> <\/div>\n<div style='display: flex; align-items: center; gap: 10px;'> <span style='flex-shrink: 0; width: 20px; height: 20px; border-radius: 50%; background-color: rgba(150&comma;150&comma;150&comma;0.3); display: flex; align-items: center; justify-content: center; color: inherit;'>\u2022<\/span> <span style='font-size: 15px; color: inherit;'>El diagnostico de este modelo se debe realizar en sitio instalado y con el monitoreo habilitado para realizar los ajustes necesarios o validar garant\u00edas.<\/span> <\/div>\n<\/p><\/div>\n<\/p><\/div>\n<\/p><\/div>\n<\/p><\/div>\n","protected":false},"excerpt":{"rendered":"<p>Inversor para Interconexi\u00f3n a CFE de 36 kW con Salida de 220 Vca Trifasico, M\u00f3dulo Wifi Incluido<\/p>\n","protected":false},"featured_media":50479,"comment_status":"open","ping_status":"closed","template":"","meta":[],"product_brand":[],"product_cat":[1092],"product_tag":[964,1157,1093],"class_list":{"0":"post-50480","1":"product","2":"type-product","3":"status-publish","4":"has-post-thumbnail","6":"product_cat-inversores-interconexion-on-grid","7":"product_tag-energia-solar","8":"product_tag-growatt","9":"product_tag-inversores-interconexion-on-grid","11":"first","12":"outofstock","13":"sale","14":"shipping-taxable","15":"purchasable","16":"product-type-simple"},"_links":{"self":[{"href":"https:\/\/soydeaqui.ddns.net\/pachuca\/index.php\/wp-json\/wp\/v2\/product\/50480","targetHints":{"allow":["GET"]}}],"collection":[{"href":"https:\/\/soydeaqui.ddns.net\/pachuca\/index.php\/wp-json\/wp\/v2\/product"}],"about":[{"href":"https:\/\/soydeaqui.ddns.net\/pachuca\/index.php\/wp-json\/wp\/v2\/types\/product"}],"replies":[{"embeddable":true,"href":"https:\/\/soydeaqui.ddns.net\/pachuca\/index.php\/wp-json\/wp\/v2\/comments?post=50480"}],"wp:featuredmedia":[{"embeddable":true,"href":"https:\/\/soydeaqui.ddns.net\/pachuca\/index.php\/wp-json\/wp\/v2\/media\/50479"}],"wp:attachment":[{"href":"https:\/\/soydeaqui.ddns.net\/pachuca\/index.php\/wp-json\/wp\/v2\/media?parent=50480"}],"wp:term":[{"taxonomy":"product_brand","embeddable":true,"href":"https:\/\/soydeaqui.ddns.net\/pachuca\/index.php\/wp-json\/wp\/v2\/product_brand?post=50480"},{"taxonomy":"product_cat","embeddable":true,"href":"https:\/\/soydeaqui.ddns.net\/pachuca\/index.php\/wp-json\/wp\/v2\/product_cat?post=50480"},{"taxonomy":"product_tag","embeddable":true,"href":"https:\/\/soydeaqui.ddns.net\/pachuca\/index.php\/wp-json\/wp\/v2\/product_tag?post=50480"}],"curies":[{"name":"wp","href":"https:\/\/api.w.org\/{rel}","templated":true}]}}